{"version":"1.0","provider_name":"\u00c5ke Bonnier","provider_url":"https:\/\/blogg.svenskakyrkan.se\/akebonnier","author_name":"\u00c5ke Bonnier","author_url":"https:\/\/blogg.svenskakyrkan.se\/akebonnier\/author\/akebonnier\/","title":"P\u00e5skdagspredikan fr\u00e5n TV-gudstj\u00e4nsten - \u00c5ke Bonnier","type":"rich","width":600,"height":338,"html":"<blockquote class=\"wp-embedded-content\" data-secret=\"a8Hc3cWG72\"><a href=\"https:\/\/blogg.svenskakyrkan.se\/akebonnier\/2011\/04\/24\/paskdagspredikan-fran-tv-gudstjansten\/\">P\u00e5skdagspredikan fr\u00e5n TV-gudstj\u00e4nsten<\/a><\/blockquote><iframe sandbox=\"allow-scripts\" security=\"restricted\" src=\"https:\/\/blogg.svenskakyrkan.se\/akebonnier\/2011\/04\/24\/paskdagspredikan-fran-tv-gudstjansten\/embed\/#?secret=a8Hc3cWG72\" width=\"600\" height=\"338\" title=\"\u201dP\u00e5skdagspredikan fr\u00e5n TV-gudstj\u00e4nsten\u201d &ndash; \u00c5ke Bonnier\" data-secret=\"a8Hc3cWG72\" frameborder=\"0\" marginwidth=\"0\" marginheight=\"0\" scrolling=\"no\" class=\"wp-embedded-content\"><\/iframe><script type=\"text\/javascript\">\n\/* <![CDATA[ *\/\n\/*! This file is auto-generated *\/\n!function(d,l){\"use strict\";l.querySelector&&d.addEventListener&&\"undefined\"!=typeof URL&&(d.wp=d.wp||{},d.wp.receiveEmbedMessage||(d.wp.receiveEmbedMessage=function(e){var t=e.data;if((t||t.secret||t.message||t.value)&&!\/[^a-zA-Z0-9]\/.test(t.secret)){for(var s,r,n,a=l.querySelectorAll('iframe[data-secret=\"'+t.secret+'\"]'),o=l.querySelectorAll('blockquote[data-secret=\"'+t.secret+'\"]'),c=new RegExp(\"^https?:$\",\"i\"),i=0;i<o.length;i++)o[i].style.display=\"none\";for(i=0;i<a.length;i++)s=a[i],e.source===s.contentWindow&&(s.removeAttribute(\"style\"),\"height\"===t.message?(1e3<(r=parseInt(t.value,10))?r=1e3:~~r<200&&(r=200),s.height=r):\"link\"===t.message&&(r=new URL(s.getAttribute(\"src\")),n=new URL(t.value),c.test(n.protocol))&&n.host===r.host&&l.activeElement===s&&(d.top.location.href=t.value))}},d.addEventListener(\"message\",d.wp.receiveEmbedMessage,!1),l.addEventListener(\"DOMContentLoaded\",function(){for(var e,t,s=l.querySelectorAll(\"iframe.wp-embedded-content\"),r=0;r<s.length;r++)(t=(e=s[r]).getAttribute(\"data-secret\"))||(t=Math.random().toString(36).substring(2,12),e.src+=\"#?secret=\"+t,e.setAttribute(\"data-secret\",t)),e.contentWindow.postMessage({message:\"ready\",secret:t},\"*\")},!1)))}(window,document);\n\/\/# sourceURL=https:\/\/blogg.svenskakyrkan.se\/akebonnier\/wp-includes\/js\/wp-embed.min.js\n\/* ]]> *\/\n<\/script>\n","description":"F\u00f6ljande predikan h\u00f6ll jag i Storkyrkan i dag i h\u00f6gm\u00e4ssan kl 10.00:Varf\u00f6r gr\u00e5ter du kvinna? Vem letar du efter? (Joh 20:15). Orden riktades till Maria fr\u00e5n Magdala n\u00e4r hon stod vid Jesu grav, platsen som var central f\u00f6r hennes obeskrivliga sorg och saknad. Orden riktar sig ocks\u00e5 till Dig och mig idag. Varf\u00f6r gr\u00e5ter Du? [&hellip;]","thumbnail_url":"https:\/\/blogger.googleusercontent.com\/tracker\/9055441369901436026-7376400765273450489?l=akebonnier.blogspot.com"}

Åke Bonnier

Påskdagspredikan från TV-gudstjänsten - Åke Bonnier

<blockquote class="wp-embedded-content" data-secret="a8Hc3cWG72"><a href="https://blogg.svenskakyrkan.se/akebonnier/2011/04/24/paskdagspredikan-fran-tv-gudstjansten/">Påskdagspredikan från TV-gudstjänsten</a></blockquote><iframe sandbox="allow-scripts" security="restricted" src="https://blogg.svenskakyrkan.se/akebonnier/2011/04/24/paskdagspredikan-fran-tv-gudstjansten/embed/#?secret=a8Hc3cWG72" width="600" height="338" title="”Påskdagspredikan från TV-gudstjänsten” &ndash; Åke Bonnier" data-secret="a8Hc3cWG72" frameborder="0" marginwidth="0" marginheight="0" scrolling="no" class="wp-embedded-content"></iframe><script type="text/javascript">
/* <![CDATA[ */
/*! This file is auto-generated */
!function(d,l){"use strict";l.querySelector&&d.addEventListener&&"undefined"!=typeof URL&&(d.wp=d.wp||{},d.wp.receiveEmbedMessage||(d.wp.receiveEmbedMessage=function(e){var t=e.data;if((t||t.secret||t.message||t.value)&&!/[^a-zA-Z0-9]/.test(t.secret)){for(var s,r,n,a=l.querySelectorAll('iframe[data-secret="'+t.secret+'"]'),o=l.querySelectorAll('blockquote[data-secret="'+t.secret+'"]'),c=new RegExp("^https?:$","i"),i=0;i<o.length;i++)o[i].style.display="none";for(i=0;i<a.length;i++)s=a[i],e.source===s.contentWindow&&(s.removeAttribute("style"),"height"===t.message?(1e3<(r=parseInt(t.value,10))?r=1e3:~~r<200&&(r=200),s.height=r):"link"===t.message&&(r=new URL(s.getAttribute("src")),n=new URL(t.value),c.test(n.protocol))&&n.host===r.host&&l.activeElement===s&&(d.top.location.href=t.value))}},d.addEventListener("message",d.wp.receiveEmbedMessage,!1),l.addEventListener("DOMContentLoaded",function(){for(var e,t,s=l.querySelectorAll("iframe.wp-embedded-content"),r=0;r<s.length;r++)(t=(e=s[r]).getAttribute("data-secret"))||(t=Math.random().toString(36).substring(2,12),e.src+="#?secret="+t,e.setAttribute("data-secret",t)),e.contentWindow.postMessage({message:"ready",secret:t},"*")},!1)))}(window,document);
//# sourceURL=https://blogg.svenskakyrkan.se/akebonnier/wp-includes/js/wp-embed.min.js
/* ]]> */
</script>

Följande predikan höll jag i Storkyrkan i dag i högmässan kl 10.00:Varför gråter du kvinna? Vem letar du efter? (Joh 20:15). Orden riktades till Maria från Magdala när hon stod vid Jesu grav, platsen som var central för hennes obeskrivliga sorg och saknad. Orden riktar sig också till Dig och mig idag. Varför gråter Du? [&hellip;]
