{"id":817,"date":"2017-10-11T10:46:42","date_gmt":"2017-10-11T08:46:42","guid":{"rendered":"http:\/\/blogg.svenskakyrkan.se\/crd\/?page_id=817"},"modified":"2017-10-11T10:47:50","modified_gmt":"2017-10-11T08:47:50","slug":"is-religion-the-problem-or-the-solution-especially-in-the-middle-east-david-rosen-2010","status":"publish","type":"page","link":"https:\/\/blogg.svenskakyrkan.se\/crd\/ksml\/is-religion-the-problem-or-the-solution-especially-in-the-middle-east-david-rosen-2010\/","title":{"rendered":"Is Religion the Problem or the Solution: Especially in the Middle East? &#8211; David Rosen 2010"},"content":{"rendered":"<p><a href=\"http:\/\/blogg.svenskakyrkan.se\/crd\/files\/2017\/10\/David-Rosen-2.jpg\"><img loading=\"lazy\" decoding=\"async\" width=\"225\" height=\"300\" src=\"http:\/\/blogg.svenskakyrkan.se\/crd\/files\/2017\/10\/David-Rosen-2-225x300.jpg\" alt=\"\" class=\"alignleft size-medium wp-image-818\" srcset=\"https:\/\/blogg.svenskakyrkan.se\/crd\/files\/2017\/10\/David-Rosen-2-225x300.jpg 225w, https:\/\/blogg.svenskakyrkan.se\/crd\/files\/2017\/10\/David-Rosen-2-768x1024.jpg 768w, https:\/\/blogg.svenskakyrkan.se\/crd\/files\/2017\/10\/David-Rosen-2-1200x1600.jpg 1200w, https:\/\/blogg.svenskakyrkan.se\/crd\/files\/2017\/10\/David-Rosen-2.jpg 1536w\" sizes=\"auto, (max-width: 225px) 100vw, 225px\" \/><\/a><em>&#8221;Det \u00e4r en stor gl\u00e4dje f\u00f6r mig att f\u00e5 h\u00e5lla en f\u00f6rel\u00e4sning till Krister Stendahls minne \u2013 han \u00e4r nog den teolog som jag oftast citerar!&#8221;<\/em> S\u00e5 inledde <strong>rabbin David Rosen <\/strong>sin f\u00f6rel\u00e4sning i en fullsatt Storkyrkosal den 8 november.<\/p>\n<p>Rubriken f\u00f6r hans f\u00f6rel\u00e4sning var \u201d<strong>Is Religion the Problem or the Solution \u2013 Especially in the Middle East?<\/strong>\u201d Och hans svar p\u00e5 den fr\u00e5gan var \u201c<em>Ja! Religion \u00e4r b\u00e5de en del av problemet och en del av l\u00f6sningen. Och det \u00e4r v\u00e5r sak att se till att den i allt h\u00f6gre grad blir en del av l\u00f6sningen<\/em>.\u201d<\/p>\n<p>Ytterst f\u00e5 konflikter i v\u00e4rlden har sin grund i religionen, men religion \u00e4r ofta inblandad i konflikter. Varf\u00f6r \u00e4r det s\u00e5? Att s\u00e4ga att det inte \u00e4r \u201dsann\u201d kristendom, judendom eller islam som anv\u00e4nds som argument i konflikter \u00e4r att smita fr\u00e5n sitt ansvar, menade David Rosen. Rabbinsk tradition s\u00e4ger att religionen b\u00e5de \u00e4r ett livselixir och ett d\u00f6dselixir. Vi m\u00e5ste ta ansvar f\u00f6r hur vi anv\u00e4nder religionen \u2013 det \u00e4r n\u00e4r den blir f\u00f6renad med v\u00e4rldslig makt som den blir d\u00f6dlig.<br \/>\nOrsaken till att religionen s\u00e5 l\u00e4tt kan utnyttjas f\u00f6r att s\u00e5 hat och splittrring \u00e4r att den \u00e4r knuten till v\u00e5r identitet, menade David Rosen. Vi demoniserar den religi\u00f6st \u201dAndre\u201d och d\u00e4rmed g\u00f6r vi religionen till en del av problemet. (D\u00e4rmed dock inte sagt att sekularismen inte har v\u00e5ld och f\u00f6rtryck p\u00e5 sitt samvete \u2013 det r\u00e4cker med att n\u00e4mna Hitler, Stalin och Pol Pot.) Det g\u00e4ller att finna ett s\u00e4tt att f\u00f6rst\u00e5 identitet p\u00e5 ett konstruktivt s\u00e4tt, d\u00e4r den inte isolerar oss fr\u00e5n de \u201dAndra\u201d utan f\u00e5r oss att r\u00e4cka ut en hand till dem<\/p>\n<p>David Rosen noterade med oro att konflikter i dagens v\u00e4rld blir alltmer \u201dreligioniserade\u201d. F\u00f6r 15-20 \u00e5r sedan spelade religion ingen stor roll i konflikten i Israel\/Palestina. Men idag framst\u00e4lls den alltmer som en konflikt framf\u00f6r allt mellan judar och muslimer, som en konflikt om heliga platser snarare \u00e4n en konflikt om land.<\/p>\n<p>Ett problem, menade David Rosen, \u00e4r att de religi\u00f6sa ledarna inte har dragits in i fredsprocessen. Det fanns inga religi\u00f6sa f\u00f6retr\u00e4dare med n\u00e4r Yasir Arafat och Yitzhak Rabin skakade hand p\u00e5 vita husets gr\u00e4smatta, den amerikanske f\u00f6rhandlaren George Mitchell har inte tr\u00e4ffat n\u00e5gra religi\u00f6sa ledare vid sina resor i Israel\/Palestina idag. Genom att ignorera dem riskerar man att g\u00f6ra dem till en del av problemet, medan man genom att engagera dem skulle kunna g\u00f6ra dem till en del av l\u00f6sningen.<br \/>\nSamtidigt engagerar sig de religi\u00f6sa ledarna alltmer i dialog, och f\u00f6r att ge sitt bidrag till konfliktens l\u00f6sning, n\u00e5got som David Rosen sj\u00e4lv har en stor del i.<br \/>\nDetta var den andra Krister Stendahl Memorial lecture, och den arrangerades, liksom f\u00f6rra \u00e5ret, i samarbete med <a href=\"http:\/\/www.paideia-eu.org\" rel=\"noopener\" target=\"_blank\">Paideia<\/a>, the european Institute of Jewish Studies in Sweden.<\/p>\n<p><strong><br \/>\nHelene Egnell<\/strong><\/p>\n<p>Sidan skapad av Malin Norrby<\/p>\n","protected":false},"excerpt":{"rendered":"<p>&#8221;Det \u00e4r en stor gl\u00e4dje f\u00f6r mig att f\u00e5 h\u00e5lla en f\u00f6rel\u00e4sning till Krister Stendahls minne \u2013 han \u00e4r nog den teolog som jag oftast citerar!&#8221; S\u00e5 inledde rabbin David Rosen sin f\u00f6rel\u00e4sning i en fullsatt Storkyrkosal den 8 november. Rubriken f\u00f6r hans f\u00f6rel\u00e4sning var \u201dIs Religion the Problem or the Solution \u2013 Especially in [&hellip;]<\/p>\n","protected":false},"author":601,"featured_media":0,"parent":21,"menu_order":0,"comment_status":"closed","ping_status":"closed","template":"","meta":{"_acf_changed":false,"footnotes":""},"class_list":["post-817","page","type-page","status-publish","hentry"],"acf":[],"yoast_head":"<!-- This site is optimized with the Yoast SEO plugin v27.1.1 - https:\/\/yoast.com\/product\/yoast-seo-wordpress\/ -->\n<title>Is Religion the Problem or the Solution: Especially in the Middle East? - David Rosen 2010 - Centrum f\u00f6r religionsdialog i Stockholms stift<\/title>\n<meta name=\"robots\" content=\"index, follow, max-snippet:-1, max-image-preview:large, max-video-preview:-1\" \/>\n<link rel=\"canonical\" href=\"https:\/\/blogg.svenskakyrkan.se\/crd\/ksml\/is-religion-the-problem-or-the-solution-especially-in-the-middle-east-david-rosen-2010\/\" \/>\n<meta property=\"og:locale\" content=\"sv_SE\" \/>\n<meta property=\"og:type\" content=\"article\" \/>\n<meta property=\"og:title\" content=\"Is Religion the Problem or the Solution: Especially in the Middle East? - David Rosen 2010 - Centrum f\u00f6r religionsdialog i Stockholms stift\" \/>\n<meta property=\"og:description\" content=\"&#8221;Det \u00e4r en stor gl\u00e4dje f\u00f6r mig att f\u00e5 h\u00e5lla en f\u00f6rel\u00e4sning till Krister Stendahls minne \u2013 han \u00e4r nog den teolog som jag oftast citerar!&#8221; S\u00e5 inledde rabbin David Rosen sin f\u00f6rel\u00e4sning i en fullsatt Storkyrkosal den 8 november. Rubriken f\u00f6r hans f\u00f6rel\u00e4sning var \u201dIs Religion the Problem or the Solution \u2013 Especially in [&hellip;]\" \/>\n<meta property=\"og:url\" content=\"https:\/\/blogg.svenskakyrkan.se\/crd\/ksml\/is-religion-the-problem-or-the-solution-especially-in-the-middle-east-david-rosen-2010\/\" \/>\n<meta property=\"og:site_name\" content=\"Centrum f\u00f6r religionsdialog i Stockholms stift\" \/>\n<meta property=\"article:modified_time\" content=\"2017-10-11T08:47:50+00:00\" \/>\n<meta property=\"og:image\" content=\"http:\/\/blogg.svenskakyrkan.se\/crd\/files\/2017\/10\/David-Rosen-2-225x300.jpg\" \/>\n<meta name=\"twitter:card\" content=\"summary_large_image\" \/>\n<meta name=\"twitter:label1\" content=\"Ber\u00e4knad l\u00e4stid\" \/>\n\t<meta name=\"twitter:data1\" content=\"3 minuter\" \/>\n<script type=\"application\/ld+json\" class=\"yoast-schema-graph\">{\"@context\":\"https:\/\/schema.org\",\"@graph\":[{\"@type\":\"WebPage\",\"@id\":\"https:\/\/blogg.svenskakyrkan.se\/crd\/ksml\/is-religion-the-problem-or-the-solution-especially-in-the-middle-east-david-rosen-2010\/\",\"url\":\"https:\/\/blogg.svenskakyrkan.se\/crd\/ksml\/is-religion-the-problem-or-the-solution-especially-in-the-middle-east-david-rosen-2010\/\",\"name\":\"Is Religion the Problem or the Solution: Especially in the Middle East? - David Rosen 2010 - Centrum f\u00f6r religionsdialog i Stockholms stift\",\"isPartOf\":{\"@id\":\"https:\/\/blogg.svenskakyrkan.se\/crd\/#website\"},\"primaryImageOfPage\":{\"@id\":\"https:\/\/blogg.svenskakyrkan.se\/crd\/ksml\/is-religion-the-problem-or-the-solution-especially-in-the-middle-east-david-rosen-2010\/#primaryimage\"},\"image\":{\"@id\":\"https:\/\/blogg.svenskakyrkan.se\/crd\/ksml\/is-religion-the-problem-or-the-solution-especially-in-the-middle-east-david-rosen-2010\/#primaryimage\"},\"thumbnailUrl\":\"http:\/\/blogg.svenskakyrkan.se\/crd\/files\/2017\/10\/David-Rosen-2-225x300.jpg\",\"datePublished\":\"2017-10-11T08:46:42+00:00\",\"dateModified\":\"2017-10-11T08:47:50+00:00\",\"breadcrumb\":{\"@id\":\"https:\/\/blogg.svenskakyrkan.se\/crd\/ksml\/is-religion-the-problem-or-the-solution-especially-in-the-middle-east-david-rosen-2010\/#breadcrumb\"},\"inLanguage\":\"sv-SE\",\"potentialAction\":[{\"@type\":\"ReadAction\",\"target\":[\"https:\/\/blogg.svenskakyrkan.se\/crd\/ksml\/is-religion-the-problem-or-the-solution-especially-in-the-middle-east-david-rosen-2010\/\"]}]},{\"@type\":\"ImageObject\",\"inLanguage\":\"sv-SE\",\"@id\":\"https:\/\/blogg.svenskakyrkan.se\/crd\/ksml\/is-religion-the-problem-or-the-solution-especially-in-the-middle-east-david-rosen-2010\/#primaryimage\",\"url\":\"https:\/\/blogg.svenskakyrkan.se\/crd\/files\/2017\/10\/David-Rosen-2.jpg\",\"contentUrl\":\"https:\/\/blogg.svenskakyrkan.se\/crd\/files\/2017\/10\/David-Rosen-2.jpg\",\"width\":1536,\"height\":2048},{\"@type\":\"BreadcrumbList\",\"@id\":\"https:\/\/blogg.svenskakyrkan.se\/crd\/ksml\/is-religion-the-problem-or-the-solution-especially-in-the-middle-east-david-rosen-2010\/#breadcrumb\",\"itemListElement\":[{\"@type\":\"ListItem\",\"position\":1,\"name\":\"Hem\",\"item\":\"https:\/\/blogg.svenskakyrkan.se\/crd\/\"},{\"@type\":\"ListItem\",\"position\":2,\"name\":\"Krister Stendahl Memorial Lecture\",\"item\":\"https:\/\/blogg.svenskakyrkan.se\/crd\/ksml\/\"},{\"@type\":\"ListItem\",\"position\":3,\"name\":\"Is Religion the Problem or the Solution: Especially in the Middle East? &#8211; David Rosen 2010\"}]},{\"@type\":\"WebSite\",\"@id\":\"https:\/\/blogg.svenskakyrkan.se\/crd\/#website\",\"url\":\"https:\/\/blogg.svenskakyrkan.se\/crd\/\",\"name\":\"Centrum f\u00f6r religionsdialog i Stockholms stift\",\"description\":\"\",\"potentialAction\":[{\"@type\":\"SearchAction\",\"target\":{\"@type\":\"EntryPoint\",\"urlTemplate\":\"https:\/\/blogg.svenskakyrkan.se\/crd\/?s={search_term_string}\"},\"query-input\":{\"@type\":\"PropertyValueSpecification\",\"valueRequired\":true,\"valueName\":\"search_term_string\"}}],\"inLanguage\":\"sv-SE\"}]}<\/script>\n<!-- \/ Yoast SEO plugin. -->","yoast_head_json":{"title":"Is Religion the Problem or the Solution: Especially in the Middle East? - David Rosen 2010 - Centrum f\u00f6r religionsdialog i Stockholms stift","robots":{"index":"index","follow":"follow","max-snippet":"max-snippet:-1","max-image-preview":"max-image-preview:large","max-video-preview":"max-video-preview:-1"},"canonical":"https:\/\/blogg.svenskakyrkan.se\/crd\/ksml\/is-religion-the-problem-or-the-solution-especially-in-the-middle-east-david-rosen-2010\/","og_locale":"sv_SE","og_type":"article","og_title":"Is Religion the Problem or the Solution: Especially in the Middle East? - David Rosen 2010 - Centrum f\u00f6r religionsdialog i Stockholms stift","og_description":"&#8221;Det \u00e4r en stor gl\u00e4dje f\u00f6r mig att f\u00e5 h\u00e5lla en f\u00f6rel\u00e4sning till Krister Stendahls minne \u2013 han \u00e4r nog den teolog som jag oftast citerar!&#8221; S\u00e5 inledde rabbin David Rosen sin f\u00f6rel\u00e4sning i en fullsatt Storkyrkosal den 8 november. Rubriken f\u00f6r hans f\u00f6rel\u00e4sning var \u201dIs Religion the Problem or the Solution \u2013 Especially in [&hellip;]","og_url":"https:\/\/blogg.svenskakyrkan.se\/crd\/ksml\/is-religion-the-problem-or-the-solution-especially-in-the-middle-east-david-rosen-2010\/","og_site_name":"Centrum f\u00f6r religionsdialog i Stockholms stift","article_modified_time":"2017-10-11T08:47:50+00:00","og_image":[{"url":"http:\/\/blogg.svenskakyrkan.se\/crd\/files\/2017\/10\/David-Rosen-2-225x300.jpg","type":"","width":"","height":""}],"twitter_card":"summary_large_image","twitter_misc":{"Ber\u00e4knad l\u00e4stid":"3 minuter"},"schema":{"@context":"https:\/\/schema.org","@graph":[{"@type":"WebPage","@id":"https:\/\/blogg.svenskakyrkan.se\/crd\/ksml\/is-religion-the-problem-or-the-solution-especially-in-the-middle-east-david-rosen-2010\/","url":"https:\/\/blogg.svenskakyrkan.se\/crd\/ksml\/is-religion-the-problem-or-the-solution-especially-in-the-middle-east-david-rosen-2010\/","name":"Is Religion the Problem or the Solution: Especially in the Middle East? - David Rosen 2010 - Centrum f\u00f6r religionsdialog i Stockholms stift","isPartOf":{"@id":"https:\/\/blogg.svenskakyrkan.se\/crd\/#website"},"primaryImageOfPage":{"@id":"https:\/\/blogg.svenskakyrkan.se\/crd\/ksml\/is-religion-the-problem-or-the-solution-especially-in-the-middle-east-david-rosen-2010\/#primaryimage"},"image":{"@id":"https:\/\/blogg.svenskakyrkan.se\/crd\/ksml\/is-religion-the-problem-or-the-solution-especially-in-the-middle-east-david-rosen-2010\/#primaryimage"},"thumbnailUrl":"http:\/\/blogg.svenskakyrkan.se\/crd\/files\/2017\/10\/David-Rosen-2-225x300.jpg","datePublished":"2017-10-11T08:46:42+00:00","dateModified":"2017-10-11T08:47:50+00:00","breadcrumb":{"@id":"https:\/\/blogg.svenskakyrkan.se\/crd\/ksml\/is-religion-the-problem-or-the-solution-especially-in-the-middle-east-david-rosen-2010\/#breadcrumb"},"inLanguage":"sv-SE","potentialAction":[{"@type":"ReadAction","target":["https:\/\/blogg.svenskakyrkan.se\/crd\/ksml\/is-religion-the-problem-or-the-solution-especially-in-the-middle-east-david-rosen-2010\/"]}]},{"@type":"ImageObject","inLanguage":"sv-SE","@id":"https:\/\/blogg.svenskakyrkan.se\/crd\/ksml\/is-religion-the-problem-or-the-solution-especially-in-the-middle-east-david-rosen-2010\/#primaryimage","url":"https:\/\/blogg.svenskakyrkan.se\/crd\/files\/2017\/10\/David-Rosen-2.jpg","contentUrl":"https:\/\/blogg.svenskakyrkan.se\/crd\/files\/2017\/10\/David-Rosen-2.jpg","width":1536,"height":2048},{"@type":"BreadcrumbList","@id":"https:\/\/blogg.svenskakyrkan.se\/crd\/ksml\/is-religion-the-problem-or-the-solution-especially-in-the-middle-east-david-rosen-2010\/#breadcrumb","itemListElement":[{"@type":"ListItem","position":1,"name":"Hem","item":"https:\/\/blogg.svenskakyrkan.se\/crd\/"},{"@type":"ListItem","position":2,"name":"Krister Stendahl Memorial Lecture","item":"https:\/\/blogg.svenskakyrkan.se\/crd\/ksml\/"},{"@type":"ListItem","position":3,"name":"Is Religion the Problem or the Solution: Especially in the Middle East? &#8211; David Rosen 2010"}]},{"@type":"WebSite","@id":"https:\/\/blogg.svenskakyrkan.se\/crd\/#website","url":"https:\/\/blogg.svenskakyrkan.se\/crd\/","name":"Centrum f\u00f6r religionsdialog i Stockholms stift","description":"","potentialAction":[{"@type":"SearchAction","target":{"@type":"EntryPoint","urlTemplate":"https:\/\/blogg.svenskakyrkan.se\/crd\/?s={search_term_string}"},"query-input":{"@type":"PropertyValueSpecification","valueRequired":true,"valueName":"search_term_string"}}],"inLanguage":"sv-SE"}]}},"_links":{"self":[{"href":"https:\/\/blogg.svenskakyrkan.se\/crd\/wp-json\/wp\/v2\/pages\/817","targetHints":{"allow":["GET"]}}],"collection":[{"href":"https:\/\/blogg.svenskakyrkan.se\/crd\/wp-json\/wp\/v2\/pages"}],"about":[{"href":"https:\/\/blogg.svenskakyrkan.se\/crd\/wp-json\/wp\/v2\/types\/page"}],"author":[{"embeddable":true,"href":"https:\/\/blogg.svenskakyrkan.se\/crd\/wp-json\/wp\/v2\/users\/601"}],"replies":[{"embeddable":true,"href":"https:\/\/blogg.svenskakyrkan.se\/crd\/wp-json\/wp\/v2\/comments?post=817"}],"version-history":[{"count":4,"href":"https:\/\/blogg.svenskakyrkan.se\/crd\/wp-json\/wp\/v2\/pages\/817\/revisions"}],"predecessor-version":[{"id":822,"href":"https:\/\/blogg.svenskakyrkan.se\/crd\/wp-json\/wp\/v2\/pages\/817\/revisions\/822"}],"up":[{"embeddable":true,"href":"https:\/\/blogg.svenskakyrkan.se\/crd\/wp-json\/wp\/v2\/pages\/21"}],"wp:attachment":[{"href":"https:\/\/blogg.svenskakyrkan.se\/crd\/wp-json\/wp\/v2\/media?parent=817"}],"curies":[{"name":"wp","href":"https:\/\/api.w.org\/{rel}","templated":true}]}}