{"id":833,"date":"2017-10-16T10:03:37","date_gmt":"2017-10-16T08:03:37","guid":{"rendered":"http:\/\/blogg.svenskakyrkan.se\/crd\/?page_id=833"},"modified":"2017-10-16T10:03:37","modified_gmt":"2017-10-16T08:03:37","slug":"jesus-var-inte-fran-schleswig-holstein-susanna-heschel-2011","status":"publish","type":"page","link":"https:\/\/blogg.svenskakyrkan.se\/crd\/ksml\/jesus-var-inte-fran-schleswig-holstein-susanna-heschel-2011\/","title":{"rendered":"Jesus var inte fr\u00e5n Schleswig-Holstein &#8211; Susanna Heschel 2011"},"content":{"rendered":"<p><a href=\"http:\/\/blogg.svenskakyrkan.se\/crd\/files\/2017\/10\/Susannah-H1.jpg\"><img loading=\"lazy\" decoding=\"async\" width=\"225\" height=\"300\" src=\"http:\/\/blogg.svenskakyrkan.se\/crd\/files\/2017\/10\/Susannah-H1-225x300.jpg\" alt=\"\" class=\"alignleft size-medium wp-image-835\" srcset=\"https:\/\/blogg.svenskakyrkan.se\/crd\/files\/2017\/10\/Susannah-H1-225x300.jpg 225w, https:\/\/blogg.svenskakyrkan.se\/crd\/files\/2017\/10\/Susannah-H1-768x1024.jpg 768w, https:\/\/blogg.svenskakyrkan.se\/crd\/files\/2017\/10\/Susannah-H1-1200x1600.jpg 1200w\" sizes=\"auto, (max-width: 225px) 100vw, 225px\" \/><\/a>Professor <strong>Susannah Heschels <\/strong>f\u00f6rel\u00e4sning till <strong>Krister Stendahls <\/strong>minne tog sin utg\u00e5ngspunkt i hur Jesus-gestalten framst\u00e4llts i tysk judisk och kristen teologi de senaste \u00e5rhundradena, och landade i en uppmaning att utveckla f\u00f6rst\u00e5else och samarbete mellan judendom, kristendom och islam.<\/p>\n<p>2011 \u00e5rs Krister Stendahl Memorial Lecture, den tredje i ordningen, h\u00f6lls inf\u00f6r ett hundratal \u00e5h\u00f6rare, bland dem Krister Stendahls \u00e4nka, <strong>Brita Stendahl <\/strong>och sonen John, i Bringsalen p\u00e5 Ersta konferens den 7 november. Susannah Heschel \u00e4r professor i Jewish studies vid Dartmouth college, och under detta \u00e5r g\u00e4stforskare vid Wissenschaftskolleg zu Berlin. <\/p>\n<p>Susannah Heschel beskrev hur judiska teologer, framf\u00f6r allt i Tyskland, under 1800-talet intresserat sig f\u00f6r Jesus-gestalten, och lyft fram han judiskhet, hur det han sade l\u00e5g helt i linje med den rabbinska traditionen. De kristna teologerna d\u00e4remot, gjorde allt f\u00f6r att framst\u00e4lla Jesus som s\u00e5 \u201darisk\u201d som m\u00f6jligt \u2013 bl a h\u00e4vdade man att det faktum att Jesus kom fr\u00e5n Galileen betydde att han egentligen var arier. En del gick dock \u00e4nnu l\u00e4ngre, och h\u00e4vdade att Jesus i sj\u00e4lva verket var f\u00f6dd i Schleswig-Holstein!<br \/>\nDetta framst\u00e5r som skrattretande \u2013 men det var dessa teologiska str\u00f6mningar som gjorde att delar av den tyska kristenheten inte kunde motst\u00e5 nazismen utan ist\u00e4llet st\u00f6ttade Hitler. Inte heller svensk teologi stod utanf\u00f6r detta \u2013 Susannah Heschel n\u00e4mnde professorn i bibelvetenskap<strong> Hugo Odeberg<\/strong>, som stod de tyska teologerna n\u00e4ra och utvecklade en antijudisk teologi under 30- och 40-talet.<\/p>\n<p>Den judiske 1800-talsteologen Abraham Geiger, som lyfte fram kontinuiteten mellan Jesus budskap och den rabbinska judendomen, skrev ocks\u00e5 i positiv anda om Islam. Han fann att Koranen \u00e5terber\u00e4ttade de bibliska historierna p\u00e5 samma s\u00e4tt som Mishna och midrash (tolkande \u00e5terber\u00e4ttande av bibeltexter) i judisk tradition, och hade en positiv syn p\u00e5 profeten Muhammed. Professor Heschel menar att medan judarna under tidigare \u00e5rhundraden velat betona att de var annorlunda, blev det under 1800-talet viktigt att h\u00e5lla fram judendomens universella v\u00e4rden \u2013 att den var ursprunget till s\u00e5v\u00e4l kristendom som islam.<\/p>\n<p>Susannah Heschel framh\u00f6ll vikten av att judar idag \u00e5teruppt\u00e4cker den positiva v\u00e4rdering av islam som bl a <strong>Abraham Geiger <\/strong>gav uttryck f\u00f6r, och fr\u00e5gade sig om muslimer skulle kunna vara en \u201d<em>tredje r\u00f6st<\/em>\u201d som kan hj\u00e4lpa till att utveckla dialogen mellan judar och kristna. Om vi har en tredje part som lyssnar m\u00e5ste vi fundera lite extra p\u00e5 hur vi presenterar v\u00e5ra l\u00e4ror. Relationen mellan judar och muslimer ser annorlunda ut, och har en annan historia, \u00e4n den mellan judar och kristna, och h\u00e4r finns en dynamik som vi kan ta tillvara.<\/p>\n<p>Susannah Heschel slutade sin f\u00f6rel\u00e4sning med en uppmaning till f\u00f6rst\u00e5else och samarbete:<br \/>\n&#8211; Kan vi inte ha lite medk\u00e4nsla med varandra? Judar, kristna, muslimer \u2013 vi har alla problem idag med hur vi ska tolka och utveckla v\u00e5ra traditioner \u2013 s\u00e5 l\u00e5t oss hj\u00e4lpa varandra att komma vidare!<\/p>\n<p><strong>Helene Egnell<\/strong><\/p>\n<p>Sidan skapad av Malin Norrby<\/p>\n","protected":false},"excerpt":{"rendered":"<p>Professor Susannah Heschels f\u00f6rel\u00e4sning till Krister Stendahls minne tog sin utg\u00e5ngspunkt i hur Jesus-gestalten framst\u00e4llts i tysk judisk och kristen teologi de senaste \u00e5rhundradena, och landade i en uppmaning att utveckla f\u00f6rst\u00e5else och samarbete mellan judendom, kristendom och islam. 2011 \u00e5rs Krister Stendahl Memorial Lecture, den tredje i ordningen, h\u00f6lls inf\u00f6r ett hundratal \u00e5h\u00f6rare, bland [&hellip;]<\/p>\n","protected":false},"author":601,"featured_media":0,"parent":21,"menu_order":0,"comment_status":"closed","ping_status":"closed","template":"","meta":{"_acf_changed":false,"footnotes":""},"class_list":["post-833","page","type-page","status-publish","hentry"],"acf":[],"yoast_head":"<!-- This site is optimized with the Yoast SEO plugin v27.1.1 - https:\/\/yoast.com\/product\/yoast-seo-wordpress\/ -->\n<title>Jesus var inte fr\u00e5n Schleswig-Holstein - Susanna Heschel 2011 - Centrum f\u00f6r religionsdialog i Stockholms stift<\/title>\n<meta name=\"robots\" content=\"index, follow, max-snippet:-1, max-image-preview:large, max-video-preview:-1\" \/>\n<link rel=\"canonical\" href=\"https:\/\/blogg.svenskakyrkan.se\/crd\/ksml\/jesus-var-inte-fran-schleswig-holstein-susanna-heschel-2011\/\" \/>\n<meta property=\"og:locale\" content=\"sv_SE\" \/>\n<meta property=\"og:type\" content=\"article\" \/>\n<meta property=\"og:title\" content=\"Jesus var inte fr\u00e5n Schleswig-Holstein - Susanna Heschel 2011 - Centrum f\u00f6r religionsdialog i Stockholms stift\" \/>\n<meta property=\"og:description\" content=\"Professor Susannah Heschels f\u00f6rel\u00e4sning till Krister Stendahls minne tog sin utg\u00e5ngspunkt i hur Jesus-gestalten framst\u00e4llts i tysk judisk och kristen teologi de senaste \u00e5rhundradena, och landade i en uppmaning att utveckla f\u00f6rst\u00e5else och samarbete mellan judendom, kristendom och islam. 2011 \u00e5rs Krister Stendahl Memorial Lecture, den tredje i ordningen, h\u00f6lls inf\u00f6r ett hundratal \u00e5h\u00f6rare, bland [&hellip;]\" \/>\n<meta property=\"og:url\" content=\"https:\/\/blogg.svenskakyrkan.se\/crd\/ksml\/jesus-var-inte-fran-schleswig-holstein-susanna-heschel-2011\/\" \/>\n<meta property=\"og:site_name\" content=\"Centrum f\u00f6r religionsdialog i Stockholms stift\" \/>\n<meta property=\"og:image\" content=\"http:\/\/blogg.svenskakyrkan.se\/crd\/files\/2017\/10\/Susannah-H1-225x300.jpg\" \/>\n<meta name=\"twitter:card\" content=\"summary_large_image\" \/>\n<meta name=\"twitter:label1\" content=\"Ber\u00e4knad l\u00e4stid\" \/>\n\t<meta name=\"twitter:data1\" content=\"3 minuter\" \/>\n<script type=\"application\/ld+json\" class=\"yoast-schema-graph\">{\"@context\":\"https:\/\/schema.org\",\"@graph\":[{\"@type\":\"WebPage\",\"@id\":\"https:\/\/blogg.svenskakyrkan.se\/crd\/ksml\/jesus-var-inte-fran-schleswig-holstein-susanna-heschel-2011\/\",\"url\":\"https:\/\/blogg.svenskakyrkan.se\/crd\/ksml\/jesus-var-inte-fran-schleswig-holstein-susanna-heschel-2011\/\",\"name\":\"Jesus var inte fr\u00e5n Schleswig-Holstein - Susanna Heschel 2011 - Centrum f\u00f6r religionsdialog i Stockholms stift\",\"isPartOf\":{\"@id\":\"https:\/\/blogg.svenskakyrkan.se\/crd\/#website\"},\"primaryImageOfPage\":{\"@id\":\"https:\/\/blogg.svenskakyrkan.se\/crd\/ksml\/jesus-var-inte-fran-schleswig-holstein-susanna-heschel-2011\/#primaryimage\"},\"image\":{\"@id\":\"https:\/\/blogg.svenskakyrkan.se\/crd\/ksml\/jesus-var-inte-fran-schleswig-holstein-susanna-heschel-2011\/#primaryimage\"},\"thumbnailUrl\":\"http:\/\/blogg.svenskakyrkan.se\/crd\/files\/2017\/10\/Susannah-H1-225x300.jpg\",\"datePublished\":\"2017-10-16T08:03:37+00:00\",\"breadcrumb\":{\"@id\":\"https:\/\/blogg.svenskakyrkan.se\/crd\/ksml\/jesus-var-inte-fran-schleswig-holstein-susanna-heschel-2011\/#breadcrumb\"},\"inLanguage\":\"sv-SE\",\"potentialAction\":[{\"@type\":\"ReadAction\",\"target\":[\"https:\/\/blogg.svenskakyrkan.se\/crd\/ksml\/jesus-var-inte-fran-schleswig-holstein-susanna-heschel-2011\/\"]}]},{\"@type\":\"ImageObject\",\"inLanguage\":\"sv-SE\",\"@id\":\"https:\/\/blogg.svenskakyrkan.se\/crd\/ksml\/jesus-var-inte-fran-schleswig-holstein-susanna-heschel-2011\/#primaryimage\",\"url\":\"https:\/\/blogg.svenskakyrkan.se\/crd\/files\/2017\/10\/Susannah-H1.jpg\",\"contentUrl\":\"https:\/\/blogg.svenskakyrkan.se\/crd\/files\/2017\/10\/Susannah-H1.jpg\",\"width\":3000,\"height\":4000},{\"@type\":\"BreadcrumbList\",\"@id\":\"https:\/\/blogg.svenskakyrkan.se\/crd\/ksml\/jesus-var-inte-fran-schleswig-holstein-susanna-heschel-2011\/#breadcrumb\",\"itemListElement\":[{\"@type\":\"ListItem\",\"position\":1,\"name\":\"Hem\",\"item\":\"https:\/\/blogg.svenskakyrkan.se\/crd\/\"},{\"@type\":\"ListItem\",\"position\":2,\"name\":\"Krister Stendahl Memorial Lecture\",\"item\":\"https:\/\/blogg.svenskakyrkan.se\/crd\/ksml\/\"},{\"@type\":\"ListItem\",\"position\":3,\"name\":\"Jesus var inte fr\u00e5n Schleswig-Holstein &#8211; Susanna Heschel 2011\"}]},{\"@type\":\"WebSite\",\"@id\":\"https:\/\/blogg.svenskakyrkan.se\/crd\/#website\",\"url\":\"https:\/\/blogg.svenskakyrkan.se\/crd\/\",\"name\":\"Centrum f\u00f6r religionsdialog i Stockholms stift\",\"description\":\"\",\"potentialAction\":[{\"@type\":\"SearchAction\",\"target\":{\"@type\":\"EntryPoint\",\"urlTemplate\":\"https:\/\/blogg.svenskakyrkan.se\/crd\/?s={search_term_string}\"},\"query-input\":{\"@type\":\"PropertyValueSpecification\",\"valueRequired\":true,\"valueName\":\"search_term_string\"}}],\"inLanguage\":\"sv-SE\"}]}<\/script>\n<!-- \/ Yoast SEO plugin. -->","yoast_head_json":{"title":"Jesus var inte fr\u00e5n Schleswig-Holstein - Susanna Heschel 2011 - Centrum f\u00f6r religionsdialog i Stockholms stift","robots":{"index":"index","follow":"follow","max-snippet":"max-snippet:-1","max-image-preview":"max-image-preview:large","max-video-preview":"max-video-preview:-1"},"canonical":"https:\/\/blogg.svenskakyrkan.se\/crd\/ksml\/jesus-var-inte-fran-schleswig-holstein-susanna-heschel-2011\/","og_locale":"sv_SE","og_type":"article","og_title":"Jesus var inte fr\u00e5n Schleswig-Holstein - Susanna Heschel 2011 - Centrum f\u00f6r religionsdialog i Stockholms stift","og_description":"Professor Susannah Heschels f\u00f6rel\u00e4sning till Krister Stendahls minne tog sin utg\u00e5ngspunkt i hur Jesus-gestalten framst\u00e4llts i tysk judisk och kristen teologi de senaste \u00e5rhundradena, och landade i en uppmaning att utveckla f\u00f6rst\u00e5else och samarbete mellan judendom, kristendom och islam. 2011 \u00e5rs Krister Stendahl Memorial Lecture, den tredje i ordningen, h\u00f6lls inf\u00f6r ett hundratal \u00e5h\u00f6rare, bland [&hellip;]","og_url":"https:\/\/blogg.svenskakyrkan.se\/crd\/ksml\/jesus-var-inte-fran-schleswig-holstein-susanna-heschel-2011\/","og_site_name":"Centrum f\u00f6r religionsdialog i Stockholms stift","og_image":[{"url":"http:\/\/blogg.svenskakyrkan.se\/crd\/files\/2017\/10\/Susannah-H1-225x300.jpg","type":"","width":"","height":""}],"twitter_card":"summary_large_image","twitter_misc":{"Ber\u00e4knad l\u00e4stid":"3 minuter"},"schema":{"@context":"https:\/\/schema.org","@graph":[{"@type":"WebPage","@id":"https:\/\/blogg.svenskakyrkan.se\/crd\/ksml\/jesus-var-inte-fran-schleswig-holstein-susanna-heschel-2011\/","url":"https:\/\/blogg.svenskakyrkan.se\/crd\/ksml\/jesus-var-inte-fran-schleswig-holstein-susanna-heschel-2011\/","name":"Jesus var inte fr\u00e5n Schleswig-Holstein - Susanna Heschel 2011 - Centrum f\u00f6r religionsdialog i Stockholms stift","isPartOf":{"@id":"https:\/\/blogg.svenskakyrkan.se\/crd\/#website"},"primaryImageOfPage":{"@id":"https:\/\/blogg.svenskakyrkan.se\/crd\/ksml\/jesus-var-inte-fran-schleswig-holstein-susanna-heschel-2011\/#primaryimage"},"image":{"@id":"https:\/\/blogg.svenskakyrkan.se\/crd\/ksml\/jesus-var-inte-fran-schleswig-holstein-susanna-heschel-2011\/#primaryimage"},"thumbnailUrl":"http:\/\/blogg.svenskakyrkan.se\/crd\/files\/2017\/10\/Susannah-H1-225x300.jpg","datePublished":"2017-10-16T08:03:37+00:00","breadcrumb":{"@id":"https:\/\/blogg.svenskakyrkan.se\/crd\/ksml\/jesus-var-inte-fran-schleswig-holstein-susanna-heschel-2011\/#breadcrumb"},"inLanguage":"sv-SE","potentialAction":[{"@type":"ReadAction","target":["https:\/\/blogg.svenskakyrkan.se\/crd\/ksml\/jesus-var-inte-fran-schleswig-holstein-susanna-heschel-2011\/"]}]},{"@type":"ImageObject","inLanguage":"sv-SE","@id":"https:\/\/blogg.svenskakyrkan.se\/crd\/ksml\/jesus-var-inte-fran-schleswig-holstein-susanna-heschel-2011\/#primaryimage","url":"https:\/\/blogg.svenskakyrkan.se\/crd\/files\/2017\/10\/Susannah-H1.jpg","contentUrl":"https:\/\/blogg.svenskakyrkan.se\/crd\/files\/2017\/10\/Susannah-H1.jpg","width":3000,"height":4000},{"@type":"BreadcrumbList","@id":"https:\/\/blogg.svenskakyrkan.se\/crd\/ksml\/jesus-var-inte-fran-schleswig-holstein-susanna-heschel-2011\/#breadcrumb","itemListElement":[{"@type":"ListItem","position":1,"name":"Hem","item":"https:\/\/blogg.svenskakyrkan.se\/crd\/"},{"@type":"ListItem","position":2,"name":"Krister Stendahl Memorial Lecture","item":"https:\/\/blogg.svenskakyrkan.se\/crd\/ksml\/"},{"@type":"ListItem","position":3,"name":"Jesus var inte fr\u00e5n Schleswig-Holstein &#8211; Susanna Heschel 2011"}]},{"@type":"WebSite","@id":"https:\/\/blogg.svenskakyrkan.se\/crd\/#website","url":"https:\/\/blogg.svenskakyrkan.se\/crd\/","name":"Centrum f\u00f6r religionsdialog i Stockholms stift","description":"","potentialAction":[{"@type":"SearchAction","target":{"@type":"EntryPoint","urlTemplate":"https:\/\/blogg.svenskakyrkan.se\/crd\/?s={search_term_string}"},"query-input":{"@type":"PropertyValueSpecification","valueRequired":true,"valueName":"search_term_string"}}],"inLanguage":"sv-SE"}]}},"_links":{"self":[{"href":"https:\/\/blogg.svenskakyrkan.se\/crd\/wp-json\/wp\/v2\/pages\/833","targetHints":{"allow":["GET"]}}],"collection":[{"href":"https:\/\/blogg.svenskakyrkan.se\/crd\/wp-json\/wp\/v2\/pages"}],"about":[{"href":"https:\/\/blogg.svenskakyrkan.se\/crd\/wp-json\/wp\/v2\/types\/page"}],"author":[{"embeddable":true,"href":"https:\/\/blogg.svenskakyrkan.se\/crd\/wp-json\/wp\/v2\/users\/601"}],"replies":[{"embeddable":true,"href":"https:\/\/blogg.svenskakyrkan.se\/crd\/wp-json\/wp\/v2\/comments?post=833"}],"version-history":[{"count":2,"href":"https:\/\/blogg.svenskakyrkan.se\/crd\/wp-json\/wp\/v2\/pages\/833\/revisions"}],"predecessor-version":[{"id":836,"href":"https:\/\/blogg.svenskakyrkan.se\/crd\/wp-json\/wp\/v2\/pages\/833\/revisions\/836"}],"up":[{"embeddable":true,"href":"https:\/\/blogg.svenskakyrkan.se\/crd\/wp-json\/wp\/v2\/pages\/21"}],"wp:attachment":[{"href":"https:\/\/blogg.svenskakyrkan.se\/crd\/wp-json\/wp\/v2\/media?parent=833"}],"curies":[{"name":"wp","href":"https:\/\/api.w.org\/{rel}","templated":true}]}}