{"id":838,"date":"2017-10-16T10:27:47","date_gmt":"2017-10-16T08:27:47","guid":{"rendered":"http:\/\/blogg.svenskakyrkan.se\/crd\/?page_id=838"},"modified":"2017-10-16T10:27:47","modified_gmt":"2017-10-16T08:27:47","slug":"turn-it-and-turn-it-again-the-vital-importance-of-biblical-scholarship-to-jewish-christian-relations-mary-c-boys-2014","status":"publish","type":"page","link":"https:\/\/blogg.svenskakyrkan.se\/crd\/ksml\/turn-it-and-turn-it-again-the-vital-importance-of-biblical-scholarship-to-jewish-christian-relations-mary-c-boys-2014\/","title":{"rendered":"Turn it and turn it again: The vital importance of biblical scholarship to Jewish-Christian relations &#8211; Mary C. Boys 2014"},"content":{"rendered":"<p><a href=\"http:\/\/blogg.svenskakyrkan.se\/crd\/files\/2017\/10\/MaryCBoys.jpg\"><img loading=\"lazy\" decoding=\"async\" width=\"228\" height=\"300\" src=\"http:\/\/blogg.svenskakyrkan.se\/crd\/files\/2017\/10\/MaryCBoys-228x300.jpg\" alt=\"\" class=\"alignleft size-medium wp-image-840\" srcset=\"https:\/\/blogg.svenskakyrkan.se\/crd\/files\/2017\/10\/MaryCBoys-228x300.jpg 228w, https:\/\/blogg.svenskakyrkan.se\/crd\/files\/2017\/10\/MaryCBoys-768x1011.jpg 768w, https:\/\/blogg.svenskakyrkan.se\/crd\/files\/2017\/10\/MaryCBoys-778x1024.jpg 778w, https:\/\/blogg.svenskakyrkan.se\/crd\/files\/2017\/10\/MaryCBoys-1200x1579.jpg 1200w\" sizes=\"auto, (max-width: 228px) 100vw, 228px\" \/><\/a><strong>Det \u00e4r en helig plikt att vrida och v\u00e4nda p\u00e5 bibeltexterna, f\u00f6r att f\u00f6rst\u00e5 dem p\u00e5 nya s\u00e4tt som inte \u00e4r skadliga. S\u00e5 skulle man kunna sammanfatta Mary C Boys f\u00f6rel\u00e4sning till Krister Stendahls minne, som hon baserade p\u00e5 citat av biskop Krister sj\u00e4lv. <\/strong><\/p>\n<p>\u201d<em>Turn it and turn it again. The vital importance of biblical scholarship to Jewish-Christian relations<\/em>\u201d var titeln p\u00e5 professor Boys f\u00f6rel\u00e4sning. Orden \u201c<em>turn it and turn it again<\/em>\u201d \u00e4r h\u00e4mtade fr\u00e5n den judiska kommentarsamlingen Mishna, och syftar konkret p\u00e5 hur man vrider tora-rullarna i synagogan \u2013 men i \u00f6verf\u00f6rd bem\u00e4rkelse handlar det om att vrida och v\u00e4nda p\u00e5 texterna, f\u00f6r att utvinna nya tolkningar.<\/p>\n<p>Mary Boys lyfte fram Krister Stendahls f\u00f6rm\u00e5ga att formulera sig kort och pregnant \u2013 han var inte den som skrev tjocka, l\u00e4rda bibelkommentarer, utan uttryckte sig hellre genom f\u00f6redrag och artiklar. Hon hade valt ut fyra citat ur vad hon, med en sk\u00e4mtsam h\u00e4nsyftning p\u00e5 den s k <em>fyrk\u00e4llshypotesen<\/em> i bibelvetenskapen, kallade \u201d<em>S-k\u00e4llan<\/em>\u201d som utg\u00e5ngspunkter f\u00f6r sin f\u00f6rel\u00e4sning.<\/p>\n<p><strong>\u201dIt is not about me\u201d<\/strong> \u2013 \u201cDet handlar inte om mig\u201d. Krister Stendahl v\u00e4nde upp och ned p\u00e5 bibeltolkningsprincipen <em>tua res agitur<\/em>, dvs \u201d<em>det handlar om dig<\/em>\u201d. Paulus fr\u00e4msta intresse var inte den enskilda sj\u00e4len, och det som skedde p\u00e5 v\u00e4gen till Damaskus var inte en omv\u00e4ndelse utan en kallelse \u2013 n\u00e4r Krister Stendahl satte in Paulus i sin judiska kontext var det en avg\u00f6rande v\u00e4ndpunkt i kristen bibeltolkning.<\/p>\n<p><strong>\u201dWords like that grow legs and walk right out of their context\u201d<\/strong> \u2013 \u201dVissa bibelord f\u00e5r f\u00f6tter och promenerar ut ur sitt sammanhang\u201d. Inte minst i Johannesevangeliet finns negativa utsagor om judar, som genom kristendomens historia anv\u00e4nts f\u00f6r att hetsa till pogromer mot judar. Stilla veckan borde vara en vecka d\u00e5 vi g\u00f6r bot och b\u00e4ttring speciellt f\u00f6r f\u00f6rf\u00f6ljelsen av judar, utifr\u00e5n insikten att \u201d<em>bibeltolkningar f\u00e5r verkliga konsekvenser f\u00f6r verkliga m\u00e4nniskor<\/em>\u201d.<\/p>\n<p><strong>\u201dChristianity as a construct\u201d<\/strong> \u2013 Kristendomen \u00e4r en konstruktion som \u00e4nnu inte f\u00e5tt sin form i nytestamentlig tid, d\u00e5 Jesusr\u00f6relsen var en av flera judiska r\u00f6relser. Det \u00e4r en insikt som \u00e4r ganska fr\u00e5nvarande i kyrkan idag, menade Mary Boys. Vi kan inte tala om \u201dkristna\u201d i en tid d\u00e5 det \u00e4nnu inte fanns en skiljelinje mellan judar och kristna, d\u00e5 det handlade om grupper som talade olika \u201ddialekter\u201d snarare \u00e4n olika spr\u00e5k. <\/p>\n<p><strong>\u201dLeave room for holy envy\u201d<\/strong> \u2013 ge plats f\u00f6r helig avund! Att kunna gl\u00e4dja sig \u00e5t det som \u00e4r vackert i en annan tradition, utan att vilja l\u00e4gga beslag p\u00e5 det f\u00f6r egen del \u00e4r ett tecken p\u00e5 att man har b\u00f6rjat f\u00f6rst\u00e5 den andra trostraditionen.<\/p>\n<p>F\u00f6rel\u00e4sningen, som arrangeras av Centrum f\u00f6r religionsdialog i Stockholms stift i samarbete med Paideia, the European institute for Jewish Studies in Sweden, \u00e4gde rum den 23 oktober 2014 i Storkyrkosalen.<\/p>\n<p><strong>Helene Egnell<\/strong><\/p>\n<p>Sidan skapad av Malin Norrby<\/p>\n","protected":false},"excerpt":{"rendered":"<p>Det \u00e4r en helig plikt att vrida och v\u00e4nda p\u00e5 bibeltexterna, f\u00f6r att f\u00f6rst\u00e5 dem p\u00e5 nya s\u00e4tt som inte \u00e4r skadliga. S\u00e5 skulle man kunna sammanfatta Mary C Boys f\u00f6rel\u00e4sning till Krister Stendahls minne, som hon baserade p\u00e5 citat av biskop Krister sj\u00e4lv. \u201dTurn it and turn it again. The vital importance of biblical [&hellip;]<\/p>\n","protected":false},"author":601,"featured_media":0,"parent":21,"menu_order":0,"comment_status":"closed","ping_status":"closed","template":"","meta":{"_acf_changed":false,"footnotes":""},"class_list":["post-838","page","type-page","status-publish","hentry"],"acf":[],"yoast_head":"<!-- This site is optimized with the Yoast SEO plugin v27.1.1 - https:\/\/yoast.com\/product\/yoast-seo-wordpress\/ -->\n<title>Turn it and turn it again: The vital importance of biblical scholarship to Jewish-Christian relations - Mary C. Boys 2014 - Centrum f\u00f6r religionsdialog i Stockholms stift<\/title>\n<meta name=\"robots\" content=\"index, follow, max-snippet:-1, max-image-preview:large, max-video-preview:-1\" \/>\n<link rel=\"canonical\" href=\"https:\/\/blogg.svenskakyrkan.se\/crd\/ksml\/turn-it-and-turn-it-again-the-vital-importance-of-biblical-scholarship-to-jewish-christian-relations-mary-c-boys-2014\/\" \/>\n<meta property=\"og:locale\" content=\"sv_SE\" \/>\n<meta property=\"og:type\" content=\"article\" \/>\n<meta property=\"og:title\" content=\"Turn it and turn it again: The vital importance of biblical scholarship to Jewish-Christian relations - Mary C. Boys 2014 - Centrum f\u00f6r religionsdialog i Stockholms stift\" \/>\n<meta property=\"og:description\" content=\"Det \u00e4r en helig plikt att vrida och v\u00e4nda p\u00e5 bibeltexterna, f\u00f6r att f\u00f6rst\u00e5 dem p\u00e5 nya s\u00e4tt som inte \u00e4r skadliga. S\u00e5 skulle man kunna sammanfatta Mary C Boys f\u00f6rel\u00e4sning till Krister Stendahls minne, som hon baserade p\u00e5 citat av biskop Krister sj\u00e4lv. \u201dTurn it and turn it again. The vital importance of biblical [&hellip;]\" \/>\n<meta property=\"og:url\" content=\"https:\/\/blogg.svenskakyrkan.se\/crd\/ksml\/turn-it-and-turn-it-again-the-vital-importance-of-biblical-scholarship-to-jewish-christian-relations-mary-c-boys-2014\/\" \/>\n<meta property=\"og:site_name\" content=\"Centrum f\u00f6r religionsdialog i Stockholms stift\" \/>\n<meta property=\"og:image\" content=\"http:\/\/blogg.svenskakyrkan.se\/crd\/files\/2017\/10\/MaryCBoys-228x300.jpg\" \/>\n<meta name=\"twitter:card\" content=\"summary_large_image\" \/>\n<meta name=\"twitter:label1\" content=\"Ber\u00e4knad l\u00e4stid\" \/>\n\t<meta name=\"twitter:data1\" content=\"3 minuter\" \/>\n<script type=\"application\/ld+json\" class=\"yoast-schema-graph\">{\"@context\":\"https:\/\/schema.org\",\"@graph\":[{\"@type\":\"WebPage\",\"@id\":\"https:\/\/blogg.svenskakyrkan.se\/crd\/ksml\/turn-it-and-turn-it-again-the-vital-importance-of-biblical-scholarship-to-jewish-christian-relations-mary-c-boys-2014\/\",\"url\":\"https:\/\/blogg.svenskakyrkan.se\/crd\/ksml\/turn-it-and-turn-it-again-the-vital-importance-of-biblical-scholarship-to-jewish-christian-relations-mary-c-boys-2014\/\",\"name\":\"Turn it and turn it again: The vital importance of biblical scholarship to Jewish-Christian relations - Mary C. Boys 2014 - Centrum f\u00f6r religionsdialog i Stockholms stift\",\"isPartOf\":{\"@id\":\"https:\/\/blogg.svenskakyrkan.se\/crd\/#website\"},\"primaryImageOfPage\":{\"@id\":\"https:\/\/blogg.svenskakyrkan.se\/crd\/ksml\/turn-it-and-turn-it-again-the-vital-importance-of-biblical-scholarship-to-jewish-christian-relations-mary-c-boys-2014\/#primaryimage\"},\"image\":{\"@id\":\"https:\/\/blogg.svenskakyrkan.se\/crd\/ksml\/turn-it-and-turn-it-again-the-vital-importance-of-biblical-scholarship-to-jewish-christian-relations-mary-c-boys-2014\/#primaryimage\"},\"thumbnailUrl\":\"http:\/\/blogg.svenskakyrkan.se\/crd\/files\/2017\/10\/MaryCBoys-228x300.jpg\",\"datePublished\":\"2017-10-16T08:27:47+00:00\",\"breadcrumb\":{\"@id\":\"https:\/\/blogg.svenskakyrkan.se\/crd\/ksml\/turn-it-and-turn-it-again-the-vital-importance-of-biblical-scholarship-to-jewish-christian-relations-mary-c-boys-2014\/#breadcrumb\"},\"inLanguage\":\"sv-SE\",\"potentialAction\":[{\"@type\":\"ReadAction\",\"target\":[\"https:\/\/blogg.svenskakyrkan.se\/crd\/ksml\/turn-it-and-turn-it-again-the-vital-importance-of-biblical-scholarship-to-jewish-christian-relations-mary-c-boys-2014\/\"]}]},{\"@type\":\"ImageObject\",\"inLanguage\":\"sv-SE\",\"@id\":\"https:\/\/blogg.svenskakyrkan.se\/crd\/ksml\/turn-it-and-turn-it-again-the-vital-importance-of-biblical-scholarship-to-jewish-christian-relations-mary-c-boys-2014\/#primaryimage\",\"url\":\"https:\/\/blogg.svenskakyrkan.se\/crd\/files\/2017\/10\/MaryCBoys.jpg\",\"contentUrl\":\"https:\/\/blogg.svenskakyrkan.se\/crd\/files\/2017\/10\/MaryCBoys.jpg\",\"width\":2452,\"height\":3227},{\"@type\":\"BreadcrumbList\",\"@id\":\"https:\/\/blogg.svenskakyrkan.se\/crd\/ksml\/turn-it-and-turn-it-again-the-vital-importance-of-biblical-scholarship-to-jewish-christian-relations-mary-c-boys-2014\/#breadcrumb\",\"itemListElement\":[{\"@type\":\"ListItem\",\"position\":1,\"name\":\"Hem\",\"item\":\"https:\/\/blogg.svenskakyrkan.se\/crd\/\"},{\"@type\":\"ListItem\",\"position\":2,\"name\":\"Krister Stendahl Memorial Lecture\",\"item\":\"https:\/\/blogg.svenskakyrkan.se\/crd\/ksml\/\"},{\"@type\":\"ListItem\",\"position\":3,\"name\":\"Turn it and turn it again: The vital importance of biblical scholarship to Jewish-Christian relations &#8211; Mary C. Boys 2014\"}]},{\"@type\":\"WebSite\",\"@id\":\"https:\/\/blogg.svenskakyrkan.se\/crd\/#website\",\"url\":\"https:\/\/blogg.svenskakyrkan.se\/crd\/\",\"name\":\"Centrum f\u00f6r religionsdialog i Stockholms stift\",\"description\":\"\",\"potentialAction\":[{\"@type\":\"SearchAction\",\"target\":{\"@type\":\"EntryPoint\",\"urlTemplate\":\"https:\/\/blogg.svenskakyrkan.se\/crd\/?s={search_term_string}\"},\"query-input\":{\"@type\":\"PropertyValueSpecification\",\"valueRequired\":true,\"valueName\":\"search_term_string\"}}],\"inLanguage\":\"sv-SE\"}]}<\/script>\n<!-- \/ Yoast SEO plugin. -->","yoast_head_json":{"title":"Turn it and turn it again: The vital importance of biblical scholarship to Jewish-Christian relations - Mary C. Boys 2014 - Centrum f\u00f6r religionsdialog i Stockholms stift","robots":{"index":"index","follow":"follow","max-snippet":"max-snippet:-1","max-image-preview":"max-image-preview:large","max-video-preview":"max-video-preview:-1"},"canonical":"https:\/\/blogg.svenskakyrkan.se\/crd\/ksml\/turn-it-and-turn-it-again-the-vital-importance-of-biblical-scholarship-to-jewish-christian-relations-mary-c-boys-2014\/","og_locale":"sv_SE","og_type":"article","og_title":"Turn it and turn it again: The vital importance of biblical scholarship to Jewish-Christian relations - Mary C. Boys 2014 - Centrum f\u00f6r religionsdialog i Stockholms stift","og_description":"Det \u00e4r en helig plikt att vrida och v\u00e4nda p\u00e5 bibeltexterna, f\u00f6r att f\u00f6rst\u00e5 dem p\u00e5 nya s\u00e4tt som inte \u00e4r skadliga. S\u00e5 skulle man kunna sammanfatta Mary C Boys f\u00f6rel\u00e4sning till Krister Stendahls minne, som hon baserade p\u00e5 citat av biskop Krister sj\u00e4lv. \u201dTurn it and turn it again. The vital importance of biblical [&hellip;]","og_url":"https:\/\/blogg.svenskakyrkan.se\/crd\/ksml\/turn-it-and-turn-it-again-the-vital-importance-of-biblical-scholarship-to-jewish-christian-relations-mary-c-boys-2014\/","og_site_name":"Centrum f\u00f6r religionsdialog i Stockholms stift","og_image":[{"url":"http:\/\/blogg.svenskakyrkan.se\/crd\/files\/2017\/10\/MaryCBoys-228x300.jpg","type":"","width":"","height":""}],"twitter_card":"summary_large_image","twitter_misc":{"Ber\u00e4knad l\u00e4stid":"3 minuter"},"schema":{"@context":"https:\/\/schema.org","@graph":[{"@type":"WebPage","@id":"https:\/\/blogg.svenskakyrkan.se\/crd\/ksml\/turn-it-and-turn-it-again-the-vital-importance-of-biblical-scholarship-to-jewish-christian-relations-mary-c-boys-2014\/","url":"https:\/\/blogg.svenskakyrkan.se\/crd\/ksml\/turn-it-and-turn-it-again-the-vital-importance-of-biblical-scholarship-to-jewish-christian-relations-mary-c-boys-2014\/","name":"Turn it and turn it again: The vital importance of biblical scholarship to Jewish-Christian relations - Mary C. Boys 2014 - Centrum f\u00f6r religionsdialog i Stockholms stift","isPartOf":{"@id":"https:\/\/blogg.svenskakyrkan.se\/crd\/#website"},"primaryImageOfPage":{"@id":"https:\/\/blogg.svenskakyrkan.se\/crd\/ksml\/turn-it-and-turn-it-again-the-vital-importance-of-biblical-scholarship-to-jewish-christian-relations-mary-c-boys-2014\/#primaryimage"},"image":{"@id":"https:\/\/blogg.svenskakyrkan.se\/crd\/ksml\/turn-it-and-turn-it-again-the-vital-importance-of-biblical-scholarship-to-jewish-christian-relations-mary-c-boys-2014\/#primaryimage"},"thumbnailUrl":"http:\/\/blogg.svenskakyrkan.se\/crd\/files\/2017\/10\/MaryCBoys-228x300.jpg","datePublished":"2017-10-16T08:27:47+00:00","breadcrumb":{"@id":"https:\/\/blogg.svenskakyrkan.se\/crd\/ksml\/turn-it-and-turn-it-again-the-vital-importance-of-biblical-scholarship-to-jewish-christian-relations-mary-c-boys-2014\/#breadcrumb"},"inLanguage":"sv-SE","potentialAction":[{"@type":"ReadAction","target":["https:\/\/blogg.svenskakyrkan.se\/crd\/ksml\/turn-it-and-turn-it-again-the-vital-importance-of-biblical-scholarship-to-jewish-christian-relations-mary-c-boys-2014\/"]}]},{"@type":"ImageObject","inLanguage":"sv-SE","@id":"https:\/\/blogg.svenskakyrkan.se\/crd\/ksml\/turn-it-and-turn-it-again-the-vital-importance-of-biblical-scholarship-to-jewish-christian-relations-mary-c-boys-2014\/#primaryimage","url":"https:\/\/blogg.svenskakyrkan.se\/crd\/files\/2017\/10\/MaryCBoys.jpg","contentUrl":"https:\/\/blogg.svenskakyrkan.se\/crd\/files\/2017\/10\/MaryCBoys.jpg","width":2452,"height":3227},{"@type":"BreadcrumbList","@id":"https:\/\/blogg.svenskakyrkan.se\/crd\/ksml\/turn-it-and-turn-it-again-the-vital-importance-of-biblical-scholarship-to-jewish-christian-relations-mary-c-boys-2014\/#breadcrumb","itemListElement":[{"@type":"ListItem","position":1,"name":"Hem","item":"https:\/\/blogg.svenskakyrkan.se\/crd\/"},{"@type":"ListItem","position":2,"name":"Krister Stendahl Memorial Lecture","item":"https:\/\/blogg.svenskakyrkan.se\/crd\/ksml\/"},{"@type":"ListItem","position":3,"name":"Turn it and turn it again: The vital importance of biblical scholarship to Jewish-Christian relations &#8211; Mary C. Boys 2014"}]},{"@type":"WebSite","@id":"https:\/\/blogg.svenskakyrkan.se\/crd\/#website","url":"https:\/\/blogg.svenskakyrkan.se\/crd\/","name":"Centrum f\u00f6r religionsdialog i Stockholms stift","description":"","potentialAction":[{"@type":"SearchAction","target":{"@type":"EntryPoint","urlTemplate":"https:\/\/blogg.svenskakyrkan.se\/crd\/?s={search_term_string}"},"query-input":{"@type":"PropertyValueSpecification","valueRequired":true,"valueName":"search_term_string"}}],"inLanguage":"sv-SE"}]}},"_links":{"self":[{"href":"https:\/\/blogg.svenskakyrkan.se\/crd\/wp-json\/wp\/v2\/pages\/838","targetHints":{"allow":["GET"]}}],"collection":[{"href":"https:\/\/blogg.svenskakyrkan.se\/crd\/wp-json\/wp\/v2\/pages"}],"about":[{"href":"https:\/\/blogg.svenskakyrkan.se\/crd\/wp-json\/wp\/v2\/types\/page"}],"author":[{"embeddable":true,"href":"https:\/\/blogg.svenskakyrkan.se\/crd\/wp-json\/wp\/v2\/users\/601"}],"replies":[{"embeddable":true,"href":"https:\/\/blogg.svenskakyrkan.se\/crd\/wp-json\/wp\/v2\/comments?post=838"}],"version-history":[{"count":2,"href":"https:\/\/blogg.svenskakyrkan.se\/crd\/wp-json\/wp\/v2\/pages\/838\/revisions"}],"predecessor-version":[{"id":841,"href":"https:\/\/blogg.svenskakyrkan.se\/crd\/wp-json\/wp\/v2\/pages\/838\/revisions\/841"}],"up":[{"embeddable":true,"href":"https:\/\/blogg.svenskakyrkan.se\/crd\/wp-json\/wp\/v2\/pages\/21"}],"wp:attachment":[{"href":"https:\/\/blogg.svenskakyrkan.se\/crd\/wp-json\/wp\/v2\/media?parent=838"}],"curies":[{"name":"wp","href":"https:\/\/api.w.org\/{rel}","templated":true}]}}