{"id":2,"date":"2019-04-03T15:40:15","date_gmt":"2019-04-03T13:40:15","guid":{"rendered":"http:\/\/blogg.svenskakyrkan.se\/darwinsstege\/?page_id=2"},"modified":"2021-12-10T15:56:23","modified_gmt":"2021-12-10T14:56:23","slug":"exempelsida","status":"publish","type":"page","link":"https:\/\/blogg.svenskakyrkan.se\/darwinsstege\/","title":{"rendered":"Start"},"content":{"rendered":"<p>Pontus Nilsen, pr\u00e4st i Oscar Fredriks f\u00f6rsamling och projektledare f\u00f6r Svenska kyrkans del av Vetenskapsfestivalen, samtalar om livets stora fr\u00e5gor tillsammans med forskare fr\u00e5n akademin.<br \/>\nLyssna p\u00e5 avsnitten nedan eller ladda ner podden d\u00e4r poddar finns.<\/p>\n","protected":false},"excerpt":{"rendered":"<p>Pontus Nilsen, pr\u00e4st i Oscar Fredriks f\u00f6rsamling och projektledare f\u00f6r Svenska kyrkans del av Vetenskapsfestivalen, samtalar om livets stora fr\u00e5gor tillsammans med forskare fr\u00e5n akademin. Lyssna p\u00e5 avsnitten nedan eller ladda ner podden d\u00e4r poddar finns.<\/p>\n","protected":false},"author":706,"featured_media":0,"parent":0,"menu_order":0,"comment_status":"closed","ping_status":"open","template":"","meta":{"_acf_changed":false,"footnotes":""},"class_list":["post-2","page","type-page","status-publish","hentry"],"acf":[],"yoast_head":"<!-- This site is optimized with the Yoast SEO plugin v27.1.1 - https:\/\/yoast.com\/product\/yoast-seo-wordpress\/ -->\n<title>Start - Darwins stege<\/title>\n<meta name=\"robots\" content=\"index, follow, max-snippet:-1, max-image-preview:large, max-video-preview:-1\" \/>\n<link rel=\"canonical\" href=\"https:\/\/blogg.svenskakyrkan.se\/darwinsstege\/\" \/>\n<meta property=\"og:locale\" content=\"sv_SE\" \/>\n<meta property=\"og:type\" content=\"article\" \/>\n<meta property=\"og:title\" content=\"Start - Darwins stege\" \/>\n<meta property=\"og:description\" content=\"Pontus Nilsen, pr\u00e4st i Oscar Fredriks f\u00f6rsamling och projektledare f\u00f6r Svenska kyrkans del av Vetenskapsfestivalen, samtalar om livets stora fr\u00e5gor tillsammans med forskare fr\u00e5n akademin. Lyssna p\u00e5 avsnitten nedan eller ladda ner podden d\u00e4r poddar finns.\" \/>\n<meta property=\"og:url\" content=\"https:\/\/blogg.svenskakyrkan.se\/darwinsstege\/\" \/>\n<meta property=\"og:site_name\" content=\"Darwins stege\" \/>\n<meta property=\"article:modified_time\" content=\"2021-12-10T14:56:23+00:00\" \/>\n<meta name=\"twitter:card\" content=\"summary_large_image\" \/>\n<script type=\"application\/ld+json\" class=\"yoast-schema-graph\">{\"@context\":\"https:\/\/schema.org\",\"@graph\":[{\"@type\":\"WebPage\",\"@id\":\"https:\/\/blogg.svenskakyrkan.se\/darwinsstege\/\",\"url\":\"https:\/\/blogg.svenskakyrkan.se\/darwinsstege\/\",\"name\":\"Start - Darwins stege\",\"isPartOf\":{\"@id\":\"https:\/\/blogg.svenskakyrkan.se\/darwinsstege\/#website\"},\"datePublished\":\"2019-04-03T13:40:15+00:00\",\"dateModified\":\"2021-12-10T14:56:23+00:00\",\"breadcrumb\":{\"@id\":\"https:\/\/blogg.svenskakyrkan.se\/darwinsstege\/#breadcrumb\"},\"inLanguage\":\"sv-SE\",\"potentialAction\":[{\"@type\":\"ReadAction\",\"target\":[\"https:\/\/blogg.svenskakyrkan.se\/darwinsstege\/\"]}]},{\"@type\":\"BreadcrumbList\",\"@id\":\"https:\/\/blogg.svenskakyrkan.se\/darwinsstege\/#breadcrumb\",\"itemListElement\":[{\"@type\":\"ListItem\",\"position\":1,\"name\":\"Hem\",\"item\":\"https:\/\/blogg.svenskakyrkan.se\/darwinsstege\/\"},{\"@type\":\"ListItem\",\"position\":2,\"name\":\"Start\"}]},{\"@type\":\"WebSite\",\"@id\":\"https:\/\/blogg.svenskakyrkan.se\/darwinsstege\/#website\",\"url\":\"https:\/\/blogg.svenskakyrkan.se\/darwinsstege\/\",\"name\":\"Darwins stege\",\"description\":\"En podd om tro, vetenskap och fantasi.\",\"potentialAction\":[{\"@type\":\"SearchAction\",\"target\":{\"@type\":\"EntryPoint\",\"urlTemplate\":\"https:\/\/blogg.svenskakyrkan.se\/darwinsstege\/?s={search_term_string}\"},\"query-input\":{\"@type\":\"PropertyValueSpecification\",\"valueRequired\":true,\"valueName\":\"search_term_string\"}}],\"inLanguage\":\"sv-SE\"}]}<\/script>\n<!-- \/ Yoast SEO plugin. -->","yoast_head_json":{"title":"Start - Darwins stege","robots":{"index":"index","follow":"follow","max-snippet":"max-snippet:-1","max-image-preview":"max-image-preview:large","max-video-preview":"max-video-preview:-1"},"canonical":"https:\/\/blogg.svenskakyrkan.se\/darwinsstege\/","og_locale":"sv_SE","og_type":"article","og_title":"Start - Darwins stege","og_description":"Pontus Nilsen, pr\u00e4st i Oscar Fredriks f\u00f6rsamling och projektledare f\u00f6r Svenska kyrkans del av Vetenskapsfestivalen, samtalar om livets stora fr\u00e5gor tillsammans med forskare fr\u00e5n akademin. Lyssna p\u00e5 avsnitten nedan eller ladda ner podden d\u00e4r poddar finns.","og_url":"https:\/\/blogg.svenskakyrkan.se\/darwinsstege\/","og_site_name":"Darwins stege","article_modified_time":"2021-12-10T14:56:23+00:00","twitter_card":"summary_large_image","schema":{"@context":"https:\/\/schema.org","@graph":[{"@type":"WebPage","@id":"https:\/\/blogg.svenskakyrkan.se\/darwinsstege\/","url":"https:\/\/blogg.svenskakyrkan.se\/darwinsstege\/","name":"Start - Darwins stege","isPartOf":{"@id":"https:\/\/blogg.svenskakyrkan.se\/darwinsstege\/#website"},"datePublished":"2019-04-03T13:40:15+00:00","dateModified":"2021-12-10T14:56:23+00:00","breadcrumb":{"@id":"https:\/\/blogg.svenskakyrkan.se\/darwinsstege\/#breadcrumb"},"inLanguage":"sv-SE","potentialAction":[{"@type":"ReadAction","target":["https:\/\/blogg.svenskakyrkan.se\/darwinsstege\/"]}]},{"@type":"BreadcrumbList","@id":"https:\/\/blogg.svenskakyrkan.se\/darwinsstege\/#breadcrumb","itemListElement":[{"@type":"ListItem","position":1,"name":"Hem","item":"https:\/\/blogg.svenskakyrkan.se\/darwinsstege\/"},{"@type":"ListItem","position":2,"name":"Start"}]},{"@type":"WebSite","@id":"https:\/\/blogg.svenskakyrkan.se\/darwinsstege\/#website","url":"https:\/\/blogg.svenskakyrkan.se\/darwinsstege\/","name":"Darwins stege","description":"En podd om tro, vetenskap och fantasi.","potentialAction":[{"@type":"SearchAction","target":{"@type":"EntryPoint","urlTemplate":"https:\/\/blogg.svenskakyrkan.se\/darwinsstege\/?s={search_term_string}"},"query-input":{"@type":"PropertyValueSpecification","valueRequired":true,"valueName":"search_term_string"}}],"inLanguage":"sv-SE"}]}},"_links":{"self":[{"href":"https:\/\/blogg.svenskakyrkan.se\/darwinsstege\/wp-json\/wp\/v2\/pages\/2","targetHints":{"allow":["GET"]}}],"collection":[{"href":"https:\/\/blogg.svenskakyrkan.se\/darwinsstege\/wp-json\/wp\/v2\/pages"}],"about":[{"href":"https:\/\/blogg.svenskakyrkan.se\/darwinsstege\/wp-json\/wp\/v2\/types\/page"}],"author":[{"embeddable":true,"href":"https:\/\/blogg.svenskakyrkan.se\/darwinsstege\/wp-json\/wp\/v2\/users\/706"}],"replies":[{"embeddable":true,"href":"https:\/\/blogg.svenskakyrkan.se\/darwinsstege\/wp-json\/wp\/v2\/comments?post=2"}],"version-history":[{"count":2,"href":"https:\/\/blogg.svenskakyrkan.se\/darwinsstege\/wp-json\/wp\/v2\/pages\/2\/revisions"}],"predecessor-version":[{"id":121,"href":"https:\/\/blogg.svenskakyrkan.se\/darwinsstege\/wp-json\/wp\/v2\/pages\/2\/revisions\/121"}],"wp:attachment":[{"href":"https:\/\/blogg.svenskakyrkan.se\/darwinsstege\/wp-json\/wp\/v2\/media?parent=2"}],"curies":[{"name":"wp","href":"https:\/\/api.w.org\/{rel}","templated":true}]}}