{"version":"1.0","provider_name":"Diakonibloggen","provider_url":"https:\/\/blogg.svenskakyrkan.se\/diakonibloggen","author_name":"diakonibloggen","author_url":"https:\/\/blogg.svenskakyrkan.se\/diakonibloggen\/author\/diakonibloggen\/","title":"Breivik - Diakonibloggen","type":"rich","width":600,"height":338,"html":"<blockquote class=\"wp-embedded-content\" data-secret=\"8GXjXOTkqF\"><a href=\"https:\/\/blogg.svenskakyrkan.se\/diakonibloggen\/2012\/08\/24\/breivik\/\">Breivik<\/a><\/blockquote><iframe sandbox=\"allow-scripts\" security=\"restricted\" src=\"https:\/\/blogg.svenskakyrkan.se\/diakonibloggen\/2012\/08\/24\/breivik\/embed\/#?secret=8GXjXOTkqF\" width=\"600\" height=\"338\" title=\"\u201dBreivik\u201d &ndash; Diakonibloggen\" data-secret=\"8GXjXOTkqF\" frameborder=\"0\" marginwidth=\"0\" marginheight=\"0\" scrolling=\"no\" class=\"wp-embedded-content\"><\/iframe><script type=\"text\/javascript\">\n\/* <![CDATA[ *\/\n\/*! This file is auto-generated *\/\n!function(d,l){\"use strict\";l.querySelector&&d.addEventListener&&\"undefined\"!=typeof URL&&(d.wp=d.wp||{},d.wp.receiveEmbedMessage||(d.wp.receiveEmbedMessage=function(e){var t=e.data;if((t||t.secret||t.message||t.value)&&!\/[^a-zA-Z0-9]\/.test(t.secret)){for(var s,r,n,a=l.querySelectorAll('iframe[data-secret=\"'+t.secret+'\"]'),o=l.querySelectorAll('blockquote[data-secret=\"'+t.secret+'\"]'),c=new RegExp(\"^https?:$\",\"i\"),i=0;i<o.length;i++)o[i].style.display=\"none\";for(i=0;i<a.length;i++)s=a[i],e.source===s.contentWindow&&(s.removeAttribute(\"style\"),\"height\"===t.message?(1e3<(r=parseInt(t.value,10))?r=1e3:~~r<200&&(r=200),s.height=r):\"link\"===t.message&&(r=new URL(s.getAttribute(\"src\")),n=new URL(t.value),c.test(n.protocol))&&n.host===r.host&&l.activeElement===s&&(d.top.location.href=t.value))}},d.addEventListener(\"message\",d.wp.receiveEmbedMessage,!1),l.addEventListener(\"DOMContentLoaded\",function(){for(var e,t,s=l.querySelectorAll(\"iframe.wp-embedded-content\"),r=0;r<s.length;r++)(t=(e=s[r]).getAttribute(\"data-secret\"))||(t=Math.random().toString(36).substring(2,12),e.src+=\"#?secret=\"+t,e.setAttribute(\"data-secret\",t)),e.contentWindow.postMessage({message:\"ready\",secret:t},\"*\")},!1)))}(window,document);\n\/\/# sourceURL=https:\/\/blogg.svenskakyrkan.se\/diakonibloggen\/wp-includes\/js\/wp-embed.min.js\n\/* ]]> *\/\n<\/script>\n","description":"Att f\u00f6rsonas och f\u00f6rl\u00e5ta \u00e4r en sak men att m\u00f6ta en m\u00e4nniska som inte vill bli f\u00f6rl\u00e5ten och inte vill f\u00f6rsonas \u00e4r inte bara sv\u00e5rt utan snudd p\u00e5 om\u00f6jligt. F\u00f6ljande citat \u00e4r h\u00e4mtat fr\u00e5n r\u00e4tteg\u00e5ngen: &#8221;Breivik ville inte att det han gjort skulle klassas som en galen mans d\u00e5d. Han s\u00e4ger att han visste vad [&hellip;]","thumbnail_url":"http:\/\/blogg.svenskakyrkan.se\/diakonibloggen\/files\/2012\/08\/skc3a4rmavbild-2012-08-24-kl-10-25-12.png?w=150"}

Att försonas och förlåta är en sak men att möta en människa som inte vill bli förlåten och inte vill försonas är inte bara svårt utan snudd på omöjligt. Följande citat är hämtat från rättegången: &#8221;Breivik ville inte att det han gjort skulle klassas som en galen mans dåd. Han säger att han visste vad [&hellip;]
