{"version":"1.0","provider_name":"Diakonibloggen","provider_url":"https:\/\/blogg.svenskakyrkan.se\/diakonibloggen","author_name":"diakonibloggen","author_url":"https:\/\/blogg.svenskakyrkan.se\/diakonibloggen\/author\/diakonibloggen\/","title":"I medm\u00e4nsklighetens namn - Diakonibloggen","type":"rich","width":600,"height":338,"html":"<blockquote class=\"wp-embedded-content\" data-secret=\"F2O11hmv0V\"><a href=\"https:\/\/blogg.svenskakyrkan.se\/diakonibloggen\/2013\/03\/05\/i-medmansklighetens-namn\/\">I medm\u00e4nsklighetens namn<\/a><\/blockquote><iframe sandbox=\"allow-scripts\" security=\"restricted\" src=\"https:\/\/blogg.svenskakyrkan.se\/diakonibloggen\/2013\/03\/05\/i-medmansklighetens-namn\/embed\/#?secret=F2O11hmv0V\" width=\"600\" height=\"338\" title=\"\u201dI medm\u00e4nsklighetens namn\u201d &ndash; Diakonibloggen\" data-secret=\"F2O11hmv0V\" frameborder=\"0\" marginwidth=\"0\" marginheight=\"0\" scrolling=\"no\" class=\"wp-embedded-content\"><\/iframe><script type=\"text\/javascript\">\n\/* <![CDATA[ *\/\n\/*! This file is auto-generated *\/\n!function(d,l){\"use strict\";l.querySelector&&d.addEventListener&&\"undefined\"!=typeof URL&&(d.wp=d.wp||{},d.wp.receiveEmbedMessage||(d.wp.receiveEmbedMessage=function(e){var t=e.data;if((t||t.secret||t.message||t.value)&&!\/[^a-zA-Z0-9]\/.test(t.secret)){for(var s,r,n,a=l.querySelectorAll('iframe[data-secret=\"'+t.secret+'\"]'),o=l.querySelectorAll('blockquote[data-secret=\"'+t.secret+'\"]'),c=new RegExp(\"^https?:$\",\"i\"),i=0;i<o.length;i++)o[i].style.display=\"none\";for(i=0;i<a.length;i++)s=a[i],e.source===s.contentWindow&&(s.removeAttribute(\"style\"),\"height\"===t.message?(1e3<(r=parseInt(t.value,10))?r=1e3:~~r<200&&(r=200),s.height=r):\"link\"===t.message&&(r=new URL(s.getAttribute(\"src\")),n=new URL(t.value),c.test(n.protocol))&&n.host===r.host&&l.activeElement===s&&(d.top.location.href=t.value))}},d.addEventListener(\"message\",d.wp.receiveEmbedMessage,!1),l.addEventListener(\"DOMContentLoaded\",function(){for(var e,t,s=l.querySelectorAll(\"iframe.wp-embedded-content\"),r=0;r<s.length;r++)(t=(e=s[r]).getAttribute(\"data-secret\"))||(t=Math.random().toString(36).substring(2,12),e.src+=\"#?secret=\"+t,e.setAttribute(\"data-secret\",t)),e.contentWindow.postMessage({message:\"ready\",secret:t},\"*\")},!1)))}(window,document);\n\/\/# sourceURL=https:\/\/blogg.svenskakyrkan.se\/diakonibloggen\/wp-includes\/js\/wp-embed.min.js\n\/* ]]> *\/\n<\/script>\n","description":"I flera medier har \u00e4mnet tagits upp &#8211; i bland annat SR p1,\u00a0Aftonbladet, Dagens Seglora, Kyrkans tidning och tidningen Dagen &#8211; fr\u00e5gan om polisens jakt p\u00e5 pappersl\u00f6sa. Projektet REVA (R\u00e4tts\u00e4kert och Effektivt Verkst\u00e4llighetsarbete) har\u00a0inneburit att polisen utf\u00f6r kontroller, bland annat i tunnelbanan i Stockholm, d\u00e4r m\u00e4nniskor med utl\u00e4ndsk bakgrund har ombetts att legitimera sig och [&hellip;]","thumbnail_url":"http:\/\/blogg.svenskakyrkan.se\/diakonibloggen\/files\/2013\/03\/skc3a4rmavbild-2013-03-05-kl-11-59-32.png"}

I medmänsklighetens namn - Diakonibloggen

<blockquote class="wp-embedded-content" data-secret="F2O11hmv0V"><a href="https://blogg.svenskakyrkan.se/diakonibloggen/2013/03/05/i-medmansklighetens-namn/">I medmänsklighetens namn</a></blockquote><iframe sandbox="allow-scripts" security="restricted" src="https://blogg.svenskakyrkan.se/diakonibloggen/2013/03/05/i-medmansklighetens-namn/embed/#?secret=F2O11hmv0V" width="600" height="338" title="”I medmänsklighetens namn” &ndash; Diakonibloggen" data-secret="F2O11hmv0V" frameborder="0" marginwidth="0" marginheight="0" scrolling="no" class="wp-embedded-content"></iframe><script type="text/javascript">
/* <![CDATA[ */
/*! This file is auto-generated */
!function(d,l){"use strict";l.querySelector&&d.addEventListener&&"undefined"!=typeof URL&&(d.wp=d.wp||{},d.wp.receiveEmbedMessage||(d.wp.receiveEmbedMessage=function(e){var t=e.data;if((t||t.secret||t.message||t.value)&&!/[^a-zA-Z0-9]/.test(t.secret)){for(var s,r,n,a=l.querySelectorAll('iframe[data-secret="'+t.secret+'"]'),o=l.querySelectorAll('blockquote[data-secret="'+t.secret+'"]'),c=new RegExp("^https?:$","i"),i=0;i<o.length;i++)o[i].style.display="none";for(i=0;i<a.length;i++)s=a[i],e.source===s.contentWindow&&(s.removeAttribute("style"),"height"===t.message?(1e3<(r=parseInt(t.value,10))?r=1e3:~~r<200&&(r=200),s.height=r):"link"===t.message&&(r=new URL(s.getAttribute("src")),n=new URL(t.value),c.test(n.protocol))&&n.host===r.host&&l.activeElement===s&&(d.top.location.href=t.value))}},d.addEventListener("message",d.wp.receiveEmbedMessage,!1),l.addEventListener("DOMContentLoaded",function(){for(var e,t,s=l.querySelectorAll("iframe.wp-embedded-content"),r=0;r<s.length;r++)(t=(e=s[r]).getAttribute("data-secret"))||(t=Math.random().toString(36).substring(2,12),e.src+="#?secret="+t,e.setAttribute("data-secret",t)),e.contentWindow.postMessage({message:"ready",secret:t},"*")},!1)))}(window,document);
//# sourceURL=https://blogg.svenskakyrkan.se/diakonibloggen/wp-includes/js/wp-embed.min.js
/* ]]> */
</script>

I flera medier har ämnet tagits upp &#8211; i bland annat SR p1, Aftonbladet, Dagens Seglora, Kyrkans tidning och tidningen Dagen &#8211; frågan om polisens jakt på papperslösa. Projektet REVA (Rättsäkert och Effektivt Verkställighetsarbete) har inneburit att polisen utför kontroller, bland annat i tunnelbanan i Stockholm, där människor med utländsk bakgrund har ombetts att legitimera sig och [&hellip;]
