{"version":"1.0","provider_name":"Diakonibloggen","provider_url":"https:\/\/blogg.svenskakyrkan.se\/diakonibloggen","author_name":"diakonibloggen","author_url":"https:\/\/blogg.svenskakyrkan.se\/diakonibloggen\/author\/diakonibloggen\/","title":"Hela M\u00e4nniskan i Almedalen - Diakonibloggen","type":"rich","width":600,"height":338,"html":"<blockquote class=\"wp-embedded-content\" data-secret=\"pCKMZxAK98\"><a href=\"https:\/\/blogg.svenskakyrkan.se\/diakonibloggen\/2015\/06\/23\/hela-manniskan-i-almedalen\/\">Hela M\u00e4nniskan i Almedalen<\/a><\/blockquote><iframe sandbox=\"allow-scripts\" security=\"restricted\" src=\"https:\/\/blogg.svenskakyrkan.se\/diakonibloggen\/2015\/06\/23\/hela-manniskan-i-almedalen\/embed\/#?secret=pCKMZxAK98\" width=\"600\" height=\"338\" title=\"\u201dHela M\u00e4nniskan i Almedalen\u201d &ndash; Diakonibloggen\" data-secret=\"pCKMZxAK98\" frameborder=\"0\" marginwidth=\"0\" marginheight=\"0\" scrolling=\"no\" class=\"wp-embedded-content\"><\/iframe><script type=\"text\/javascript\">\n\/* <![CDATA[ *\/\n\/*! This file is auto-generated *\/\n!function(d,l){\"use strict\";l.querySelector&&d.addEventListener&&\"undefined\"!=typeof URL&&(d.wp=d.wp||{},d.wp.receiveEmbedMessage||(d.wp.receiveEmbedMessage=function(e){var t=e.data;if((t||t.secret||t.message||t.value)&&!\/[^a-zA-Z0-9]\/.test(t.secret)){for(var s,r,n,a=l.querySelectorAll('iframe[data-secret=\"'+t.secret+'\"]'),o=l.querySelectorAll('blockquote[data-secret=\"'+t.secret+'\"]'),c=new RegExp(\"^https?:$\",\"i\"),i=0;i<o.length;i++)o[i].style.display=\"none\";for(i=0;i<a.length;i++)s=a[i],e.source===s.contentWindow&&(s.removeAttribute(\"style\"),\"height\"===t.message?(1e3<(r=parseInt(t.value,10))?r=1e3:~~r<200&&(r=200),s.height=r):\"link\"===t.message&&(r=new URL(s.getAttribute(\"src\")),n=new URL(t.value),c.test(n.protocol))&&n.host===r.host&&l.activeElement===s&&(d.top.location.href=t.value))}},d.addEventListener(\"message\",d.wp.receiveEmbedMessage,!1),l.addEventListener(\"DOMContentLoaded\",function(){for(var e,t,s=l.querySelectorAll(\"iframe.wp-embedded-content\"),r=0;r<s.length;r++)(t=(e=s[r]).getAttribute(\"data-secret\"))||(t=Math.random().toString(36).substring(2,12),e.src+=\"#?secret=\"+t,e.setAttribute(\"data-secret\",t)),e.contentWindow.postMessage({message:\"ready\",secret:t},\"*\")},!1)))}(window,document);\n\/\/# sourceURL=https:\/\/blogg.svenskakyrkan.se\/diakonibloggen\/wp-includes\/js\/wp-embed.min.js\n\/* ]]> *\/\n<\/script>\n","description":"N\u00e4sta vecka \u00e4r det Almedalsveckan i Visby p\u00e5 Gotland. M\u00e5nga organisationer finns d\u00e4r och visar p\u00e5 sin verksamhet och h\u00e5ller seminarier. Hela M\u00e4nniskan h\u00f6rde av sig till diakonibloggen och ville g\u00e4rna sl\u00e5 ett slag f\u00f6r sin verksamhet under Almedalsveckan: Hela M\u00e4nniskan \u00e4r Svenska kyrkans och tio andra kyrkors, kyrkliga organisationers sociala och diakonala arbete. Under [&hellip;]","thumbnail_url":"http:\/\/blogg.svenskakyrkan.se\/diakonibloggen\/files\/2015\/02\/img_7396.png?w=250"}

Hela Människan i Almedalen - Diakonibloggen

<blockquote class="wp-embedded-content" data-secret="pCKMZxAK98"><a href="https://blogg.svenskakyrkan.se/diakonibloggen/2015/06/23/hela-manniskan-i-almedalen/">Hela Människan i Almedalen</a></blockquote><iframe sandbox="allow-scripts" security="restricted" src="https://blogg.svenskakyrkan.se/diakonibloggen/2015/06/23/hela-manniskan-i-almedalen/embed/#?secret=pCKMZxAK98" width="600" height="338" title="”Hela Människan i Almedalen” &ndash; Diakonibloggen" data-secret="pCKMZxAK98" frameborder="0" marginwidth="0" marginheight="0" scrolling="no" class="wp-embedded-content"></iframe><script type="text/javascript">
/* <![CDATA[ */
/*! This file is auto-generated */
!function(d,l){"use strict";l.querySelector&&d.addEventListener&&"undefined"!=typeof URL&&(d.wp=d.wp||{},d.wp.receiveEmbedMessage||(d.wp.receiveEmbedMessage=function(e){var t=e.data;if((t||t.secret||t.message||t.value)&&!/[^a-zA-Z0-9]/.test(t.secret)){for(var s,r,n,a=l.querySelectorAll('iframe[data-secret="'+t.secret+'"]'),o=l.querySelectorAll('blockquote[data-secret="'+t.secret+'"]'),c=new RegExp("^https?:$","i"),i=0;i<o.length;i++)o[i].style.display="none";for(i=0;i<a.length;i++)s=a[i],e.source===s.contentWindow&&(s.removeAttribute("style"),"height"===t.message?(1e3<(r=parseInt(t.value,10))?r=1e3:~~r<200&&(r=200),s.height=r):"link"===t.message&&(r=new URL(s.getAttribute("src")),n=new URL(t.value),c.test(n.protocol))&&n.host===r.host&&l.activeElement===s&&(d.top.location.href=t.value))}},d.addEventListener("message",d.wp.receiveEmbedMessage,!1),l.addEventListener("DOMContentLoaded",function(){for(var e,t,s=l.querySelectorAll("iframe.wp-embedded-content"),r=0;r<s.length;r++)(t=(e=s[r]).getAttribute("data-secret"))||(t=Math.random().toString(36).substring(2,12),e.src+="#?secret="+t,e.setAttribute("data-secret",t)),e.contentWindow.postMessage({message:"ready",secret:t},"*")},!1)))}(window,document);
//# sourceURL=https://blogg.svenskakyrkan.se/diakonibloggen/wp-includes/js/wp-embed.min.js
/* ]]> */
</script>

Nästa vecka är det Almedalsveckan i Visby på Gotland. Många organisationer finns där och visar på sin verksamhet och håller seminarier. Hela Människan hörde av sig till diakonibloggen och ville gärna slå ett slag för sin verksamhet under Almedalsveckan: Hela Människan är Svenska kyrkans och tio andra kyrkors, kyrkliga organisationers sociala och diakonala arbete. Under [&hellip;]
