{"version":"1.0","provider_name":"Diakonibloggen","provider_url":"https:\/\/blogg.svenskakyrkan.se\/diakonibloggen","author_name":"diakonibloggen","author_url":"https:\/\/blogg.svenskakyrkan.se\/diakonibloggen\/author\/diakonibloggen\/","title":"En dag... - Diakonibloggen","type":"rich","width":600,"height":338,"html":"<blockquote class=\"wp-embedded-content\" data-secret=\"2iwA5ot3GN\"><a href=\"https:\/\/blogg.svenskakyrkan.se\/diakonibloggen\/2018\/06\/20\/en-dag\/\">En dag&#8230;<\/a><\/blockquote><iframe sandbox=\"allow-scripts\" security=\"restricted\" src=\"https:\/\/blogg.svenskakyrkan.se\/diakonibloggen\/2018\/06\/20\/en-dag\/embed\/#?secret=2iwA5ot3GN\" width=\"600\" height=\"338\" title=\"\u201dEn dag&#8230;\u201d &ndash; Diakonibloggen\" data-secret=\"2iwA5ot3GN\" frameborder=\"0\" marginwidth=\"0\" marginheight=\"0\" scrolling=\"no\" class=\"wp-embedded-content\"><\/iframe><script type=\"text\/javascript\">\n\/* <![CDATA[ *\/\n\/*! This file is auto-generated *\/\n!function(d,l){\"use strict\";l.querySelector&&d.addEventListener&&\"undefined\"!=typeof URL&&(d.wp=d.wp||{},d.wp.receiveEmbedMessage||(d.wp.receiveEmbedMessage=function(e){var t=e.data;if((t||t.secret||t.message||t.value)&&!\/[^a-zA-Z0-9]\/.test(t.secret)){for(var s,r,n,a=l.querySelectorAll('iframe[data-secret=\"'+t.secret+'\"]'),o=l.querySelectorAll('blockquote[data-secret=\"'+t.secret+'\"]'),c=new RegExp(\"^https?:$\",\"i\"),i=0;i<o.length;i++)o[i].style.display=\"none\";for(i=0;i<a.length;i++)s=a[i],e.source===s.contentWindow&&(s.removeAttribute(\"style\"),\"height\"===t.message?(1e3<(r=parseInt(t.value,10))?r=1e3:~~r<200&&(r=200),s.height=r):\"link\"===t.message&&(r=new URL(s.getAttribute(\"src\")),n=new URL(t.value),c.test(n.protocol))&&n.host===r.host&&l.activeElement===s&&(d.top.location.href=t.value))}},d.addEventListener(\"message\",d.wp.receiveEmbedMessage,!1),l.addEventListener(\"DOMContentLoaded\",function(){for(var e,t,s=l.querySelectorAll(\"iframe.wp-embedded-content\"),r=0;r<s.length;r++)(t=(e=s[r]).getAttribute(\"data-secret\"))||(t=Math.random().toString(36).substring(2,12),e.src+=\"#?secret=\"+t,e.setAttribute(\"data-secret\",t)),e.contentWindow.postMessage({message:\"ready\",secret:t},\"*\")},!1)))}(window,document);\n\/\/# sourceURL=https:\/\/blogg.svenskakyrkan.se\/diakonibloggen\/wp-includes\/js\/wp-embed.min.js\n\/* ]]> *\/\n<\/script>\n","description":"En dag h\u00e4mtar de mina ungdomar Och du s\u00e4ger inget, f\u00f6r det \u00e4r inte dina ungdomar Sen h\u00e4mtar de mig Och du s\u00e4ger inget, f\u00f6r jag \u00e4r inte du Sen h\u00e4mtar de dina ungdomar och dig Och d\u00e5 finns ingen kvar som kan protestera \/Fritt efter pastor Martin Niem\u00f6ller Lena Kronberg &#8221;Solidaritet och civilkurage \u00e4r [&hellip;]","thumbnail_url":"http:\/\/blogg.svenskakyrkan.se\/diakonibloggen\/files\/2018\/06\/bundesarchiv_bild_183-a0706-0018-020_kz_sachsenhausen_hc3a4ftlinge_im_klinkerwerk.jpg?w=339"}

En dag hämtar de mina ungdomar Och du säger inget, för det är inte dina ungdomar Sen hämtar de mig Och du säger inget, för jag är inte du Sen hämtar de dina ungdomar och dig Och då finns ingen kvar som kan protestera /Fritt efter pastor Martin Niemöller Lena Kronberg &#8221;Solidaritet och civilkurage är [&hellip;]
