{"version":"1.0","provider_name":"Ekumenikbloggen","provider_url":"https:\/\/blogg.svenskakyrkan.se\/ekumenik","author_name":"Mona Ker\u00e4nen","author_url":"https:\/\/blogg.svenskakyrkan.se\/ekumenik\/author\/monakeranen\/","title":"At the Heart of Christmas - Ekumenikbloggen","type":"rich","width":600,"height":338,"html":"<blockquote class=\"wp-embedded-content\" data-secret=\"DIufR63645\"><a href=\"https:\/\/blogg.svenskakyrkan.se\/ekumenik\/2021\/12\/14\/at-the-heart-of-christmas\/\">At the Heart of Christmas<\/a><\/blockquote><iframe sandbox=\"allow-scripts\" security=\"restricted\" src=\"https:\/\/blogg.svenskakyrkan.se\/ekumenik\/2021\/12\/14\/at-the-heart-of-christmas\/embed\/#?secret=DIufR63645\" width=\"600\" height=\"338\" title=\"\u201dAt the Heart of Christmas\u201d &ndash; Ekumenikbloggen\" data-secret=\"DIufR63645\" frameborder=\"0\" marginwidth=\"0\" marginheight=\"0\" scrolling=\"no\" class=\"wp-embedded-content\"><\/iframe><script type=\"text\/javascript\">\n\/* <![CDATA[ *\/\n\/*! This file is auto-generated *\/\n!function(d,l){\"use strict\";l.querySelector&&d.addEventListener&&\"undefined\"!=typeof URL&&(d.wp=d.wp||{},d.wp.receiveEmbedMessage||(d.wp.receiveEmbedMessage=function(e){var t=e.data;if((t||t.secret||t.message||t.value)&&!\/[^a-zA-Z0-9]\/.test(t.secret)){for(var s,r,n,a=l.querySelectorAll('iframe[data-secret=\"'+t.secret+'\"]'),o=l.querySelectorAll('blockquote[data-secret=\"'+t.secret+'\"]'),c=new RegExp(\"^https?:$\",\"i\"),i=0;i<o.length;i++)o[i].style.display=\"none\";for(i=0;i<a.length;i++)s=a[i],e.source===s.contentWindow&&(s.removeAttribute(\"style\"),\"height\"===t.message?(1e3<(r=parseInt(t.value,10))?r=1e3:~~r<200&&(r=200),s.height=r):\"link\"===t.message&&(r=new URL(s.getAttribute(\"src\")),n=new URL(t.value),c.test(n.protocol))&&n.host===r.host&&l.activeElement===s&&(d.top.location.href=t.value))}},d.addEventListener(\"message\",d.wp.receiveEmbedMessage,!1),l.addEventListener(\"DOMContentLoaded\",function(){for(var e,t,s=l.querySelectorAll(\"iframe.wp-embedded-content\"),r=0;r<s.length;r++)(t=(e=s[r]).getAttribute(\"data-secret\"))||(t=Math.random().toString(36).substring(2,12),e.src+=\"#?secret=\"+t,e.setAttribute(\"data-secret\",t)),e.contentWindow.postMessage({message:\"ready\",secret:t},\"*\")},!1)))}(window,document);\n\/\/# sourceURL=https:\/\/blogg.svenskakyrkan.se\/ekumenik\/wp-includes\/js\/wp-embed.min.js\n\/* ]]> *\/\n<\/script>\n","description":"I hj\u00e4rtat av julen finns en inbjudan till alla att uppt\u00e4cka \u2013 eller \u00e5teruppt\u00e4cka \u2013 de goda nyheterna om Guds fr\u00e4lsande k\u00e4rlek som uppenbarades i Jesu f\u00f6delse. Det \u00e4r ocks\u00e5 en utmaning f\u00f6r var och en av oss att begrunda i v\u00e5ra hj\u00e4rtan \u2013 som Maria gjorde (Luk. 2:19) \u2013 vad de extraordin\u00e4ra h\u00e4ndelserna under [&hellip;]"}

Mona Keränen

I hjärtat av julen finns en inbjudan till alla att upptäcka – eller återupptäcka – de goda nyheterna om Guds frälsande kärlek som uppenbarades i Jesu födelse. Det är också en utmaning för var och en av oss att begrunda i våra hjärtan – som Maria gjorde (Luk. 2:19) – vad de extraordinära händelserna under [&hellip;]
