{"version":"1.0","provider_name":"Johans och Jennys fasteblogg","provider_url":"https:\/\/blogg.svenskakyrkan.se\/fastebloggen","author_name":"fastebloggen","author_url":"https:\/\/blogg.svenskakyrkan.se\/fastebloggen\/author\/fastebloggen\/","title":"Allas slav - Johans och Jennys fasteblogg","type":"rich","width":600,"height":338,"html":"<blockquote class=\"wp-embedded-content\" data-secret=\"7lQbSfLcaO\"><a href=\"https:\/\/blogg.svenskakyrkan.se\/fastebloggen\/2015\/03\/04\/allas-slav\/\">Allas slav<\/a><\/blockquote><iframe sandbox=\"allow-scripts\" security=\"restricted\" src=\"https:\/\/blogg.svenskakyrkan.se\/fastebloggen\/2015\/03\/04\/allas-slav\/embed\/#?secret=7lQbSfLcaO\" width=\"600\" height=\"338\" title=\"\u201dAllas slav\u201d &ndash; Johans och Jennys fasteblogg\" data-secret=\"7lQbSfLcaO\" frameborder=\"0\" marginwidth=\"0\" marginheight=\"0\" scrolling=\"no\" class=\"wp-embedded-content\"><\/iframe><script type=\"text\/javascript\">\n\/* <![CDATA[ *\/\n\/*! This file is auto-generated *\/\n!function(d,l){\"use strict\";l.querySelector&&d.addEventListener&&\"undefined\"!=typeof URL&&(d.wp=d.wp||{},d.wp.receiveEmbedMessage||(d.wp.receiveEmbedMessage=function(e){var t=e.data;if((t||t.secret||t.message||t.value)&&!\/[^a-zA-Z0-9]\/.test(t.secret)){for(var s,r,n,a=l.querySelectorAll('iframe[data-secret=\"'+t.secret+'\"]'),o=l.querySelectorAll('blockquote[data-secret=\"'+t.secret+'\"]'),c=new RegExp(\"^https?:$\",\"i\"),i=0;i<o.length;i++)o[i].style.display=\"none\";for(i=0;i<a.length;i++)s=a[i],e.source===s.contentWindow&&(s.removeAttribute(\"style\"),\"height\"===t.message?(1e3<(r=parseInt(t.value,10))?r=1e3:~~r<200&&(r=200),s.height=r):\"link\"===t.message&&(r=new URL(s.getAttribute(\"src\")),n=new URL(t.value),c.test(n.protocol))&&n.host===r.host&&l.activeElement===s&&(d.top.location.href=t.value))}},d.addEventListener(\"message\",d.wp.receiveEmbedMessage,!1),l.addEventListener(\"DOMContentLoaded\",function(){for(var e,t,s=l.querySelectorAll(\"iframe.wp-embedded-content\"),r=0;r<s.length;r++)(t=(e=s[r]).getAttribute(\"data-secret\"))||(t=Math.random().toString(36).substring(2,12),e.src+=\"#?secret=\"+t,e.setAttribute(\"data-secret\",t)),e.contentWindow.postMessage({message:\"ready\",secret:t},\"*\")},!1)))}(window,document);\n\/\/# sourceURL=https:\/\/blogg.svenskakyrkan.se\/fastebloggen\/wp-includes\/js\/wp-embed.min.js\n\/* ]]> *\/\n<\/script>\n","description":"Mark 10:43 \u201dMen s\u00e5 \u00e4r det inte hos er. Den som vill vara stor bland er skall vara de andras tj\u00e4nare, och den som vill vara den f\u00f6rste bland er skall vara allas slav. M\u00e4nniskosonen har inte kommit f\u00f6r att bli tj\u00e4nad utan f\u00f6r att tj\u00e4na och ge sitt liv till l\u00f6sen f\u00f6r m\u00e5nga.\u201d &nbsp; [&hellip;]","thumbnail_url":"http:\/\/blogg.svenskakyrkan.se\/fastebloggen\/files\/2015\/02\/Johan-Bremer-200x300.jpg"}

Mark 10:43 ”Men så är det inte hos er. Den som vill vara stor bland er skall vara de andras tjänare, och den som vill vara den förste bland er skall vara allas slav. Människosonen har inte kommit för att bli tjänad utan för att tjäna och ge sitt liv till lösen för många.” &nbsp; [&hellip;]
