{"version":"1.0","provider_name":"Elisabeth Gerle funderar","provider_url":"https:\/\/blogg.svenskakyrkan.se\/gerle","author_name":"Elisabeth Gerle","author_url":"https:\/\/blogg.svenskakyrkan.se\/gerle\/author\/gerle\/","title":"Lucia en h\u00f6gitd med m\u00e5nga lager - Elisabeth Gerle funderar","type":"rich","width":600,"height":338,"html":"<blockquote class=\"wp-embedded-content\" data-secret=\"mRVVzHsFfM\"><a href=\"https:\/\/blogg.svenskakyrkan.se\/gerle\/2011\/12\/13\/lucia-en-hogitd-med-manga-lager\/\">Lucia en h\u00f6gitd med m\u00e5nga lager<\/a><\/blockquote><iframe sandbox=\"allow-scripts\" security=\"restricted\" src=\"https:\/\/blogg.svenskakyrkan.se\/gerle\/2011\/12\/13\/lucia-en-hogitd-med-manga-lager\/embed\/#?secret=mRVVzHsFfM\" width=\"600\" height=\"338\" title=\"\u201dLucia en h\u00f6gitd med m\u00e5nga lager\u201d &ndash; Elisabeth Gerle funderar\" data-secret=\"mRVVzHsFfM\" frameborder=\"0\" marginwidth=\"0\" marginheight=\"0\" scrolling=\"no\" class=\"wp-embedded-content\"><\/iframe><script type=\"text\/javascript\">\n\/* <![CDATA[ *\/\n\/*! This file is auto-generated *\/\n!function(d,l){\"use strict\";l.querySelector&&d.addEventListener&&\"undefined\"!=typeof URL&&(d.wp=d.wp||{},d.wp.receiveEmbedMessage||(d.wp.receiveEmbedMessage=function(e){var t=e.data;if((t||t.secret||t.message||t.value)&&!\/[^a-zA-Z0-9]\/.test(t.secret)){for(var s,r,n,a=l.querySelectorAll('iframe[data-secret=\"'+t.secret+'\"]'),o=l.querySelectorAll('blockquote[data-secret=\"'+t.secret+'\"]'),c=new RegExp(\"^https?:$\",\"i\"),i=0;i<o.length;i++)o[i].style.display=\"none\";for(i=0;i<a.length;i++)s=a[i],e.source===s.contentWindow&&(s.removeAttribute(\"style\"),\"height\"===t.message?(1e3<(r=parseInt(t.value,10))?r=1e3:~~r<200&&(r=200),s.height=r):\"link\"===t.message&&(r=new URL(s.getAttribute(\"src\")),n=new URL(t.value),c.test(n.protocol))&&n.host===r.host&&l.activeElement===s&&(d.top.location.href=t.value))}},d.addEventListener(\"message\",d.wp.receiveEmbedMessage,!1),l.addEventListener(\"DOMContentLoaded\",function(){for(var e,t,s=l.querySelectorAll(\"iframe.wp-embedded-content\"),r=0;r<s.length;r++)(t=(e=s[r]).getAttribute(\"data-secret\"))||(t=Math.random().toString(36).substring(2,12),e.src+=\"#?secret=\"+t,e.setAttribute(\"data-secret\",t)),e.contentWindow.postMessage({message:\"ready\",secret:t},\"*\")},!1)))}(window,document);\n\/\/# sourceURL=https:\/\/blogg.svenskakyrkan.se\/gerle\/wp-includes\/js\/wp-embed.min.js\n\/* ]]> *\/\n<\/script>\n","description":"Lucia firas 13 december. Den l\u00e4ngsta natten tycks aldrig ta slut. M\u00f6rkret ger sig inte. Men d\u00e5 upptr\u00e4der vitkl\u00e4dda gestalter och sjunger. En besv\u00e4rjelse mot m\u00f6rkret. S\u00e5 har det varit och s\u00e5 \u00e4r det fortfarande. I folktron var detta en natt d\u00e5 trollen och m\u00f6rka makter r\u00e5dde. Kanske anspelar &#8221;Lusse lelle&#8221; p\u00e5 trollet som m\u00e5ste [&hellip;]"}

Lucia en högitd med många lager - Elisabeth Gerle funderar

<blockquote class="wp-embedded-content" data-secret="mRVVzHsFfM"><a href="https://blogg.svenskakyrkan.se/gerle/2011/12/13/lucia-en-hogitd-med-manga-lager/">Lucia en högitd med många lager</a></blockquote><iframe sandbox="allow-scripts" security="restricted" src="https://blogg.svenskakyrkan.se/gerle/2011/12/13/lucia-en-hogitd-med-manga-lager/embed/#?secret=mRVVzHsFfM" width="600" height="338" title="”Lucia en högitd med många lager” &ndash; Elisabeth Gerle funderar" data-secret="mRVVzHsFfM" frameborder="0" marginwidth="0" marginheight="0" scrolling="no" class="wp-embedded-content"></iframe><script type="text/javascript">
/* <![CDATA[ */
/*! This file is auto-generated */
!function(d,l){"use strict";l.querySelector&&d.addEventListener&&"undefined"!=typeof URL&&(d.wp=d.wp||{},d.wp.receiveEmbedMessage||(d.wp.receiveEmbedMessage=function(e){var t=e.data;if((t||t.secret||t.message||t.value)&&!/[^a-zA-Z0-9]/.test(t.secret)){for(var s,r,n,a=l.querySelectorAll('iframe[data-secret="'+t.secret+'"]'),o=l.querySelectorAll('blockquote[data-secret="'+t.secret+'"]'),c=new RegExp("^https?:$","i"),i=0;i<o.length;i++)o[i].style.display="none";for(i=0;i<a.length;i++)s=a[i],e.source===s.contentWindow&&(s.removeAttribute("style"),"height"===t.message?(1e3<(r=parseInt(t.value,10))?r=1e3:~~r<200&&(r=200),s.height=r):"link"===t.message&&(r=new URL(s.getAttribute("src")),n=new URL(t.value),c.test(n.protocol))&&n.host===r.host&&l.activeElement===s&&(d.top.location.href=t.value))}},d.addEventListener("message",d.wp.receiveEmbedMessage,!1),l.addEventListener("DOMContentLoaded",function(){for(var e,t,s=l.querySelectorAll("iframe.wp-embedded-content"),r=0;r<s.length;r++)(t=(e=s[r]).getAttribute("data-secret"))||(t=Math.random().toString(36).substring(2,12),e.src+="#?secret="+t,e.setAttribute("data-secret",t)),e.contentWindow.postMessage({message:"ready",secret:t},"*")},!1)))}(window,document);
//# sourceURL=https://blogg.svenskakyrkan.se/gerle/wp-includes/js/wp-embed.min.js
/* ]]> */
</script>

Lucia firas 13 december. Den längsta natten tycks aldrig ta slut. Mörkret ger sig inte. Men då uppträder vitklädda gestalter och sjunger. En besvärjelse mot mörkret. Så har det varit och så är det fortfarande. I folktron var detta en natt då trollen och mörka makter rådde. Kanske anspelar &#8221;Lusse lelle&#8221; på trollet som måste [&hellip;]
