{"version":"1.0","provider_name":"Elisabeth Gerle funderar","provider_url":"https:\/\/blogg.svenskakyrkan.se\/gerle","author_name":"Elisabeth Gerle","author_url":"https:\/\/blogg.svenskakyrkan.se\/gerle\/author\/gerle\/","title":"K\u00e4rlekens byr\u00e5krati - Elisabeth Gerle funderar","type":"rich","width":600,"height":338,"html":"<blockquote class=\"wp-embedded-content\" data-secret=\"4MTGLR9vwH\"><a href=\"https:\/\/blogg.svenskakyrkan.se\/gerle\/2012\/02\/19\/karlekens-byrakrati\/\">K\u00e4rlekens byr\u00e5krati<\/a><\/blockquote><iframe sandbox=\"allow-scripts\" security=\"restricted\" src=\"https:\/\/blogg.svenskakyrkan.se\/gerle\/2012\/02\/19\/karlekens-byrakrati\/embed\/#?secret=4MTGLR9vwH\" width=\"600\" height=\"338\" title=\"\u201dK\u00e4rlekens byr\u00e5krati\u201d &ndash; Elisabeth Gerle funderar\" data-secret=\"4MTGLR9vwH\" frameborder=\"0\" marginwidth=\"0\" marginheight=\"0\" scrolling=\"no\" class=\"wp-embedded-content\"><\/iframe><script type=\"text\/javascript\">\n\/* <![CDATA[ *\/\n\/*! This file is auto-generated *\/\n!function(d,l){\"use strict\";l.querySelector&&d.addEventListener&&\"undefined\"!=typeof URL&&(d.wp=d.wp||{},d.wp.receiveEmbedMessage||(d.wp.receiveEmbedMessage=function(e){var t=e.data;if((t||t.secret||t.message||t.value)&&!\/[^a-zA-Z0-9]\/.test(t.secret)){for(var s,r,n,a=l.querySelectorAll('iframe[data-secret=\"'+t.secret+'\"]'),o=l.querySelectorAll('blockquote[data-secret=\"'+t.secret+'\"]'),c=new RegExp(\"^https?:$\",\"i\"),i=0;i<o.length;i++)o[i].style.display=\"none\";for(i=0;i<a.length;i++)s=a[i],e.source===s.contentWindow&&(s.removeAttribute(\"style\"),\"height\"===t.message?(1e3<(r=parseInt(t.value,10))?r=1e3:~~r<200&&(r=200),s.height=r):\"link\"===t.message&&(r=new URL(s.getAttribute(\"src\")),n=new URL(t.value),c.test(n.protocol))&&n.host===r.host&&l.activeElement===s&&(d.top.location.href=t.value))}},d.addEventListener(\"message\",d.wp.receiveEmbedMessage,!1),l.addEventListener(\"DOMContentLoaded\",function(){for(var e,t,s=l.querySelectorAll(\"iframe.wp-embedded-content\"),r=0;r<s.length;r++)(t=(e=s[r]).getAttribute(\"data-secret\"))||(t=Math.random().toString(36).substring(2,12),e.src+=\"#?secret=\"+t,e.setAttribute(\"data-secret\",t)),e.contentWindow.postMessage({message:\"ready\",secret:t},\"*\")},!1)))}(window,document);\n\/\/# sourceURL=https:\/\/blogg.svenskakyrkan.se\/gerle\/wp-includes\/js\/wp-embed.min.js\n\/* ]]> *\/\n<\/script>\n","description":"Ordet byr\u00e5krat har s\u00e4llan en positiv klang. Snarare tv\u00e4rtom. Det l\u00e5ter tr\u00e5kigt och omst\u00e4ndligt. Byr\u00e5kratin beg\u00e4r att vi ska fylla i alla papper r\u00e4tt. Inte alltid l\u00e4tt. Men byr\u00e5krati betyder ocks\u00e5 r\u00e4ttss\u00e4kerhet och genomskinlighet, det statsvetare kallar transparens. N\u00e5got oundvikligt f\u00f6r demokratin d\u00e4r man ska kunna g\u00e5 tillbaka och se hur beslut fattats och av [&hellip;]"}

Kärlekens byråkrati - Elisabeth Gerle funderar

<blockquote class="wp-embedded-content" data-secret="4MTGLR9vwH"><a href="https://blogg.svenskakyrkan.se/gerle/2012/02/19/karlekens-byrakrati/">Kärlekens byråkrati</a></blockquote><iframe sandbox="allow-scripts" security="restricted" src="https://blogg.svenskakyrkan.se/gerle/2012/02/19/karlekens-byrakrati/embed/#?secret=4MTGLR9vwH" width="600" height="338" title="”Kärlekens byråkrati” &ndash; Elisabeth Gerle funderar" data-secret="4MTGLR9vwH" frameborder="0" marginwidth="0" marginheight="0" scrolling="no" class="wp-embedded-content"></iframe><script type="text/javascript">
/* <![CDATA[ */
/*! This file is auto-generated */
!function(d,l){"use strict";l.querySelector&&d.addEventListener&&"undefined"!=typeof URL&&(d.wp=d.wp||{},d.wp.receiveEmbedMessage||(d.wp.receiveEmbedMessage=function(e){var t=e.data;if((t||t.secret||t.message||t.value)&&!/[^a-zA-Z0-9]/.test(t.secret)){for(var s,r,n,a=l.querySelectorAll('iframe[data-secret="'+t.secret+'"]'),o=l.querySelectorAll('blockquote[data-secret="'+t.secret+'"]'),c=new RegExp("^https?:$","i"),i=0;i<o.length;i++)o[i].style.display="none";for(i=0;i<a.length;i++)s=a[i],e.source===s.contentWindow&&(s.removeAttribute("style"),"height"===t.message?(1e3<(r=parseInt(t.value,10))?r=1e3:~~r<200&&(r=200),s.height=r):"link"===t.message&&(r=new URL(s.getAttribute("src")),n=new URL(t.value),c.test(n.protocol))&&n.host===r.host&&l.activeElement===s&&(d.top.location.href=t.value))}},d.addEventListener("message",d.wp.receiveEmbedMessage,!1),l.addEventListener("DOMContentLoaded",function(){for(var e,t,s=l.querySelectorAll("iframe.wp-embedded-content"),r=0;r<s.length;r++)(t=(e=s[r]).getAttribute("data-secret"))||(t=Math.random().toString(36).substring(2,12),e.src+="#?secret="+t,e.setAttribute("data-secret",t)),e.contentWindow.postMessage({message:"ready",secret:t},"*")},!1)))}(window,document);
//# sourceURL=https://blogg.svenskakyrkan.se/gerle/wp-includes/js/wp-embed.min.js
/* ]]> */
</script>

Ordet byråkrat har sällan en positiv klang. Snarare tvärtom. Det låter tråkigt och omständligt. Byråkratin begär att vi ska fylla i alla papper rätt. Inte alltid lätt. Men byråkrati betyder också rättssäkerhet och genomskinlighet, det statsvetare kallar transparens. Något oundvikligt för demokratin där man ska kunna gå tillbaka och se hur beslut fattats och av [&hellip;]
