{"id":463,"date":"2014-02-07T12:49:32","date_gmt":"2014-02-07T11:49:32","guid":{"rendered":"http:\/\/blogg.svenskakyrkan.se\/harhjartatslutatsla\/?page_id=463"},"modified":"2017-04-23T18:09:46","modified_gmt":"2017-04-23T16:09:46","slug":"sagt-om-har-hjartat-slutat-sla","status":"publish","type":"page","link":"https:\/\/blogg.svenskakyrkan.se\/harhjartatslutatsla\/sagt-om-har-hjartat-slutat-sla\/","title":{"rendered":"Sagt om &#8230;"},"content":{"rendered":"<p><em>&#8221;Oerh\u00f6rt starkt, vackert och vemodigt med fantastisk s\u00e5ng och musik. Har hj\u00e4rtat slutat sl\u00e5? ger den som sj\u00e4lv mist ett litet barn en unik m\u00f6jlighet att f\u00e5 b\u00e5de lev och gr\u00e5ta, att minnas med m\u00e5nga sinnen och att f\u00e5 m\u00f6jlighet att dela upplevelsen med andra.&#8221; <\/em>Jeanette Neij, f\u00f6r\u00e4lder som mist barn och f\u00f6rfattare till boken Medan k\u00f6rsb\u00e4rstr\u00e4den blommar &#8211; Om sorgen efter f\u00f6rlusten av ett barn<\/p>\n<p><em><em>&#8221;Den vackra musikber\u00e4ttelsen griper verkligen tag om hj\u00e4rtat &#8211; vare sig du sj\u00e4lv har f\u00f6rlorat ett barn eller inte &#8211; och sl\u00e4pper inte taget f\u00f6rr\u00e4n vi f\u00f6rst\u00e5r att parallellt med det djupt sorgliga finns ocks\u00e5 en enorm lycka och gl\u00e4dje.&#8221;<\/em>\u00a0<\/em> Elaine Kriisa, verksamhetsutvecklare p\u00e5 Sensus<\/p>\n<p><em>&#8221;Det handlar om d\u00f6d men visar p\u00e5 liv. Musiken blir som hj\u00e4rtslag som forts\u00e4tter att ticka n\u00e4r livets puls slutat sl\u00e5.&#8221;\u00a0<\/em>Carin \u00c5blad Lundstr\u00f6m, pr\u00e4st och teol.dr. som forskat om f\u00f6r\u00e4ldrars erfarenheter av riter efter sp\u00e4dbarnsd\u00f6d<\/p>\n<p><em>&#8221;Trots att f\u00f6rest\u00e4llningen ber\u00f6r n\u00e5got s\u00e5 sm\u00e4rtsamt l\u00e4mnar jag rummet med en k\u00e4nsla av hopp.&#8221;\u00a0<\/em>Anna Berndes, pastor Immanuelskyrkan<\/p>\n<p><em>&#8221;Bra gudstj\u00e4nstmusik!&#8221; \u00a0<\/em>Ingmar Joh\u00e1nsson, kyrkoherde i St Johannes f\u00f6rsamling som anv\u00e4nt musik ur Har hj\u00e4rtat slutat sl\u00e5? i temam\u00e4ssor om sorg och f\u00f6rlust<\/p>\n","protected":false},"excerpt":{"rendered":"<p>&#8221;Oerh\u00f6rt starkt, vackert och vemodigt med fantastisk s\u00e5ng och musik. Har hj\u00e4rtat slutat sl\u00e5? ger den som sj\u00e4lv mist ett litet barn en unik m\u00f6jlighet att f\u00e5 b\u00e5de lev och gr\u00e5ta, att minnas med m\u00e5nga sinnen och att f\u00e5 m\u00f6jlighet att dela upplevelsen med andra.&#8221; Jeanette Neij, f\u00f6r\u00e4lder som mist barn och f\u00f6rfattare till boken [&hellip;]<\/p>\n","protected":false},"author":281,"featured_media":0,"parent":0,"menu_order":0,"comment_status":"closed","ping_status":"closed","template":"","meta":{"_acf_changed":false,"footnotes":""},"class_list":["post-463","page","type-page","status-publish","hentry"],"acf":[],"yoast_head":"<!-- This site is optimized with the Yoast SEO plugin v27.1.1 - https:\/\/yoast.com\/product\/yoast-seo-wordpress\/ -->\n<title>Sagt om ... - Har hj\u00e4rtat slutat sl\u00e5?<\/title>\n<meta name=\"robots\" content=\"index, follow, max-snippet:-1, max-image-preview:large, max-video-preview:-1\" \/>\n<link rel=\"canonical\" href=\"https:\/\/blogg.svenskakyrkan.se\/harhjartatslutatsla\/sagt-om-har-hjartat-slutat-sla\/\" \/>\n<meta property=\"og:locale\" content=\"sv_SE\" \/>\n<meta property=\"og:type\" content=\"article\" \/>\n<meta property=\"og:title\" content=\"Sagt om ... - Har hj\u00e4rtat slutat sl\u00e5?\" \/>\n<meta property=\"og:description\" content=\"&#8221;Oerh\u00f6rt starkt, vackert och vemodigt med fantastisk s\u00e5ng och musik. Har hj\u00e4rtat slutat sl\u00e5? ger den som sj\u00e4lv mist ett litet barn en unik m\u00f6jlighet att f\u00e5 b\u00e5de lev och gr\u00e5ta, att minnas med m\u00e5nga sinnen och att f\u00e5 m\u00f6jlighet att dela upplevelsen med andra.&#8221; Jeanette Neij, f\u00f6r\u00e4lder som mist barn och f\u00f6rfattare till boken [&hellip;]\" \/>\n<meta property=\"og:url\" content=\"https:\/\/blogg.svenskakyrkan.se\/harhjartatslutatsla\/sagt-om-har-hjartat-slutat-sla\/\" \/>\n<meta property=\"og:site_name\" content=\"Har hj\u00e4rtat slutat sl\u00e5?\" \/>\n<meta property=\"article:modified_time\" content=\"2017-04-23T16:09:46+00:00\" \/>\n<meta name=\"twitter:card\" content=\"summary_large_image\" \/>\n<meta name=\"twitter:label1\" content=\"Ber\u00e4knad l\u00e4stid\" \/>\n\t<meta name=\"twitter:data1\" content=\"1 minut\" \/>\n<script type=\"application\/ld+json\" class=\"yoast-schema-graph\">{\"@context\":\"https:\/\/schema.org\",\"@graph\":[{\"@type\":\"WebPage\",\"@id\":\"https:\/\/blogg.svenskakyrkan.se\/harhjartatslutatsla\/sagt-om-har-hjartat-slutat-sla\/\",\"url\":\"https:\/\/blogg.svenskakyrkan.se\/harhjartatslutatsla\/sagt-om-har-hjartat-slutat-sla\/\",\"name\":\"Sagt om ... - Har hj\u00e4rtat slutat sl\u00e5?\",\"isPartOf\":{\"@id\":\"https:\/\/blogg.svenskakyrkan.se\/harhjartatslutatsla\/#website\"},\"datePublished\":\"2014-02-07T11:49:32+00:00\",\"dateModified\":\"2017-04-23T16:09:46+00:00\",\"breadcrumb\":{\"@id\":\"https:\/\/blogg.svenskakyrkan.se\/harhjartatslutatsla\/sagt-om-har-hjartat-slutat-sla\/#breadcrumb\"},\"inLanguage\":\"sv-SE\",\"potentialAction\":[{\"@type\":\"ReadAction\",\"target\":[\"https:\/\/blogg.svenskakyrkan.se\/harhjartatslutatsla\/sagt-om-har-hjartat-slutat-sla\/\"]}]},{\"@type\":\"BreadcrumbList\",\"@id\":\"https:\/\/blogg.svenskakyrkan.se\/harhjartatslutatsla\/sagt-om-har-hjartat-slutat-sla\/#breadcrumb\",\"itemListElement\":[{\"@type\":\"ListItem\",\"position\":1,\"name\":\"Hem\",\"item\":\"https:\/\/blogg.svenskakyrkan.se\/harhjartatslutatsla\/\"},{\"@type\":\"ListItem\",\"position\":2,\"name\":\"Sagt om &#8230;\"}]},{\"@type\":\"WebSite\",\"@id\":\"https:\/\/blogg.svenskakyrkan.se\/harhjartatslutatsla\/#website\",\"url\":\"https:\/\/blogg.svenskakyrkan.se\/harhjartatslutatsla\/\",\"name\":\"Har hj\u00e4rtat slutat sl\u00e5?\",\"description\":\"En musikber\u00e4ttelse om att f\u00f6rlora barn.\",\"potentialAction\":[{\"@type\":\"SearchAction\",\"target\":{\"@type\":\"EntryPoint\",\"urlTemplate\":\"https:\/\/blogg.svenskakyrkan.se\/harhjartatslutatsla\/?s={search_term_string}\"},\"query-input\":{\"@type\":\"PropertyValueSpecification\",\"valueRequired\":true,\"valueName\":\"search_term_string\"}}],\"inLanguage\":\"sv-SE\"}]}<\/script>\n<!-- \/ Yoast SEO plugin. -->","yoast_head_json":{"title":"Sagt om ... - Har hj\u00e4rtat slutat sl\u00e5?","robots":{"index":"index","follow":"follow","max-snippet":"max-snippet:-1","max-image-preview":"max-image-preview:large","max-video-preview":"max-video-preview:-1"},"canonical":"https:\/\/blogg.svenskakyrkan.se\/harhjartatslutatsla\/sagt-om-har-hjartat-slutat-sla\/","og_locale":"sv_SE","og_type":"article","og_title":"Sagt om ... - Har hj\u00e4rtat slutat sl\u00e5?","og_description":"&#8221;Oerh\u00f6rt starkt, vackert och vemodigt med fantastisk s\u00e5ng och musik. Har hj\u00e4rtat slutat sl\u00e5? ger den som sj\u00e4lv mist ett litet barn en unik m\u00f6jlighet att f\u00e5 b\u00e5de lev och gr\u00e5ta, att minnas med m\u00e5nga sinnen och att f\u00e5 m\u00f6jlighet att dela upplevelsen med andra.&#8221; Jeanette Neij, f\u00f6r\u00e4lder som mist barn och f\u00f6rfattare till boken [&hellip;]","og_url":"https:\/\/blogg.svenskakyrkan.se\/harhjartatslutatsla\/sagt-om-har-hjartat-slutat-sla\/","og_site_name":"Har hj\u00e4rtat slutat sl\u00e5?","article_modified_time":"2017-04-23T16:09:46+00:00","twitter_card":"summary_large_image","twitter_misc":{"Ber\u00e4knad l\u00e4stid":"1 minut"},"schema":{"@context":"https:\/\/schema.org","@graph":[{"@type":"WebPage","@id":"https:\/\/blogg.svenskakyrkan.se\/harhjartatslutatsla\/sagt-om-har-hjartat-slutat-sla\/","url":"https:\/\/blogg.svenskakyrkan.se\/harhjartatslutatsla\/sagt-om-har-hjartat-slutat-sla\/","name":"Sagt om ... - Har hj\u00e4rtat slutat sl\u00e5?","isPartOf":{"@id":"https:\/\/blogg.svenskakyrkan.se\/harhjartatslutatsla\/#website"},"datePublished":"2014-02-07T11:49:32+00:00","dateModified":"2017-04-23T16:09:46+00:00","breadcrumb":{"@id":"https:\/\/blogg.svenskakyrkan.se\/harhjartatslutatsla\/sagt-om-har-hjartat-slutat-sla\/#breadcrumb"},"inLanguage":"sv-SE","potentialAction":[{"@type":"ReadAction","target":["https:\/\/blogg.svenskakyrkan.se\/harhjartatslutatsla\/sagt-om-har-hjartat-slutat-sla\/"]}]},{"@type":"BreadcrumbList","@id":"https:\/\/blogg.svenskakyrkan.se\/harhjartatslutatsla\/sagt-om-har-hjartat-slutat-sla\/#breadcrumb","itemListElement":[{"@type":"ListItem","position":1,"name":"Hem","item":"https:\/\/blogg.svenskakyrkan.se\/harhjartatslutatsla\/"},{"@type":"ListItem","position":2,"name":"Sagt om &#8230;"}]},{"@type":"WebSite","@id":"https:\/\/blogg.svenskakyrkan.se\/harhjartatslutatsla\/#website","url":"https:\/\/blogg.svenskakyrkan.se\/harhjartatslutatsla\/","name":"Har hj\u00e4rtat slutat sl\u00e5?","description":"En musikber\u00e4ttelse om att f\u00f6rlora barn.","potentialAction":[{"@type":"SearchAction","target":{"@type":"EntryPoint","urlTemplate":"https:\/\/blogg.svenskakyrkan.se\/harhjartatslutatsla\/?s={search_term_string}"},"query-input":{"@type":"PropertyValueSpecification","valueRequired":true,"valueName":"search_term_string"}}],"inLanguage":"sv-SE"}]}},"_links":{"self":[{"href":"https:\/\/blogg.svenskakyrkan.se\/harhjartatslutatsla\/wp-json\/wp\/v2\/pages\/463","targetHints":{"allow":["GET"]}}],"collection":[{"href":"https:\/\/blogg.svenskakyrkan.se\/harhjartatslutatsla\/wp-json\/wp\/v2\/pages"}],"about":[{"href":"https:\/\/blogg.svenskakyrkan.se\/harhjartatslutatsla\/wp-json\/wp\/v2\/types\/page"}],"author":[{"embeddable":true,"href":"https:\/\/blogg.svenskakyrkan.se\/harhjartatslutatsla\/wp-json\/wp\/v2\/users\/281"}],"replies":[{"embeddable":true,"href":"https:\/\/blogg.svenskakyrkan.se\/harhjartatslutatsla\/wp-json\/wp\/v2\/comments?post=463"}],"version-history":[{"count":13,"href":"https:\/\/blogg.svenskakyrkan.se\/harhjartatslutatsla\/wp-json\/wp\/v2\/pages\/463\/revisions"}],"predecessor-version":[{"id":526,"href":"https:\/\/blogg.svenskakyrkan.se\/harhjartatslutatsla\/wp-json\/wp\/v2\/pages\/463\/revisions\/526"}],"wp:attachment":[{"href":"https:\/\/blogg.svenskakyrkan.se\/harhjartatslutatsla\/wp-json\/wp\/v2\/media?parent=463"}],"curies":[{"name":"wp","href":"https:\/\/api.w.org\/{rel}","templated":true}]}}