{"version":"1.0","provider_name":"Insikten - Floby pastorat","provider_url":"https:\/\/blogg.svenskakyrkan.se\/insikten","author_name":"Floby pastorat","author_url":"https:\/\/blogg.svenskakyrkan.se\/insikten\/author\/helenataubner\/","title":"Med Jesus som f\u00f6rebild - Insikten - Floby pastorat","type":"rich","width":600,"height":338,"html":"<blockquote class=\"wp-embedded-content\" data-secret=\"ITUVlSBCBh\"><a href=\"https:\/\/blogg.svenskakyrkan.se\/insikten\/2021\/12\/13\/med-jesus-som-forebild\/\">Med Jesus som f\u00f6rebild<\/a><\/blockquote><iframe sandbox=\"allow-scripts\" security=\"restricted\" src=\"https:\/\/blogg.svenskakyrkan.se\/insikten\/2021\/12\/13\/med-jesus-som-forebild\/embed\/#?secret=ITUVlSBCBh\" width=\"600\" height=\"338\" title=\"\u201dMed Jesus som f\u00f6rebild\u201d &ndash; Insikten - Floby pastorat\" data-secret=\"ITUVlSBCBh\" frameborder=\"0\" marginwidth=\"0\" marginheight=\"0\" scrolling=\"no\" class=\"wp-embedded-content\"><\/iframe><script type=\"text\/javascript\">\n\/* <![CDATA[ *\/\n\/*! This file is auto-generated *\/\n!function(d,l){\"use strict\";l.querySelector&&d.addEventListener&&\"undefined\"!=typeof URL&&(d.wp=d.wp||{},d.wp.receiveEmbedMessage||(d.wp.receiveEmbedMessage=function(e){var t=e.data;if((t||t.secret||t.message||t.value)&&!\/[^a-zA-Z0-9]\/.test(t.secret)){for(var s,r,n,a=l.querySelectorAll('iframe[data-secret=\"'+t.secret+'\"]'),o=l.querySelectorAll('blockquote[data-secret=\"'+t.secret+'\"]'),c=new RegExp(\"^https?:$\",\"i\"),i=0;i<o.length;i++)o[i].style.display=\"none\";for(i=0;i<a.length;i++)s=a[i],e.source===s.contentWindow&&(s.removeAttribute(\"style\"),\"height\"===t.message?(1e3<(r=parseInt(t.value,10))?r=1e3:~~r<200&&(r=200),s.height=r):\"link\"===t.message&&(r=new URL(s.getAttribute(\"src\")),n=new URL(t.value),c.test(n.protocol))&&n.host===r.host&&l.activeElement===s&&(d.top.location.href=t.value))}},d.addEventListener(\"message\",d.wp.receiveEmbedMessage,!1),l.addEventListener(\"DOMContentLoaded\",function(){for(var e,t,s=l.querySelectorAll(\"iframe.wp-embedded-content\"),r=0;r<s.length;r++)(t=(e=s[r]).getAttribute(\"data-secret\"))||(t=Math.random().toString(36).substring(2,12),e.src+=\"#?secret=\"+t,e.setAttribute(\"data-secret\",t)),e.contentWindow.postMessage({message:\"ready\",secret:t},\"*\")},!1)))}(window,document);\n\/\/# sourceURL=https:\/\/blogg.svenskakyrkan.se\/insikten\/wp-includes\/js\/wp-embed.min.js\n\/* ]]> *\/\n<\/script>\n","thumbnail_url":"https:\/\/blogg.svenskakyrkan.se\/insikten\/files\/2021\/12\/Skarmavbild-2021-12-13-kl.-18.44.42-1018x1024.png","thumbnail_width":1018,"thumbnail_height":1024,"description":"Peter Jorm\u00e9us \u00e4r ordf\u00f6rande f\u00f6r Hela M\u00e4nniskan RIA Falk\u00f6ping. Verksamheten startades 1978 av kyrkorna i Falk\u00f6ping och v\u00e4nder sig till m\u00e4n-niskor som p\u00e5 grund av heml\u00f6shet, kriminalitet, drogproblem eller liknande befinner sig i en socialt utsatt livssituation. F\u00f6rebilden \u00e4r Jesus och hans sj\u00e4lvklara s\u00e4tt att hj\u00e4lpa m\u00e4nniskor. H\u00e4r f\u00e5r vi f\u00f6lja ett samtal mellan Peter [&hellip;]"}

Med Jesus som förebild - Insikten - Floby pastorat

<blockquote class="wp-embedded-content" data-secret="ITUVlSBCBh"><a href="https://blogg.svenskakyrkan.se/insikten/2021/12/13/med-jesus-som-forebild/">Med Jesus som förebild</a></blockquote><iframe sandbox="allow-scripts" security="restricted" src="https://blogg.svenskakyrkan.se/insikten/2021/12/13/med-jesus-som-forebild/embed/#?secret=ITUVlSBCBh" width="600" height="338" title="”Med Jesus som förebild” &ndash; Insikten - Floby pastorat" data-secret="ITUVlSBCBh" frameborder="0" marginwidth="0" marginheight="0" scrolling="no" class="wp-embedded-content"></iframe><script type="text/javascript">
/* <![CDATA[ */
/*! This file is auto-generated */
!function(d,l){"use strict";l.querySelector&&d.addEventListener&&"undefined"!=typeof URL&&(d.wp=d.wp||{},d.wp.receiveEmbedMessage||(d.wp.receiveEmbedMessage=function(e){var t=e.data;if((t||t.secret||t.message||t.value)&&!/[^a-zA-Z0-9]/.test(t.secret)){for(var s,r,n,a=l.querySelectorAll('iframe[data-secret="'+t.secret+'"]'),o=l.querySelectorAll('blockquote[data-secret="'+t.secret+'"]'),c=new RegExp("^https?:$","i"),i=0;i<o.length;i++)o[i].style.display="none";for(i=0;i<a.length;i++)s=a[i],e.source===s.contentWindow&&(s.removeAttribute("style"),"height"===t.message?(1e3<(r=parseInt(t.value,10))?r=1e3:~~r<200&&(r=200),s.height=r):"link"===t.message&&(r=new URL(s.getAttribute("src")),n=new URL(t.value),c.test(n.protocol))&&n.host===r.host&&l.activeElement===s&&(d.top.location.href=t.value))}},d.addEventListener("message",d.wp.receiveEmbedMessage,!1),l.addEventListener("DOMContentLoaded",function(){for(var e,t,s=l.querySelectorAll("iframe.wp-embedded-content"),r=0;r<s.length;r++)(t=(e=s[r]).getAttribute("data-secret"))||(t=Math.random().toString(36).substring(2,12),e.src+="#?secret="+t,e.setAttribute("data-secret",t)),e.contentWindow.postMessage({message:"ready",secret:t},"*")},!1)))}(window,document);
//# sourceURL=https://blogg.svenskakyrkan.se/insikten/wp-includes/js/wp-embed.min.js
/* ]]> */
</script>

Peter Jorméus är ordförande för Hela Människan RIA Falköping. Verksamheten startades 1978 av kyrkorna i Falköping och vänder sig till män-niskor som på grund av hemlöshet, kriminalitet, drogproblem eller liknande befinner sig i en socialt utsatt livssituation. Förebilden är Jesus och hans självklara sätt att hjälpa människor. Här får vi följa ett samtal mellan Peter [&hellip;]
