{"version":"1.0","provider_name":"Insikten - Floby pastorat","provider_url":"https:\/\/blogg.svenskakyrkan.se\/insikten","author_name":"Floby pastorat","author_url":"https:\/\/blogg.svenskakyrkan.se\/insikten\/author\/helenataubner\/","title":"Med sorgen som klangbotten - Insikten - Floby pastorat","type":"rich","width":600,"height":338,"html":"<blockquote class=\"wp-embedded-content\" data-secret=\"3xuFFB7YNO\"><a href=\"https:\/\/blogg.svenskakyrkan.se\/insikten\/2022\/03\/22\/med-sorgen-som-klangbotten\/\">Med sorgen som klangbotten<\/a><\/blockquote><iframe sandbox=\"allow-scripts\" security=\"restricted\" src=\"https:\/\/blogg.svenskakyrkan.se\/insikten\/2022\/03\/22\/med-sorgen-som-klangbotten\/embed\/#?secret=3xuFFB7YNO\" width=\"600\" height=\"338\" title=\"\u201dMed sorgen som klangbotten\u201d &ndash; Insikten - Floby pastorat\" data-secret=\"3xuFFB7YNO\" frameborder=\"0\" marginwidth=\"0\" marginheight=\"0\" scrolling=\"no\" class=\"wp-embedded-content\"><\/iframe><script type=\"text\/javascript\">\n\/* <![CDATA[ *\/\n\/*! This file is auto-generated *\/\n!function(d,l){\"use strict\";l.querySelector&&d.addEventListener&&\"undefined\"!=typeof URL&&(d.wp=d.wp||{},d.wp.receiveEmbedMessage||(d.wp.receiveEmbedMessage=function(e){var t=e.data;if((t||t.secret||t.message||t.value)&&!\/[^a-zA-Z0-9]\/.test(t.secret)){for(var s,r,n,a=l.querySelectorAll('iframe[data-secret=\"'+t.secret+'\"]'),o=l.querySelectorAll('blockquote[data-secret=\"'+t.secret+'\"]'),c=new RegExp(\"^https?:$\",\"i\"),i=0;i<o.length;i++)o[i].style.display=\"none\";for(i=0;i<a.length;i++)s=a[i],e.source===s.contentWindow&&(s.removeAttribute(\"style\"),\"height\"===t.message?(1e3<(r=parseInt(t.value,10))?r=1e3:~~r<200&&(r=200),s.height=r):\"link\"===t.message&&(r=new URL(s.getAttribute(\"src\")),n=new URL(t.value),c.test(n.protocol))&&n.host===r.host&&l.activeElement===s&&(d.top.location.href=t.value))}},d.addEventListener(\"message\",d.wp.receiveEmbedMessage,!1),l.addEventListener(\"DOMContentLoaded\",function(){for(var e,t,s=l.querySelectorAll(\"iframe.wp-embedded-content\"),r=0;r<s.length;r++)(t=(e=s[r]).getAttribute(\"data-secret\"))||(t=Math.random().toString(36).substring(2,12),e.src+=\"#?secret=\"+t,e.setAttribute(\"data-secret\",t)),e.contentWindow.postMessage({message:\"ready\",secret:t},\"*\")},!1)))}(window,document);\n\/\/# sourceURL=https:\/\/blogg.svenskakyrkan.se\/insikten\/wp-includes\/js\/wp-embed.min.js\n\/* ]]> *\/\n<\/script>\n","thumbnail_url":"https:\/\/blogg.svenskakyrkan.se\/insikten\/files\/2021\/02\/Stefan-scaled.jpg","thumbnail_width":2560,"thumbnail_height":1920,"description":"I\u00a0vintras hade radioprogrammet \u201dM\u00e4nniskor och tro\u201d ett telefonv\u00e4kteri om sorg. Lyssnarna fick ringa in och dela med sig av sina erfarenheter av f\u00f6rlust och separation, k\u00e4nslor av att inte r\u00e4cka till, sorgen \u00f6ver att inte f\u00e5 tr\u00e4ffa sina barn eller barnbarn, oron \u00f6ver utvecklingen i samh\u00e4llet och i v\u00e4rlden. Aldrig tidigare i programmets historia har [&hellip;]"}

I vintras hade radioprogrammet ”Människor och tro” ett telefonväkteri om sorg. Lyssnarna fick ringa in och dela med sig av sina erfarenheter av förlust och separation, känslor av att inte räcka till, sorgen över att inte få träffa sina barn eller barnbarn, oron över utvecklingen i samhället och i världen. Aldrig tidigare i programmets historia har [&hellip;]
