{"version":"1.0","provider_name":"Insikten - Floby pastorat","provider_url":"https:\/\/blogg.svenskakyrkan.se\/insikten","author_name":"Floby pastorat","author_url":"https:\/\/blogg.svenskakyrkan.se\/insikten\/author\/helenataubner\/","title":"Om stenarna kunde tala - Insikten - Floby pastorat","type":"rich","width":600,"height":338,"html":"<blockquote class=\"wp-embedded-content\" data-secret=\"eWDQh3h3Lb\"><a href=\"https:\/\/blogg.svenskakyrkan.se\/insikten\/2022\/06\/27\/om-stenarna-kunde-tala\/\">Om stenarna kunde tala<\/a><\/blockquote><iframe sandbox=\"allow-scripts\" security=\"restricted\" src=\"https:\/\/blogg.svenskakyrkan.se\/insikten\/2022\/06\/27\/om-stenarna-kunde-tala\/embed\/#?secret=eWDQh3h3Lb\" width=\"600\" height=\"338\" title=\"\u201dOm stenarna kunde tala\u201d &ndash; Insikten - Floby pastorat\" data-secret=\"eWDQh3h3Lb\" frameborder=\"0\" marginwidth=\"0\" marginheight=\"0\" scrolling=\"no\" class=\"wp-embedded-content\"><\/iframe><script type=\"text\/javascript\">\n\/* <![CDATA[ *\/\n\/*! This file is auto-generated *\/\n!function(d,l){\"use strict\";l.querySelector&&d.addEventListener&&\"undefined\"!=typeof URL&&(d.wp=d.wp||{},d.wp.receiveEmbedMessage||(d.wp.receiveEmbedMessage=function(e){var t=e.data;if((t||t.secret||t.message||t.value)&&!\/[^a-zA-Z0-9]\/.test(t.secret)){for(var s,r,n,a=l.querySelectorAll('iframe[data-secret=\"'+t.secret+'\"]'),o=l.querySelectorAll('blockquote[data-secret=\"'+t.secret+'\"]'),c=new RegExp(\"^https?:$\",\"i\"),i=0;i<o.length;i++)o[i].style.display=\"none\";for(i=0;i<a.length;i++)s=a[i],e.source===s.contentWindow&&(s.removeAttribute(\"style\"),\"height\"===t.message?(1e3<(r=parseInt(t.value,10))?r=1e3:~~r<200&&(r=200),s.height=r):\"link\"===t.message&&(r=new URL(s.getAttribute(\"src\")),n=new URL(t.value),c.test(n.protocol))&&n.host===r.host&&l.activeElement===s&&(d.top.location.href=t.value))}},d.addEventListener(\"message\",d.wp.receiveEmbedMessage,!1),l.addEventListener(\"DOMContentLoaded\",function(){for(var e,t,s=l.querySelectorAll(\"iframe.wp-embedded-content\"),r=0;r<s.length;r++)(t=(e=s[r]).getAttribute(\"data-secret\"))||(t=Math.random().toString(36).substring(2,12),e.src+=\"#?secret=\"+t,e.setAttribute(\"data-secret\",t)),e.contentWindow.postMessage({message:\"ready\",secret:t},\"*\")},!1)))}(window,document);\n\/\/# sourceURL=https:\/\/blogg.svenskakyrkan.se\/insikten\/wp-includes\/js\/wp-embed.min.js\n\/* ]]> *\/\n<\/script>\n","thumbnail_url":"https:\/\/blogg.svenskakyrkan.se\/insikten\/files\/2022\/06\/Skarmavbild-2022-06-27-kl.-10.11.21.png","thumbnail_width":1060,"thumbnail_height":708,"description":"2022 \u00e5rs upplaga av kyrkog\u00e5rdsvandringen i \u00c5sarp blir den femtonde som Els-Marie Carlsson leder. Den anordnas under sommarveckan i \u00c5sarp. Det brukar komma ett fyrtiotal personer och vissa kommer tillbaka \u00e5r efter \u00e5r. Snart har vandringarna t\u00e4ckt in hela den gamla delen av kyrkog\u00e5rden och varje \u00e5r omfattar vandringen ungef\u00e4r 20 gravar. \u2013 Mer orkar [&hellip;]"}

2022 års upplaga av kyrkogårdsvandringen i Åsarp blir den femtonde som Els-Marie Carlsson leder. Den anordnas under sommarveckan i Åsarp. Det brukar komma ett fyrtiotal personer och vissa kommer tillbaka år efter år. Snart har vandringarna täckt in hela den gamla delen av kyrkogården och varje år omfattar vandringen ungefär 20 gravar. – Mer orkar [&hellip;]
