{"version":"1.0","provider_name":"Insikten - Floby pastorat","provider_url":"https:\/\/blogg.svenskakyrkan.se\/insikten","author_name":"Floby pastorat","author_url":"https:\/\/blogg.svenskakyrkan.se\/insikten\/author\/helenataubner\/","title":"Samlar in pengar till fadderbarn - Insikten - Floby pastorat","type":"rich","width":600,"height":338,"html":"<blockquote class=\"wp-embedded-content\" data-secret=\"8xxqxAAzHy\"><a href=\"https:\/\/blogg.svenskakyrkan.se\/insikten\/2022\/12\/11\/samlar-in-pengar-till-fadderbarn\/\">Samlar in pengar till fadderbarn<\/a><\/blockquote><iframe sandbox=\"allow-scripts\" security=\"restricted\" src=\"https:\/\/blogg.svenskakyrkan.se\/insikten\/2022\/12\/11\/samlar-in-pengar-till-fadderbarn\/embed\/#?secret=8xxqxAAzHy\" width=\"600\" height=\"338\" title=\"\u201dSamlar in pengar till fadderbarn\u201d &ndash; Insikten - Floby pastorat\" data-secret=\"8xxqxAAzHy\" frameborder=\"0\" marginwidth=\"0\" marginheight=\"0\" scrolling=\"no\" class=\"wp-embedded-content\"><\/iframe><script type=\"text\/javascript\">\n\/* <![CDATA[ *\/\n\/*! This file is auto-generated *\/\n!function(d,l){\"use strict\";l.querySelector&&d.addEventListener&&\"undefined\"!=typeof URL&&(d.wp=d.wp||{},d.wp.receiveEmbedMessage||(d.wp.receiveEmbedMessage=function(e){var t=e.data;if((t||t.secret||t.message||t.value)&&!\/[^a-zA-Z0-9]\/.test(t.secret)){for(var s,r,n,a=l.querySelectorAll('iframe[data-secret=\"'+t.secret+'\"]'),o=l.querySelectorAll('blockquote[data-secret=\"'+t.secret+'\"]'),c=new RegExp(\"^https?:$\",\"i\"),i=0;i<o.length;i++)o[i].style.display=\"none\";for(i=0;i<a.length;i++)s=a[i],e.source===s.contentWindow&&(s.removeAttribute(\"style\"),\"height\"===t.message?(1e3<(r=parseInt(t.value,10))?r=1e3:~~r<200&&(r=200),s.height=r):\"link\"===t.message&&(r=new URL(s.getAttribute(\"src\")),n=new URL(t.value),c.test(n.protocol))&&n.host===r.host&&l.activeElement===s&&(d.top.location.href=t.value))}},d.addEventListener(\"message\",d.wp.receiveEmbedMessage,!1),l.addEventListener(\"DOMContentLoaded\",function(){for(var e,t,s=l.querySelectorAll(\"iframe.wp-embedded-content\"),r=0;r<s.length;r++)(t=(e=s[r]).getAttribute(\"data-secret\"))||(t=Math.random().toString(36).substring(2,12),e.src+=\"#?secret=\"+t,e.setAttribute(\"data-secret\",t)),e.contentWindow.postMessage({message:\"ready\",secret:t},\"*\")},!1)))}(window,document);\n\/\/# sourceURL=https:\/\/blogg.svenskakyrkan.se\/insikten\/wp-includes\/js\/wp-embed.min.js\n\/* ]]> *\/\n<\/script>\n","thumbnail_url":"https:\/\/blogg.svenskakyrkan.se\/insikten\/files\/2022\/12\/Skarmavbild-2022-12-11-kl.-12.18.08.png","thumbnail_width":850,"thumbnail_height":522,"description":"F\u00f6rsta tisdagen i m\u00e5naden, fr\u00e5n februari till maj och fr\u00e5n september till december, fylls kyrksalen och serveringslokalen i Kyrkans hus i Floby med f\u00f6rv\u00e4ntansfulla m\u00e4nniskor. Det \u00e4r vad vi kallar \u201ddagledigtr\u00e4ff\u201d \u2013 en tr\u00e4ff dit alla som vill \u00e4r v\u00e4lkomna f\u00f6r att tillbringa en trevlig eftermiddag. Gemenskapstr\u00e4ffar i olika former har f\u00f6rekommit i Floby i [&hellip;]"}

Första tisdagen i månaden, från februari till maj och från september till december, fylls kyrksalen och serveringslokalen i Kyrkans hus i Floby med förväntansfulla människor. Det är vad vi kallar ”dagledigträff” – en träff dit alla som vill är välkomna för att tillbringa en trevlig eftermiddag. Gemenskapsträffar i olika former har förekommit i Floby i [&hellip;]
