{"version":"1.0","provider_name":"Kyrkog\u00e5rdsbloggen i Enk\u00f6pings pastorat","provider_url":"https:\/\/blogg.svenskakyrkan.se\/kyrkogardienkoping","author_name":"Ann-Sofie Hansson","author_url":"https:\/\/blogg.svenskakyrkan.se\/kyrkogardienkoping\/author\/annsofiehansson\/","title":"Nu \u00e4r v\u00e5ren h\u00e4r! - Kyrkog\u00e5rdsbloggen i Enk\u00f6pings pastorat","type":"rich","width":600,"height":338,"html":"<blockquote class=\"wp-embedded-content\" data-secret=\"SDSw5TrPnR\"><a href=\"https:\/\/blogg.svenskakyrkan.se\/kyrkogardienkoping\/2017\/05\/08\/nu-ar-varen-har\/\">Nu \u00e4r v\u00e5ren h\u00e4r!<\/a><\/blockquote><iframe sandbox=\"allow-scripts\" security=\"restricted\" src=\"https:\/\/blogg.svenskakyrkan.se\/kyrkogardienkoping\/2017\/05\/08\/nu-ar-varen-har\/embed\/#?secret=SDSw5TrPnR\" width=\"600\" height=\"338\" title=\"\u201dNu \u00e4r v\u00e5ren h\u00e4r!\u201d &ndash; Kyrkog\u00e5rdsbloggen i Enk\u00f6pings pastorat\" data-secret=\"SDSw5TrPnR\" frameborder=\"0\" marginwidth=\"0\" marginheight=\"0\" scrolling=\"no\" class=\"wp-embedded-content\"><\/iframe><script type=\"text\/javascript\">\n\/* <![CDATA[ *\/\n\/*! This file is auto-generated *\/\n!function(d,l){\"use strict\";l.querySelector&&d.addEventListener&&\"undefined\"!=typeof URL&&(d.wp=d.wp||{},d.wp.receiveEmbedMessage||(d.wp.receiveEmbedMessage=function(e){var t=e.data;if((t||t.secret||t.message||t.value)&&!\/[^a-zA-Z0-9]\/.test(t.secret)){for(var s,r,n,a=l.querySelectorAll('iframe[data-secret=\"'+t.secret+'\"]'),o=l.querySelectorAll('blockquote[data-secret=\"'+t.secret+'\"]'),c=new RegExp(\"^https?:$\",\"i\"),i=0;i<o.length;i++)o[i].style.display=\"none\";for(i=0;i<a.length;i++)s=a[i],e.source===s.contentWindow&&(s.removeAttribute(\"style\"),\"height\"===t.message?(1e3<(r=parseInt(t.value,10))?r=1e3:~~r<200&&(r=200),s.height=r):\"link\"===t.message&&(r=new URL(s.getAttribute(\"src\")),n=new URL(t.value),c.test(n.protocol))&&n.host===r.host&&l.activeElement===s&&(d.top.location.href=t.value))}},d.addEventListener(\"message\",d.wp.receiveEmbedMessage,!1),l.addEventListener(\"DOMContentLoaded\",function(){for(var e,t,s=l.querySelectorAll(\"iframe.wp-embedded-content\"),r=0;r<s.length;r++)(t=(e=s[r]).getAttribute(\"data-secret\"))||(t=Math.random().toString(36).substring(2,12),e.src+=\"#?secret=\"+t,e.setAttribute(\"data-secret\",t)),e.contentWindow.postMessage({message:\"ready\",secret:t},\"*\")},!1)))}(window,document);\n\/\/# sourceURL=https:\/\/blogg.svenskakyrkan.se\/kyrkogardienkoping\/wp-includes\/js\/wp-embed.min.js\n\/* ]]> *\/\n<\/script>\n","description":"Nu b\u00f6rjar v\u00e4xtligheten vakna till liv efter vintern och p\u00e5 kyrkog\u00e5rdsf\u00f6rvaltningen b\u00f6rjar vi klippa h\u00e4ckar och trimma gr\u00e4s. D\u00e4rf\u00f6r ber vi alla gravr\u00e4ttsinnehavare att plocka bort lyktor, spadar, vaser och eventuella andra f\u00f6rem\u00e5l som kan ligga bakom gravstenarna, d\u00e5 dessa annars kan leda till personskador n\u00e4r maskiner fastnar i dem eller kyrkog\u00e5rdsarbetare snubblar \u00f6ver dem. [&hellip;]"}

Kyrkogårdsbloggen i Enköpings pastorat

Nu är våren här! - Kyrkogårdsbloggen i Enköpings pastorat

<blockquote class="wp-embedded-content" data-secret="SDSw5TrPnR"><a href="https://blogg.svenskakyrkan.se/kyrkogardienkoping/2017/05/08/nu-ar-varen-har/">Nu är våren här!</a></blockquote><iframe sandbox="allow-scripts" security="restricted" src="https://blogg.svenskakyrkan.se/kyrkogardienkoping/2017/05/08/nu-ar-varen-har/embed/#?secret=SDSw5TrPnR" width="600" height="338" title="”Nu är våren här!” &ndash; Kyrkogårdsbloggen i Enköpings pastorat" data-secret="SDSw5TrPnR" frameborder="0" marginwidth="0" marginheight="0" scrolling="no" class="wp-embedded-content"></iframe><script type="text/javascript">
/* <![CDATA[ */
/*! This file is auto-generated */
!function(d,l){"use strict";l.querySelector&&d.addEventListener&&"undefined"!=typeof URL&&(d.wp=d.wp||{},d.wp.receiveEmbedMessage||(d.wp.receiveEmbedMessage=function(e){var t=e.data;if((t||t.secret||t.message||t.value)&&!/[^a-zA-Z0-9]/.test(t.secret)){for(var s,r,n,a=l.querySelectorAll('iframe[data-secret="'+t.secret+'"]'),o=l.querySelectorAll('blockquote[data-secret="'+t.secret+'"]'),c=new RegExp("^https?:$","i"),i=0;i<o.length;i++)o[i].style.display="none";for(i=0;i<a.length;i++)s=a[i],e.source===s.contentWindow&&(s.removeAttribute("style"),"height"===t.message?(1e3<(r=parseInt(t.value,10))?r=1e3:~~r<200&&(r=200),s.height=r):"link"===t.message&&(r=new URL(s.getAttribute("src")),n=new URL(t.value),c.test(n.protocol))&&n.host===r.host&&l.activeElement===s&&(d.top.location.href=t.value))}},d.addEventListener("message",d.wp.receiveEmbedMessage,!1),l.addEventListener("DOMContentLoaded",function(){for(var e,t,s=l.querySelectorAll("iframe.wp-embedded-content"),r=0;r<s.length;r++)(t=(e=s[r]).getAttribute("data-secret"))||(t=Math.random().toString(36).substring(2,12),e.src+="#?secret="+t,e.setAttribute("data-secret",t)),e.contentWindow.postMessage({message:"ready",secret:t},"*")},!1)))}(window,document);
//# sourceURL=https://blogg.svenskakyrkan.se/kyrkogardienkoping/wp-includes/js/wp-embed.min.js
/* ]]> */
</script>

Nu börjar växtligheten vakna till liv efter vintern och på kyrkogårdsförvaltningen börjar vi klippa häckar och trimma gräs. Därför ber vi alla gravrättsinnehavare att plocka bort lyktor, spadar, vaser och eventuella andra föremål som kan ligga bakom gravstenarna, då dessa annars kan leda till personskador när maskiner fastnar i dem eller kyrkogårdsarbetare snubblar över dem. [&hellip;]
