{"id":2,"date":"2023-10-10T10:22:12","date_gmt":"2023-10-10T08:22:12","guid":{"rendered":"https:\/\/blogg.svenskakyrkan.se\/ord-och-kansla\/?page_id=2"},"modified":"2023-12-07T13:58:10","modified_gmt":"2023-12-07T12:58:10","slug":"om-bloggen","status":"publish","type":"page","link":"https:\/\/blogg.svenskakyrkan.se\/ord-och-kansla\/om-bloggen\/","title":{"rendered":"Om Ord och k\u00e4nsla"},"content":{"rendered":"\n<p>Bloggen Ord och k\u00e4nsla best\u00e5r av en handfull blogginl\u00e4gg som alla handlar om skrivande. Jag som har skrivit dem heter Anna Yngvesson och jobbar p\u00e5 kyrkokansliet i Uppsala, framf\u00f6r allt med de nationella sidorna p\u00e5 <a href=\"https:\/\/www.svenskakyrkan.se\/\">Svenska kyrkans webbplats<\/a>.<\/p>\n\n\n\n<p>Varf\u00f6r en blogg om skrivande? Vi som skriver vill f\u00f6rst\u00e5s bli l\u00e4sta, men det finns mycket att t\u00e4nka p\u00e5 f\u00f6r att en text ska f\u00e5nga sina l\u00e4sare och bli f\u00f6rst\u00e5dd. D\u00e4rf\u00f6r beh\u00f6ver vi sprida kunskap om hur vi skriver klarspr\u00e5k. Det \u00e4r ett syfte med min blogg.<\/p>\n\n\n\n<p>Begreppet klarspr\u00e5k inneb\u00e4r, mycket kort sagt, att vi skriver ledigt, men korrekt, och ser en grupp l\u00e4sare framf\u00f6r oss.<\/p>\n\n\n\n<p><a href=\"https:\/\/www.isof.se\/lar-dig-mer\/kunskapsbanker\/lar-dig-mer-om-klarsprak\/vad-ar-klarsprak\">Om klarspr\u00e5k p\u00e5 Institutet f\u00f6r spr\u00e5k och folkminnens webbplats<\/a><\/p>\n\n\n\n<p>Jag vill inspirera dig till att reflektera \u00f6ver dina texter. Funkar dina rubriker? Har du testat din text p\u00e5 en v\u00e4n eller kollega innan du publicera den?<\/p>\n\n\n\n<p>Du kan ocks\u00e5 se bloggen som ett komplement till en klarspr\u00e5ksutbildning som finns tillg\u00e4nglig f\u00f6r alla medarbetare i Svenska kyrkan.<\/p>\n\n\n\n<p><a href=\"https:\/\/svenskakyrkan.luvit.se\/LuvitPortal\/activities\/onlinecoursedetails.aspx?inapp=1&amp;courseid=5318&amp;regionid=&amp;cityid=&amp;fromdate=&amp;todate=\">Klarspr\u00e5k p\u00e5 Utbildningsportalen<\/a>  <\/p>\n\n\n\n<h2 class=\"wp-block-heading\">Krydda din text med k\u00e4nsla<\/h2>\n\n\n\n<p>Om du inte skriver i tj\u00e4nsten kanske du t\u00e4nker att klarspr\u00e5k inte \u00e4r relevant f\u00f6r dig. Men det tycker jag. Att skriva skriva personligt pr\u00e4glade texter, kryddade med k\u00e4nsla \u00e4r ingen mots\u00e4ttning till klarspr\u00e5k.<\/p>\n\n\n\n<h2 class=\"wp-block-heading\">H\u00e4mta inspiration till din egen blogg<\/h2>\n\n\n\n<p>Ett annat syfte med min blogg \u00e4r att du som \u00e4r bloggare h\u00e4r p\u00e5 bloggportalen ska kunna kika p\u00e5 hur jag har byggt upp mina blogginl\u00e4gg med olika funktioner, och h\u00e4mta inspiration f\u00f6r hur du bygger dina blogginl\u00e4gg. <\/p>\n\n\n\n<p>P\u00e5 bloggportalen finns ocks\u00e5 lathundar f\u00f6r dig som bloggar. <\/p>\n\n\n\n<p><a href=\"https:\/\/blogg.svenskakyrkan.se\/lathundar\/\">Lathundar f\u00f6r bloggaren<\/a><\/p>\n\n\n\n<h2 class=\"wp-block-heading\">En f\u00e4rdig blogg \u2013 med m\u00f6jlighet till fler inl\u00e4gg <\/h2>\n\n\n\n<p>Det vanliga \u00e4r att en bloggare bloggar regelbundet, men Ord och k\u00e4nsla best\u00e5r av ett f\u00e4rdigt paket. Om du \u00e4nd\u00e5 \u00f6nskar att jag belyser en s\u00e4rskild klarspr\u00e5ksfr\u00e5ga \u00e4r du v\u00e4lkommen att skriva det i en kommentar h\u00e4r eller i ett av mina blogginl\u00e4gg. Kanske landar det i \u00e4nnu ett blogginl\u00e4gg.<\/p>\n","protected":false},"excerpt":{"rendered":"<p>Bloggen Ord och k\u00e4nsla best\u00e5r av en handfull blogginl\u00e4gg som alla handlar om skrivande. Jag som har skrivit dem heter Anna Yngvesson och jobbar p\u00e5 kyrkokansliet i Uppsala, framf\u00f6r allt med de nationella sidorna p\u00e5 Svenska kyrkans webbplats. Varf\u00f6r en blogg om skrivande? Vi som skriver vill f\u00f6rst\u00e5s bli l\u00e4sta, men det finns mycket att [&hellip;]<\/p>\n","protected":false},"author":531,"featured_media":0,"parent":0,"menu_order":0,"comment_status":"open","ping_status":"closed","template":"","meta":{"_acf_changed":false,"footnotes":""},"class_list":["post-2","page","type-page","status-publish","hentry"],"acf":[],"yoast_head":"<!-- This site is optimized with the Yoast SEO plugin v27.1.1 - https:\/\/yoast.com\/product\/yoast-seo-wordpress\/ -->\n<title>Om Ord och k\u00e4nsla - Ord och k\u00e4nsla<\/title>\n<meta name=\"robots\" content=\"index, follow, max-snippet:-1, max-image-preview:large, max-video-preview:-1\" \/>\n<link rel=\"canonical\" href=\"https:\/\/blogg.svenskakyrkan.se\/ord-och-kansla\/om-bloggen\/\" \/>\n<meta property=\"og:locale\" content=\"sv_SE\" \/>\n<meta property=\"og:type\" content=\"article\" \/>\n<meta property=\"og:title\" content=\"Om Ord och k\u00e4nsla - Ord och k\u00e4nsla\" \/>\n<meta property=\"og:description\" content=\"Bloggen Ord och k\u00e4nsla best\u00e5r av en handfull blogginl\u00e4gg som alla handlar om skrivande. Jag som har skrivit dem heter Anna Yngvesson och jobbar p\u00e5 kyrkokansliet i Uppsala, framf\u00f6r allt med de nationella sidorna p\u00e5 Svenska kyrkans webbplats. Varf\u00f6r en blogg om skrivande? Vi som skriver vill f\u00f6rst\u00e5s bli l\u00e4sta, men det finns mycket att [&hellip;]\" \/>\n<meta property=\"og:url\" content=\"https:\/\/blogg.svenskakyrkan.se\/ord-och-kansla\/om-bloggen\/\" \/>\n<meta property=\"og:site_name\" content=\"Ord och k\u00e4nsla\" \/>\n<meta property=\"article:modified_time\" content=\"2023-12-07T12:58:10+00:00\" \/>\n<meta name=\"twitter:card\" content=\"summary_large_image\" \/>\n<meta name=\"twitter:label1\" content=\"Ber\u00e4knad l\u00e4stid\" \/>\n\t<meta name=\"twitter:data1\" content=\"2 minuter\" \/>\n<script type=\"application\/ld+json\" class=\"yoast-schema-graph\">{\"@context\":\"https:\/\/schema.org\",\"@graph\":[{\"@type\":\"WebPage\",\"@id\":\"https:\/\/blogg.svenskakyrkan.se\/ord-och-kansla\/om-bloggen\/\",\"url\":\"https:\/\/blogg.svenskakyrkan.se\/ord-och-kansla\/om-bloggen\/\",\"name\":\"Om Ord och k\u00e4nsla - Ord och k\u00e4nsla\",\"isPartOf\":{\"@id\":\"https:\/\/blogg.svenskakyrkan.se\/ord-och-kansla\/#website\"},\"datePublished\":\"2023-10-10T08:22:12+00:00\",\"dateModified\":\"2023-12-07T12:58:10+00:00\",\"breadcrumb\":{\"@id\":\"https:\/\/blogg.svenskakyrkan.se\/ord-och-kansla\/om-bloggen\/#breadcrumb\"},\"inLanguage\":\"sv-SE\",\"potentialAction\":[{\"@type\":\"ReadAction\",\"target\":[\"https:\/\/blogg.svenskakyrkan.se\/ord-och-kansla\/om-bloggen\/\"]}]},{\"@type\":\"BreadcrumbList\",\"@id\":\"https:\/\/blogg.svenskakyrkan.se\/ord-och-kansla\/om-bloggen\/#breadcrumb\",\"itemListElement\":[{\"@type\":\"ListItem\",\"position\":1,\"name\":\"Hem\",\"item\":\"https:\/\/blogg.svenskakyrkan.se\/ord-och-kansla\/\"},{\"@type\":\"ListItem\",\"position\":2,\"name\":\"Om Ord och k\u00e4nsla\"}]},{\"@type\":\"WebSite\",\"@id\":\"https:\/\/blogg.svenskakyrkan.se\/ord-och-kansla\/#website\",\"url\":\"https:\/\/blogg.svenskakyrkan.se\/ord-och-kansla\/\",\"name\":\"Ord och k\u00e4nsla\",\"description\":\"En blogg om texter och skrivande\",\"potentialAction\":[{\"@type\":\"SearchAction\",\"target\":{\"@type\":\"EntryPoint\",\"urlTemplate\":\"https:\/\/blogg.svenskakyrkan.se\/ord-och-kansla\/?s={search_term_string}\"},\"query-input\":{\"@type\":\"PropertyValueSpecification\",\"valueRequired\":true,\"valueName\":\"search_term_string\"}}],\"inLanguage\":\"sv-SE\"}]}<\/script>\n<!-- \/ Yoast SEO plugin. -->","yoast_head_json":{"title":"Om Ord och k\u00e4nsla - Ord och k\u00e4nsla","robots":{"index":"index","follow":"follow","max-snippet":"max-snippet:-1","max-image-preview":"max-image-preview:large","max-video-preview":"max-video-preview:-1"},"canonical":"https:\/\/blogg.svenskakyrkan.se\/ord-och-kansla\/om-bloggen\/","og_locale":"sv_SE","og_type":"article","og_title":"Om Ord och k\u00e4nsla - Ord och k\u00e4nsla","og_description":"Bloggen Ord och k\u00e4nsla best\u00e5r av en handfull blogginl\u00e4gg som alla handlar om skrivande. Jag som har skrivit dem heter Anna Yngvesson och jobbar p\u00e5 kyrkokansliet i Uppsala, framf\u00f6r allt med de nationella sidorna p\u00e5 Svenska kyrkans webbplats. Varf\u00f6r en blogg om skrivande? Vi som skriver vill f\u00f6rst\u00e5s bli l\u00e4sta, men det finns mycket att [&hellip;]","og_url":"https:\/\/blogg.svenskakyrkan.se\/ord-och-kansla\/om-bloggen\/","og_site_name":"Ord och k\u00e4nsla","article_modified_time":"2023-12-07T12:58:10+00:00","twitter_card":"summary_large_image","twitter_misc":{"Ber\u00e4knad l\u00e4stid":"2 minuter"},"schema":{"@context":"https:\/\/schema.org","@graph":[{"@type":"WebPage","@id":"https:\/\/blogg.svenskakyrkan.se\/ord-och-kansla\/om-bloggen\/","url":"https:\/\/blogg.svenskakyrkan.se\/ord-och-kansla\/om-bloggen\/","name":"Om Ord och k\u00e4nsla - Ord och k\u00e4nsla","isPartOf":{"@id":"https:\/\/blogg.svenskakyrkan.se\/ord-och-kansla\/#website"},"datePublished":"2023-10-10T08:22:12+00:00","dateModified":"2023-12-07T12:58:10+00:00","breadcrumb":{"@id":"https:\/\/blogg.svenskakyrkan.se\/ord-och-kansla\/om-bloggen\/#breadcrumb"},"inLanguage":"sv-SE","potentialAction":[{"@type":"ReadAction","target":["https:\/\/blogg.svenskakyrkan.se\/ord-och-kansla\/om-bloggen\/"]}]},{"@type":"BreadcrumbList","@id":"https:\/\/blogg.svenskakyrkan.se\/ord-och-kansla\/om-bloggen\/#breadcrumb","itemListElement":[{"@type":"ListItem","position":1,"name":"Hem","item":"https:\/\/blogg.svenskakyrkan.se\/ord-och-kansla\/"},{"@type":"ListItem","position":2,"name":"Om Ord och k\u00e4nsla"}]},{"@type":"WebSite","@id":"https:\/\/blogg.svenskakyrkan.se\/ord-och-kansla\/#website","url":"https:\/\/blogg.svenskakyrkan.se\/ord-och-kansla\/","name":"Ord och k\u00e4nsla","description":"En blogg om texter och skrivande","potentialAction":[{"@type":"SearchAction","target":{"@type":"EntryPoint","urlTemplate":"https:\/\/blogg.svenskakyrkan.se\/ord-och-kansla\/?s={search_term_string}"},"query-input":{"@type":"PropertyValueSpecification","valueRequired":true,"valueName":"search_term_string"}}],"inLanguage":"sv-SE"}]}},"_links":{"self":[{"href":"https:\/\/blogg.svenskakyrkan.se\/ord-och-kansla\/wp-json\/wp\/v2\/pages\/2","targetHints":{"allow":["GET"]}}],"collection":[{"href":"https:\/\/blogg.svenskakyrkan.se\/ord-och-kansla\/wp-json\/wp\/v2\/pages"}],"about":[{"href":"https:\/\/blogg.svenskakyrkan.se\/ord-och-kansla\/wp-json\/wp\/v2\/types\/page"}],"author":[{"embeddable":true,"href":"https:\/\/blogg.svenskakyrkan.se\/ord-och-kansla\/wp-json\/wp\/v2\/users\/531"}],"replies":[{"embeddable":true,"href":"https:\/\/blogg.svenskakyrkan.se\/ord-och-kansla\/wp-json\/wp\/v2\/comments?post=2"}],"version-history":[{"count":4,"href":"https:\/\/blogg.svenskakyrkan.se\/ord-och-kansla\/wp-json\/wp\/v2\/pages\/2\/revisions"}],"predecessor-version":[{"id":275,"href":"https:\/\/blogg.svenskakyrkan.se\/ord-och-kansla\/wp-json\/wp\/v2\/pages\/2\/revisions\/275"}],"wp:attachment":[{"href":"https:\/\/blogg.svenskakyrkan.se\/ord-och-kansla\/wp-json\/wp\/v2\/media?parent=2"}],"curies":[{"name":"wp","href":"https:\/\/api.w.org\/{rel}","templated":true}]}}