{"id":2,"date":"2015-06-22T07:26:58","date_gmt":"2015-06-22T07:26:58","guid":{"rendered":"http:\/\/blogg.svenskakyrkan.se\/prasteniparadiset\/?page_id=2"},"modified":"2015-10-17T21:26:49","modified_gmt":"2015-10-17T19:26:49","slug":"exempelsida","status":"publish","type":"page","link":"https:\/\/blogg.svenskakyrkan.se\/prasteniparadiset\/exempelsida\/","title":{"rendered":"Om mej och bloggen"},"content":{"rendered":"<p>Jag heter Erik Stenberg Roos, jag arbetar som pr\u00e4st i Svenska kyrkan i s\u00f6dra Thailand. Under sommaren 2015 har en svensk film vid namn &#8217;Pr\u00e4sten i paradiset&#8217; g\u00e5tt upp p\u00e5 biograferna. Den \u00e4r till stor del inspelad d\u00e4r vi i Svenska kyrkan arbetar och r\u00f6r oss. Jag tyckte filmen var rolig. Jag uppfattar filmen som varande lika delar komedi och parodi \u00f6ver hur vi arbetar. Enligt v\u00e5r uppfattning \u00e4r den dock inte speciellt lik det vi ser i v\u00e5r vardag.<\/p>\n<p>Tanken med den h\u00e4r bloggen \u00e4r att beskriva hur vi som arbetar i Svenska kyrkan i s\u00f6dra Thailand har det i v\u00e5r vardag. &#8217;Vi&#8217; \u00e4r i det h\u00e4r fallet tv\u00e5 personer. Min fru Anna \u00e4r assistent, socionom och kurator, jag \u00e4r pr\u00e4st. Att f\u00e5 vara pr\u00e4st och kyrka i paradiset \u00e4r fantastiskt. Vi trivs varenda dag p\u00e5 jobbet.<\/p>\n<p>Paradiset och att f\u00e5 arbeta d\u00e4r \u00e4r dock inte enbart enkelt. Alla som har l\u00e4st om paradiset i bibeln vet, att en av dom\u00a0mest k\u00e4nda figurerna i ber\u00e4ttelsen \u00e4r en orm. Ormen symboliserar mycket av det som g\u00e5r fel och inte fungerar.<\/p>\n<p>Att blogga om vardagen i s\u00f6dra Thailand kommer att inneb\u00e4ra fantastiska ber\u00e4ttelser om lyckliga m\u00e4nniskor. Bloggen kommer ocks\u00e5 att inneh\u00e5lla ber\u00e4ttelser om m\u00e4nniskor som inte har det bra. Det skulle inte vara \u00e4rligt att bara skriva om hur bra allt g\u00e5r.<\/p>\n<p><span style=\"text-decoration: underline\">Samtliga m\u00e4nniskor som finns med i ber\u00e4ttelser d\u00e4r n\u00e5got har fungerat mindre bra \u00e4r maskerade till oigenk\u00e4nnlighet.\u00a0<\/span><\/p>\n<p>V\u00e4lkommen att l\u00e4sa!<\/p>\n","protected":false},"excerpt":{"rendered":"<p>Jag heter Erik Stenberg Roos, jag arbetar som pr\u00e4st i Svenska kyrkan i s\u00f6dra Thailand. Under sommaren 2015 har en svensk film vid namn &#8217;Pr\u00e4sten i paradiset&#8217; g\u00e5tt upp p\u00e5 biograferna. Den \u00e4r till stor del inspelad d\u00e4r vi i Svenska kyrkan arbetar och r\u00f6r oss. Jag tyckte filmen var rolig. Jag uppfattar filmen som [&hellip;]<\/p>\n","protected":false},"author":519,"featured_media":0,"parent":0,"menu_order":0,"comment_status":"open","ping_status":"open","template":"","meta":{"_acf_changed":false,"footnotes":""},"class_list":["post-2","page","type-page","status-publish","hentry"],"acf":[],"yoast_head":"<!-- This site is optimized with the Yoast SEO plugin v27.1.1 - https:\/\/yoast.com\/product\/yoast-seo-wordpress\/ -->\n<title>Om mej och bloggen - Pr\u00e4sten i paradiset<\/title>\n<meta name=\"robots\" content=\"index, follow, max-snippet:-1, max-image-preview:large, max-video-preview:-1\" \/>\n<link rel=\"canonical\" href=\"https:\/\/blogg.svenskakyrkan.se\/prasteniparadiset\/exempelsida\/\" \/>\n<meta property=\"og:locale\" content=\"sv_SE\" \/>\n<meta property=\"og:type\" content=\"article\" \/>\n<meta property=\"og:title\" content=\"Om mej och bloggen - Pr\u00e4sten i paradiset\" \/>\n<meta property=\"og:description\" content=\"Jag heter Erik Stenberg Roos, jag arbetar som pr\u00e4st i Svenska kyrkan i s\u00f6dra Thailand. Under sommaren 2015 har en svensk film vid namn &#8217;Pr\u00e4sten i paradiset&#8217; g\u00e5tt upp p\u00e5 biograferna. Den \u00e4r till stor del inspelad d\u00e4r vi i Svenska kyrkan arbetar och r\u00f6r oss. Jag tyckte filmen var rolig. Jag uppfattar filmen som [&hellip;]\" \/>\n<meta property=\"og:url\" content=\"https:\/\/blogg.svenskakyrkan.se\/prasteniparadiset\/exempelsida\/\" \/>\n<meta property=\"og:site_name\" content=\"Pr\u00e4sten i paradiset\" \/>\n<meta property=\"article:modified_time\" content=\"2015-10-17T19:26:49+00:00\" \/>\n<meta name=\"twitter:card\" content=\"summary_large_image\" \/>\n<meta name=\"twitter:label1\" content=\"Ber\u00e4knad l\u00e4stid\" \/>\n\t<meta name=\"twitter:data1\" content=\"1 minut\" \/>\n<script type=\"application\/ld+json\" class=\"yoast-schema-graph\">{\"@context\":\"https:\/\/schema.org\",\"@graph\":[{\"@type\":\"WebPage\",\"@id\":\"https:\/\/blogg.svenskakyrkan.se\/prasteniparadiset\/exempelsida\/\",\"url\":\"https:\/\/blogg.svenskakyrkan.se\/prasteniparadiset\/exempelsida\/\",\"name\":\"Om mej och bloggen - Pr\u00e4sten i paradiset\",\"isPartOf\":{\"@id\":\"https:\/\/blogg.svenskakyrkan.se\/prasteniparadiset\/#website\"},\"datePublished\":\"2015-06-22T07:26:58+00:00\",\"dateModified\":\"2015-10-17T19:26:49+00:00\",\"breadcrumb\":{\"@id\":\"https:\/\/blogg.svenskakyrkan.se\/prasteniparadiset\/exempelsida\/#breadcrumb\"},\"inLanguage\":\"sv-SE\",\"potentialAction\":[{\"@type\":\"ReadAction\",\"target\":[\"https:\/\/blogg.svenskakyrkan.se\/prasteniparadiset\/exempelsida\/\"]}]},{\"@type\":\"BreadcrumbList\",\"@id\":\"https:\/\/blogg.svenskakyrkan.se\/prasteniparadiset\/exempelsida\/#breadcrumb\",\"itemListElement\":[{\"@type\":\"ListItem\",\"position\":1,\"name\":\"Hem\",\"item\":\"https:\/\/blogg.svenskakyrkan.se\/prasteniparadiset\/\"},{\"@type\":\"ListItem\",\"position\":2,\"name\":\"Om mej och bloggen\"}]},{\"@type\":\"WebSite\",\"@id\":\"https:\/\/blogg.svenskakyrkan.se\/prasteniparadiset\/#website\",\"url\":\"https:\/\/blogg.svenskakyrkan.se\/prasteniparadiset\/\",\"name\":\"Pr\u00e4sten i paradiset\",\"description\":\"Jag heter Erik, jag jobbar som pr\u00e4st i s\u00f6dra Thailand f\u00f6r Svenska kyrkan. Ett paradis f\u00f6r m\u00e5nga, men inte f\u00f6r alla. Jag skriver om delar av det jag ser och f\u00e5r vara med om. Inga k\u00e4nsliga uppgifter l\u00e4mnas ut, s\u00e5 fort n\u00e5got kan vara k\u00e4nsligt \u00e4r personer och platser maskerade till oigenk\u00e4nnlighet. V\u00e4lkommen att f\u00f6lja!\",\"potentialAction\":[{\"@type\":\"SearchAction\",\"target\":{\"@type\":\"EntryPoint\",\"urlTemplate\":\"https:\/\/blogg.svenskakyrkan.se\/prasteniparadiset\/?s={search_term_string}\"},\"query-input\":{\"@type\":\"PropertyValueSpecification\",\"valueRequired\":true,\"valueName\":\"search_term_string\"}}],\"inLanguage\":\"sv-SE\"}]}<\/script>\n<!-- \/ Yoast SEO plugin. -->","yoast_head_json":{"title":"Om mej och bloggen - Pr\u00e4sten i paradiset","robots":{"index":"index","follow":"follow","max-snippet":"max-snippet:-1","max-image-preview":"max-image-preview:large","max-video-preview":"max-video-preview:-1"},"canonical":"https:\/\/blogg.svenskakyrkan.se\/prasteniparadiset\/exempelsida\/","og_locale":"sv_SE","og_type":"article","og_title":"Om mej och bloggen - Pr\u00e4sten i paradiset","og_description":"Jag heter Erik Stenberg Roos, jag arbetar som pr\u00e4st i Svenska kyrkan i s\u00f6dra Thailand. Under sommaren 2015 har en svensk film vid namn &#8217;Pr\u00e4sten i paradiset&#8217; g\u00e5tt upp p\u00e5 biograferna. Den \u00e4r till stor del inspelad d\u00e4r vi i Svenska kyrkan arbetar och r\u00f6r oss. Jag tyckte filmen var rolig. Jag uppfattar filmen som [&hellip;]","og_url":"https:\/\/blogg.svenskakyrkan.se\/prasteniparadiset\/exempelsida\/","og_site_name":"Pr\u00e4sten i paradiset","article_modified_time":"2015-10-17T19:26:49+00:00","twitter_card":"summary_large_image","twitter_misc":{"Ber\u00e4knad l\u00e4stid":"1 minut"},"schema":{"@context":"https:\/\/schema.org","@graph":[{"@type":"WebPage","@id":"https:\/\/blogg.svenskakyrkan.se\/prasteniparadiset\/exempelsida\/","url":"https:\/\/blogg.svenskakyrkan.se\/prasteniparadiset\/exempelsida\/","name":"Om mej och bloggen - Pr\u00e4sten i paradiset","isPartOf":{"@id":"https:\/\/blogg.svenskakyrkan.se\/prasteniparadiset\/#website"},"datePublished":"2015-06-22T07:26:58+00:00","dateModified":"2015-10-17T19:26:49+00:00","breadcrumb":{"@id":"https:\/\/blogg.svenskakyrkan.se\/prasteniparadiset\/exempelsida\/#breadcrumb"},"inLanguage":"sv-SE","potentialAction":[{"@type":"ReadAction","target":["https:\/\/blogg.svenskakyrkan.se\/prasteniparadiset\/exempelsida\/"]}]},{"@type":"BreadcrumbList","@id":"https:\/\/blogg.svenskakyrkan.se\/prasteniparadiset\/exempelsida\/#breadcrumb","itemListElement":[{"@type":"ListItem","position":1,"name":"Hem","item":"https:\/\/blogg.svenskakyrkan.se\/prasteniparadiset\/"},{"@type":"ListItem","position":2,"name":"Om mej och bloggen"}]},{"@type":"WebSite","@id":"https:\/\/blogg.svenskakyrkan.se\/prasteniparadiset\/#website","url":"https:\/\/blogg.svenskakyrkan.se\/prasteniparadiset\/","name":"Pr\u00e4sten i paradiset","description":"Jag heter Erik, jag jobbar som pr\u00e4st i s\u00f6dra Thailand f\u00f6r Svenska kyrkan. Ett paradis f\u00f6r m\u00e5nga, men inte f\u00f6r alla. Jag skriver om delar av det jag ser och f\u00e5r vara med om. Inga k\u00e4nsliga uppgifter l\u00e4mnas ut, s\u00e5 fort n\u00e5got kan vara k\u00e4nsligt \u00e4r personer och platser maskerade till oigenk\u00e4nnlighet. V\u00e4lkommen att f\u00f6lja!","potentialAction":[{"@type":"SearchAction","target":{"@type":"EntryPoint","urlTemplate":"https:\/\/blogg.svenskakyrkan.se\/prasteniparadiset\/?s={search_term_string}"},"query-input":{"@type":"PropertyValueSpecification","valueRequired":true,"valueName":"search_term_string"}}],"inLanguage":"sv-SE"}]}},"_links":{"self":[{"href":"https:\/\/blogg.svenskakyrkan.se\/prasteniparadiset\/wp-json\/wp\/v2\/pages\/2","targetHints":{"allow":["GET"]}}],"collection":[{"href":"https:\/\/blogg.svenskakyrkan.se\/prasteniparadiset\/wp-json\/wp\/v2\/pages"}],"about":[{"href":"https:\/\/blogg.svenskakyrkan.se\/prasteniparadiset\/wp-json\/wp\/v2\/types\/page"}],"author":[{"embeddable":true,"href":"https:\/\/blogg.svenskakyrkan.se\/prasteniparadiset\/wp-json\/wp\/v2\/users\/519"}],"replies":[{"embeddable":true,"href":"https:\/\/blogg.svenskakyrkan.se\/prasteniparadiset\/wp-json\/wp\/v2\/comments?post=2"}],"version-history":[{"count":4,"href":"https:\/\/blogg.svenskakyrkan.se\/prasteniparadiset\/wp-json\/wp\/v2\/pages\/2\/revisions"}],"predecessor-version":[{"id":224,"href":"https:\/\/blogg.svenskakyrkan.se\/prasteniparadiset\/wp-json\/wp\/v2\/pages\/2\/revisions\/224"}],"wp:attachment":[{"href":"https:\/\/blogg.svenskakyrkan.se\/prasteniparadiset\/wp-json\/wp\/v2\/media?parent=2"}],"curies":[{"name":"wp","href":"https:\/\/api.w.org\/{rel}","templated":true}]}}