{"version":"1.0","provider_name":"Roland reflekterar","provider_url":"https:\/\/blogg.svenskakyrkan.se\/rolandreflekterar","author_name":"Roland Persson","author_url":"https:\/\/blogg.svenskakyrkan.se\/rolandreflekterar\/author\/rolandreflekterar\/","title":"Hur kan du p\u00e5st\u00e5 att Gud \u00e4r god? - Roland reflekterar","type":"rich","width":600,"height":338,"html":"<blockquote class=\"wp-embedded-content\" data-secret=\"LW9q0kyQwz\"><a href=\"https:\/\/blogg.svenskakyrkan.se\/rolandreflekterar\/2025\/08\/02\/hur-kan-du-pasta-att-gud-ar-god\/\">Hur kan du p\u00e5st\u00e5 att Gud \u00e4r god?<\/a><\/blockquote><iframe sandbox=\"allow-scripts\" security=\"restricted\" src=\"https:\/\/blogg.svenskakyrkan.se\/rolandreflekterar\/2025\/08\/02\/hur-kan-du-pasta-att-gud-ar-god\/embed\/#?secret=LW9q0kyQwz\" width=\"600\" height=\"338\" title=\"\u201dHur kan du p\u00e5st\u00e5 att Gud \u00e4r god?\u201d &ndash; Roland reflekterar\" data-secret=\"LW9q0kyQwz\" frameborder=\"0\" marginwidth=\"0\" marginheight=\"0\" scrolling=\"no\" class=\"wp-embedded-content\"><\/iframe><script type=\"text\/javascript\">\n\/* <![CDATA[ *\/\n\/*! This file is auto-generated *\/\n!function(d,l){\"use strict\";l.querySelector&&d.addEventListener&&\"undefined\"!=typeof URL&&(d.wp=d.wp||{},d.wp.receiveEmbedMessage||(d.wp.receiveEmbedMessage=function(e){var t=e.data;if((t||t.secret||t.message||t.value)&&!\/[^a-zA-Z0-9]\/.test(t.secret)){for(var s,r,n,a=l.querySelectorAll('iframe[data-secret=\"'+t.secret+'\"]'),o=l.querySelectorAll('blockquote[data-secret=\"'+t.secret+'\"]'),c=new RegExp(\"^https?:$\",\"i\"),i=0;i<o.length;i++)o[i].style.display=\"none\";for(i=0;i<a.length;i++)s=a[i],e.source===s.contentWindow&&(s.removeAttribute(\"style\"),\"height\"===t.message?(1e3<(r=parseInt(t.value,10))?r=1e3:~~r<200&&(r=200),s.height=r):\"link\"===t.message&&(r=new URL(s.getAttribute(\"src\")),n=new URL(t.value),c.test(n.protocol))&&n.host===r.host&&l.activeElement===s&&(d.top.location.href=t.value))}},d.addEventListener(\"message\",d.wp.receiveEmbedMessage,!1),l.addEventListener(\"DOMContentLoaded\",function(){for(var e,t,s=l.querySelectorAll(\"iframe.wp-embedded-content\"),r=0;r<s.length;r++)(t=(e=s[r]).getAttribute(\"data-secret\"))||(t=Math.random().toString(36).substring(2,12),e.src+=\"#?secret=\"+t,e.setAttribute(\"data-secret\",t)),e.contentWindow.postMessage({message:\"ready\",secret:t},\"*\")},!1)))}(window,document);\n\/\/# sourceURL=https:\/\/blogg.svenskakyrkan.se\/rolandreflekterar\/wp-includes\/js\/wp-embed.min.js\n\/* ]]> *\/\n<\/script>\n","description":"Att tro p\u00e5 Gud som universums skapare \u00e4r nog f\u00f6r de flesta ganska enkelt eller \u00e5tminstone troligt och en m\u00f6jlig f\u00f6rklaring till dess uppkomst och utveckling. Men att tro p\u00e5 en allsm\u00e4ktig Gud, en Gud som \u00e4r herre \u00f6ver allt \u00e4r sv\u00e5rt. D\u00e5 vi ska \u00e4ndra syns\u00e4tt fr\u00e5n Gud som skaparen till Gud som en [&hellip;]"}

Hur kan du påstå att Gud är god? - Roland reflekterar

<blockquote class="wp-embedded-content" data-secret="LW9q0kyQwz"><a href="https://blogg.svenskakyrkan.se/rolandreflekterar/2025/08/02/hur-kan-du-pasta-att-gud-ar-god/">Hur kan du påstå att Gud är god?</a></blockquote><iframe sandbox="allow-scripts" security="restricted" src="https://blogg.svenskakyrkan.se/rolandreflekterar/2025/08/02/hur-kan-du-pasta-att-gud-ar-god/embed/#?secret=LW9q0kyQwz" width="600" height="338" title="”Hur kan du påstå att Gud är god?” &ndash; Roland reflekterar" data-secret="LW9q0kyQwz" frameborder="0" marginwidth="0" marginheight="0" scrolling="no" class="wp-embedded-content"></iframe><script type="text/javascript">
/* <![CDATA[ */
/*! This file is auto-generated */
!function(d,l){"use strict";l.querySelector&&d.addEventListener&&"undefined"!=typeof URL&&(d.wp=d.wp||{},d.wp.receiveEmbedMessage||(d.wp.receiveEmbedMessage=function(e){var t=e.data;if((t||t.secret||t.message||t.value)&&!/[^a-zA-Z0-9]/.test(t.secret)){for(var s,r,n,a=l.querySelectorAll('iframe[data-secret="'+t.secret+'"]'),o=l.querySelectorAll('blockquote[data-secret="'+t.secret+'"]'),c=new RegExp("^https?:$","i"),i=0;i<o.length;i++)o[i].style.display="none";for(i=0;i<a.length;i++)s=a[i],e.source===s.contentWindow&&(s.removeAttribute("style"),"height"===t.message?(1e3<(r=parseInt(t.value,10))?r=1e3:~~r<200&&(r=200),s.height=r):"link"===t.message&&(r=new URL(s.getAttribute("src")),n=new URL(t.value),c.test(n.protocol))&&n.host===r.host&&l.activeElement===s&&(d.top.location.href=t.value))}},d.addEventListener("message",d.wp.receiveEmbedMessage,!1),l.addEventListener("DOMContentLoaded",function(){for(var e,t,s=l.querySelectorAll("iframe.wp-embedded-content"),r=0;r<s.length;r++)(t=(e=s[r]).getAttribute("data-secret"))||(t=Math.random().toString(36).substring(2,12),e.src+="#?secret="+t,e.setAttribute("data-secret",t)),e.contentWindow.postMessage({message:"ready",secret:t},"*")},!1)))}(window,document);
//# sourceURL=https://blogg.svenskakyrkan.se/rolandreflekterar/wp-includes/js/wp-embed.min.js
/* ]]> */
</script>

Att tro på Gud som universums skapare är nog för de flesta ganska enkelt eller åtminstone troligt och en möjlig förklaring till dess uppkomst och utveckling. Men att tro på en allsmäktig Gud, en Gud som är herre över allt är svårt. Då vi ska ändra synsätt från Gud som skaparen till Gud som en [&hellip;]
