{"version":"1.0","provider_name":"Roland reflekterar","provider_url":"https:\/\/blogg.svenskakyrkan.se\/rolandreflekterar","author_name":"Roland Persson","author_url":"https:\/\/blogg.svenskakyrkan.se\/rolandreflekterar\/author\/rolandreflekterar\/","title":"Medm\u00e4nniskan - Roland reflekterar","type":"rich","width":600,"height":338,"html":"<blockquote class=\"wp-embedded-content\" data-secret=\"I3SvVYjtYO\"><a href=\"https:\/\/blogg.svenskakyrkan.se\/rolandreflekterar\/2025\/09\/14\/medmanniskan\/\">Medm\u00e4nniskan<\/a><\/blockquote><iframe sandbox=\"allow-scripts\" security=\"restricted\" src=\"https:\/\/blogg.svenskakyrkan.se\/rolandreflekterar\/2025\/09\/14\/medmanniskan\/embed\/#?secret=I3SvVYjtYO\" width=\"600\" height=\"338\" title=\"\u201dMedm\u00e4nniskan\u201d &ndash; Roland reflekterar\" data-secret=\"I3SvVYjtYO\" frameborder=\"0\" marginwidth=\"0\" marginheight=\"0\" scrolling=\"no\" class=\"wp-embedded-content\"><\/iframe><script type=\"text\/javascript\">\n\/* <![CDATA[ *\/\n\/*! This file is auto-generated *\/\n!function(d,l){\"use strict\";l.querySelector&&d.addEventListener&&\"undefined\"!=typeof URL&&(d.wp=d.wp||{},d.wp.receiveEmbedMessage||(d.wp.receiveEmbedMessage=function(e){var t=e.data;if((t||t.secret||t.message||t.value)&&!\/[^a-zA-Z0-9]\/.test(t.secret)){for(var s,r,n,a=l.querySelectorAll('iframe[data-secret=\"'+t.secret+'\"]'),o=l.querySelectorAll('blockquote[data-secret=\"'+t.secret+'\"]'),c=new RegExp(\"^https?:$\",\"i\"),i=0;i<o.length;i++)o[i].style.display=\"none\";for(i=0;i<a.length;i++)s=a[i],e.source===s.contentWindow&&(s.removeAttribute(\"style\"),\"height\"===t.message?(1e3<(r=parseInt(t.value,10))?r=1e3:~~r<200&&(r=200),s.height=r):\"link\"===t.message&&(r=new URL(s.getAttribute(\"src\")),n=new URL(t.value),c.test(n.protocol))&&n.host===r.host&&l.activeElement===s&&(d.top.location.href=t.value))}},d.addEventListener(\"message\",d.wp.receiveEmbedMessage,!1),l.addEventListener(\"DOMContentLoaded\",function(){for(var e,t,s=l.querySelectorAll(\"iframe.wp-embedded-content\"),r=0;r<s.length;r++)(t=(e=s[r]).getAttribute(\"data-secret\"))||(t=Math.random().toString(36).substring(2,12),e.src+=\"#?secret=\"+t,e.setAttribute(\"data-secret\",t)),e.contentWindow.postMessage({message:\"ready\",secret:t},\"*\")},!1)))}(window,document);\n\/\/# sourceURL=https:\/\/blogg.svenskakyrkan.se\/rolandreflekterar\/wp-includes\/js\/wp-embed.min.js\n\/* ]]> *\/\n<\/script>\n","description":"Jag funderar ganska ofta varf\u00f6r v\u00e5ra relationer \u00e4r s\u00e5 ytliga. Vi vill ju g\u00e4rna vara s\u00e5 djupa och f\u00f6rst\u00e5ndiga men v\u00e5r vardag blir f\u00f6r det mesta bara fylld med yta utan djup och mening. \u00c4r det kanske f\u00f6r att vi aldrig, eller i alla fall v\u00e4ldigt s\u00e4llan sl\u00e4pper in Gud i v\u00e5r vardag. Vi umg\u00e5s [&hellip;]"}

Medmänniskan - Roland reflekterar

<blockquote class="wp-embedded-content" data-secret="I3SvVYjtYO"><a href="https://blogg.svenskakyrkan.se/rolandreflekterar/2025/09/14/medmanniskan/">Medmänniskan</a></blockquote><iframe sandbox="allow-scripts" security="restricted" src="https://blogg.svenskakyrkan.se/rolandreflekterar/2025/09/14/medmanniskan/embed/#?secret=I3SvVYjtYO" width="600" height="338" title="”Medmänniskan” &ndash; Roland reflekterar" data-secret="I3SvVYjtYO" frameborder="0" marginwidth="0" marginheight="0" scrolling="no" class="wp-embedded-content"></iframe><script type="text/javascript">
/* <![CDATA[ */
/*! This file is auto-generated */
!function(d,l){"use strict";l.querySelector&&d.addEventListener&&"undefined"!=typeof URL&&(d.wp=d.wp||{},d.wp.receiveEmbedMessage||(d.wp.receiveEmbedMessage=function(e){var t=e.data;if((t||t.secret||t.message||t.value)&&!/[^a-zA-Z0-9]/.test(t.secret)){for(var s,r,n,a=l.querySelectorAll('iframe[data-secret="'+t.secret+'"]'),o=l.querySelectorAll('blockquote[data-secret="'+t.secret+'"]'),c=new RegExp("^https?:$","i"),i=0;i<o.length;i++)o[i].style.display="none";for(i=0;i<a.length;i++)s=a[i],e.source===s.contentWindow&&(s.removeAttribute("style"),"height"===t.message?(1e3<(r=parseInt(t.value,10))?r=1e3:~~r<200&&(r=200),s.height=r):"link"===t.message&&(r=new URL(s.getAttribute("src")),n=new URL(t.value),c.test(n.protocol))&&n.host===r.host&&l.activeElement===s&&(d.top.location.href=t.value))}},d.addEventListener("message",d.wp.receiveEmbedMessage,!1),l.addEventListener("DOMContentLoaded",function(){for(var e,t,s=l.querySelectorAll("iframe.wp-embedded-content"),r=0;r<s.length;r++)(t=(e=s[r]).getAttribute("data-secret"))||(t=Math.random().toString(36).substring(2,12),e.src+="#?secret="+t,e.setAttribute("data-secret",t)),e.contentWindow.postMessage({message:"ready",secret:t},"*")},!1)))}(window,document);
//# sourceURL=https://blogg.svenskakyrkan.se/rolandreflekterar/wp-includes/js/wp-embed.min.js
/* ]]> */
</script>

Jag funderar ganska ofta varför våra relationer är så ytliga. Vi vill ju gärna vara så djupa och förståndiga men vår vardag blir för det mesta bara fylld med yta utan djup och mening. Är det kanske för att vi aldrig, eller i alla fall väldigt sällan släpper in Gud i vår vardag. Vi umgås [&hellip;]
