{"version":"1.0","provider_name":"Samtal i Damaskusporten","provider_url":"https:\/\/blogg.svenskakyrkan.se\/sigurhaf","author_name":"Sigurdur Hafthorsson","author_url":"https:\/\/blogg.svenskakyrkan.se\/sigurhaf\/author\/sigurhaf\/","title":"Facebook \u2013 kyrka hemma hos dig - Samtal i Damaskusporten","type":"rich","width":600,"height":338,"html":"<blockquote class=\"wp-embedded-content\" data-secret=\"GyExE5ij21\"><a href=\"https:\/\/blogg.svenskakyrkan.se\/sigurhaf\/2011\/10\/20\/facebook-%e2%80%93-kyrka-hemma-hos-dig\/\">Facebook \u2013 kyrka hemma hos dig<\/a><\/blockquote><iframe sandbox=\"allow-scripts\" security=\"restricted\" src=\"https:\/\/blogg.svenskakyrkan.se\/sigurhaf\/2011\/10\/20\/facebook-%e2%80%93-kyrka-hemma-hos-dig\/embed\/#?secret=GyExE5ij21\" width=\"600\" height=\"338\" title=\"\u201dFacebook \u2013 kyrka hemma hos dig\u201d &ndash; Samtal i Damaskusporten\" data-secret=\"GyExE5ij21\" frameborder=\"0\" marginwidth=\"0\" marginheight=\"0\" scrolling=\"no\" class=\"wp-embedded-content\"><\/iframe><script type=\"text\/javascript\">\n\/* <![CDATA[ *\/\n\/*! This file is auto-generated *\/\n!function(d,l){\"use strict\";l.querySelector&&d.addEventListener&&\"undefined\"!=typeof URL&&(d.wp=d.wp||{},d.wp.receiveEmbedMessage||(d.wp.receiveEmbedMessage=function(e){var t=e.data;if((t||t.secret||t.message||t.value)&&!\/[^a-zA-Z0-9]\/.test(t.secret)){for(var s,r,n,a=l.querySelectorAll('iframe[data-secret=\"'+t.secret+'\"]'),o=l.querySelectorAll('blockquote[data-secret=\"'+t.secret+'\"]'),c=new RegExp(\"^https?:$\",\"i\"),i=0;i<o.length;i++)o[i].style.display=\"none\";for(i=0;i<a.length;i++)s=a[i],e.source===s.contentWindow&&(s.removeAttribute(\"style\"),\"height\"===t.message?(1e3<(r=parseInt(t.value,10))?r=1e3:~~r<200&&(r=200),s.height=r):\"link\"===t.message&&(r=new URL(s.getAttribute(\"src\")),n=new URL(t.value),c.test(n.protocol))&&n.host===r.host&&l.activeElement===s&&(d.top.location.href=t.value))}},d.addEventListener(\"message\",d.wp.receiveEmbedMessage,!1),l.addEventListener(\"DOMContentLoaded\",function(){for(var e,t,s=l.querySelectorAll(\"iframe.wp-embedded-content\"),r=0;r<s.length;r++)(t=(e=s[r]).getAttribute(\"data-secret\"))||(t=Math.random().toString(36).substring(2,12),e.src+=\"#?secret=\"+t,e.setAttribute(\"data-secret\",t)),e.contentWindow.postMessage({message:\"ready\",secret:t},\"*\")},!1)))}(window,document);\n\/\/# sourceURL=https:\/\/blogg.svenskakyrkan.se\/sigurhaf\/wp-includes\/js\/wp-embed.min.js\n\/* ]]> *\/\n<\/script>\n","description":"Idag firade vi p\u00e5 arbetsplatsen att den facebooksida som vi jobbar med, Svenska kyrkan, har f\u00e5tt \u00f6ver 5000 f\u00f6ljare eller \u201dgillanden\u201d. I praktiken inneb\u00e4r det att n\u00e5gots\u00e5n\u00e4r 5000 personer har valt att p\u00e5 sina personliga fb-sidor, f\u00e5 upp det material som vi administrat\u00f6rer f\u00f6r Svenska kyrkans fb-sida, l\u00e4gger upp. Jag m\u00e4rker att det finns en [&hellip;]","thumbnail_url":"http:\/\/blogg.svenskakyrkan.se\/sigurhaf\/files\/2011\/10\/Diverse-047-2-300x224.jpg"}

Idag firade vi på arbetsplatsen att den facebooksida som vi jobbar med, Svenska kyrkan, har fått över 5000 följare eller ”gillanden”. I praktiken innebär det att någotsånär 5000 personer har valt att på sina personliga fb-sidor, få upp det material som vi administratörer för Svenska kyrkans fb-sida, lägger upp. Jag märker att det finns en [&hellip;]
