{"version":"1.0","provider_name":"Tankar inf\u00f6r helgen","provider_url":"https:\/\/blogg.svenskakyrkan.se\/tankarinforhelgen","author_name":"Britt-Karin Ekstrand, pr\u00e4st","author_url":"https:\/\/blogg.svenskakyrkan.se\/tankarinforhelgen\/author\/brittkarinekstrand\/","title":"M\u00f6te med tr\u00e4dg\u00e5rdsm\u00e4staren - Tankar inf\u00f6r helgen","type":"rich","width":600,"height":338,"html":"<blockquote class=\"wp-embedded-content\" data-secret=\"PTrN5h6U6L\"><a href=\"https:\/\/blogg.svenskakyrkan.se\/tankarinforhelgen\/2018\/07\/31\/mote-med-tradgardsmastaren\/\">M\u00f6te med tr\u00e4dg\u00e5rdsm\u00e4staren<\/a><\/blockquote><iframe sandbox=\"allow-scripts\" security=\"restricted\" src=\"https:\/\/blogg.svenskakyrkan.se\/tankarinforhelgen\/2018\/07\/31\/mote-med-tradgardsmastaren\/embed\/#?secret=PTrN5h6U6L\" width=\"600\" height=\"338\" title=\"\u201dM\u00f6te med tr\u00e4dg\u00e5rdsm\u00e4staren\u201d &ndash; Tankar inf\u00f6r helgen\" data-secret=\"PTrN5h6U6L\" frameborder=\"0\" marginwidth=\"0\" marginheight=\"0\" scrolling=\"no\" class=\"wp-embedded-content\"><\/iframe><script type=\"text\/javascript\">\n\/* <![CDATA[ *\/\n\/*! This file is auto-generated *\/\n!function(d,l){\"use strict\";l.querySelector&&d.addEventListener&&\"undefined\"!=typeof URL&&(d.wp=d.wp||{},d.wp.receiveEmbedMessage||(d.wp.receiveEmbedMessage=function(e){var t=e.data;if((t||t.secret||t.message||t.value)&&!\/[^a-zA-Z0-9]\/.test(t.secret)){for(var s,r,n,a=l.querySelectorAll('iframe[data-secret=\"'+t.secret+'\"]'),o=l.querySelectorAll('blockquote[data-secret=\"'+t.secret+'\"]'),c=new RegExp(\"^https?:$\",\"i\"),i=0;i<o.length;i++)o[i].style.display=\"none\";for(i=0;i<a.length;i++)s=a[i],e.source===s.contentWindow&&(s.removeAttribute(\"style\"),\"height\"===t.message?(1e3<(r=parseInt(t.value,10))?r=1e3:~~r<200&&(r=200),s.height=r):\"link\"===t.message&&(r=new URL(s.getAttribute(\"src\")),n=new URL(t.value),c.test(n.protocol))&&n.host===r.host&&l.activeElement===s&&(d.top.location.href=t.value))}},d.addEventListener(\"message\",d.wp.receiveEmbedMessage,!1),l.addEventListener(\"DOMContentLoaded\",function(){for(var e,t,s=l.querySelectorAll(\"iframe.wp-embedded-content\"),r=0;r<s.length;r++)(t=(e=s[r]).getAttribute(\"data-secret\"))||(t=Math.random().toString(36).substring(2,12),e.src+=\"#?secret=\"+t,e.setAttribute(\"data-secret\",t)),e.contentWindow.postMessage({message:\"ready\",secret:t},\"*\")},!1)))}(window,document);\n\/\/# sourceURL=https:\/\/blogg.svenskakyrkan.se\/tankarinforhelgen\/wp-includes\/js\/wp-embed.min.js\n\/* ]]> *\/\n<\/script>\n","thumbnail_url":"https:\/\/blogg.svenskakyrkan.se\/tankarinforhelgen\/files\/2018\/07\/garden-1176406_960_720-768x512.jpg","thumbnail_width":600,"thumbnail_height":400,"description":"Solen br\u00e4nner och l\u00e4ngtan efter svalka tar mig till en av kyrkorna i n\u00e4rheten. Stenv\u00e4ggarna st\u00e5r emot v\u00e4rme och v\u00e4der l\u00e4ngre \u00e4n vad andra v\u00e4ggar g\u00f6r. Kyrkporten st\u00e4ngs tungt efter mig och jag hittar en plats att vila. Tanken \u00e4r tr\u00f6tt av sommarhetta. Jag \u00e4r glad \u00f6ver de bilder som kyrkvalven ger mig. Det \u00e4r [&hellip;]"}

Tankar inför helgen

Britt-Karin Ekstrand, präst

Möte med trädgårdsmästaren - Tankar inför helgen

<blockquote class="wp-embedded-content" data-secret="PTrN5h6U6L"><a href="https://blogg.svenskakyrkan.se/tankarinforhelgen/2018/07/31/mote-med-tradgardsmastaren/">Möte med trädgårdsmästaren</a></blockquote><iframe sandbox="allow-scripts" security="restricted" src="https://blogg.svenskakyrkan.se/tankarinforhelgen/2018/07/31/mote-med-tradgardsmastaren/embed/#?secret=PTrN5h6U6L" width="600" height="338" title="”Möte med trädgårdsmästaren” &ndash; Tankar inför helgen" data-secret="PTrN5h6U6L" frameborder="0" marginwidth="0" marginheight="0" scrolling="no" class="wp-embedded-content"></iframe><script type="text/javascript">
/* <![CDATA[ */
/*! This file is auto-generated */
!function(d,l){"use strict";l.querySelector&&d.addEventListener&&"undefined"!=typeof URL&&(d.wp=d.wp||{},d.wp.receiveEmbedMessage||(d.wp.receiveEmbedMessage=function(e){var t=e.data;if((t||t.secret||t.message||t.value)&&!/[^a-zA-Z0-9]/.test(t.secret)){for(var s,r,n,a=l.querySelectorAll('iframe[data-secret="'+t.secret+'"]'),o=l.querySelectorAll('blockquote[data-secret="'+t.secret+'"]'),c=new RegExp("^https?:$","i"),i=0;i<o.length;i++)o[i].style.display="none";for(i=0;i<a.length;i++)s=a[i],e.source===s.contentWindow&&(s.removeAttribute("style"),"height"===t.message?(1e3<(r=parseInt(t.value,10))?r=1e3:~~r<200&&(r=200),s.height=r):"link"===t.message&&(r=new URL(s.getAttribute("src")),n=new URL(t.value),c.test(n.protocol))&&n.host===r.host&&l.activeElement===s&&(d.top.location.href=t.value))}},d.addEventListener("message",d.wp.receiveEmbedMessage,!1),l.addEventListener("DOMContentLoaded",function(){for(var e,t,s=l.querySelectorAll("iframe.wp-embedded-content"),r=0;r<s.length;r++)(t=(e=s[r]).getAttribute("data-secret"))||(t=Math.random().toString(36).substring(2,12),e.src+="#?secret="+t,e.setAttribute("data-secret",t)),e.contentWindow.postMessage({message:"ready",secret:t},"*")},!1)))}(window,document);
//# sourceURL=https://blogg.svenskakyrkan.se/tankarinforhelgen/wp-includes/js/wp-embed.min.js
/* ]]> */
</script>

Solen bränner och längtan efter svalka tar mig till en av kyrkorna i närheten. Stenväggarna står emot värme och väder längre än vad andra väggar gör. Kyrkporten stängs tungt efter mig och jag hittar en plats att vila. Tanken är trött av sommarhetta. Jag är glad över de bilder som kyrkvalven ger mig. Det är [&hellip;]
