{"id":56,"date":"2012-01-09T21:07:31","date_gmt":"2012-01-09T20:07:31","guid":{"rendered":"http:\/\/blogg.svenskakyrkan.se\/uppsaladomkyrkokor\/?page_id=56"},"modified":"2020-10-17T18:37:30","modified_gmt":"2020-10-17T17:37:30","slug":"program","status":"publish","type":"page","link":"https:\/\/blogg.svenskakyrkan.se\/uppsaladomkyrkokor\/program\/","title":{"rendered":"Program"},"content":{"rendered":"<p><a href=\"http:\/\/blogg.svenskakyrkan.se\/uppsaladomkyrkokor\/files\/2012\/01\/P5035132-liten_beskuren.jpg\"><img loading=\"lazy\" decoding=\"async\" class=\"aligncenter size-full wp-image-194\" src=\"http:\/\/blogg.svenskakyrkan.se\/uppsaladomkyrkokor\/files\/2012\/01\/P5035132-liten_beskuren.jpg\" alt=\"???????????????????????????????\" width=\"934\" height=\"451\" srcset=\"https:\/\/blogg.svenskakyrkan.se\/uppsaladomkyrkokor\/files\/2012\/01\/P5035132-liten_beskuren.jpg 934w, https:\/\/blogg.svenskakyrkan.se\/uppsaladomkyrkokor\/files\/2012\/01\/P5035132-liten_beskuren-300x145.jpg 300w, https:\/\/blogg.svenskakyrkan.se\/uppsaladomkyrkokor\/files\/2012\/01\/P5035132-liten_beskuren-500x241.jpg 500w\" sizes=\"auto, (max-width: 934px) 100vw, 934px\" \/><\/a><\/p>\n<p><strong>OBSERVERA<\/strong>: K\u00f6rverksamheten i Uppsala pastorat har begr\u00e4nsats med anledning av pandemin. Observera att endast 50 personer f\u00e5r n\u00e4rvara p\u00e5 konserter och gudstj\u00e4nster.<\/p>\n<p>Senast uppdaterad 2020-10-08<\/p>\n<hr \/>\n<p>S\u00f6ndag 1 november 2020 kl 18.00 i Uppsala domkyrka<\/p>\n<p><strong>Till de avlidnas minne<\/strong><\/p>\n<p>Herbert Howells Requiem<\/p>\n<p>Pr\u00e4st:\u00a0Gudrun Ros\u00e9n, musiker: Andrew Canning\u00a0<\/p>\n<hr \/>\n<p><span style=\"font-size: 1.05rem\">S\u00f6ndag 20 december 2020 kl prel. 16 och 18.30 i Uppsala domkyrka<\/span><\/p>\n<p><strong>Julkonsert<\/strong><\/p>\n<p>Former oklara pga pandemin. Mer information kommer i god tid inf\u00f6r konserten.<\/p>\n<hr \/>\n<p>Fredag 25 december 2020 kl 7.00 i Uppsala domkyrka<\/p>\n<p><strong>Julotta<\/strong><\/p>\n<p><b>Pr\u00e4st:<\/b> Kristin Windolf,\u00a0<b>Musiker:<\/b> Milke Falck<\/p>\n<hr \/>\n<p>S\u00f6ndag 10 januari 2021 kl 11.00 i Uppsala domkyrka<\/p>\n<p><strong>H\u00f6gm\u00e4ssa<\/strong><\/p>\n<p>Pr\u00e4st: Lars \u00c5strand, musiker: Andrew Canning<\/p>\n<hr \/>\n<p>S\u00f6ndag 10 januari 2021 kl 18.00 i Uppsala domkyrka<\/p>\n<p><strong>Vi sjunger julen ut<\/strong><\/p>\n<p>Mer information kommer<\/p>\n<hr \/>\n\n<p><\/p>\n","protected":false},"excerpt":{"rendered":"<p>OBSERVERA: K\u00f6rverksamheten i Uppsala pastorat har begr\u00e4nsats med anledning av pandemin. Observera att endast 50 personer f\u00e5r n\u00e4rvara p\u00e5 konserter och gudstj\u00e4nster. Senast uppdaterad 2020-10-08 S\u00f6ndag 1 november 2020 kl 18.00 i Uppsala domkyrka Till de avlidnas minne Herbert Howells Requiem Pr\u00e4st:\u00a0Gudrun Ros\u00e9n, musiker: Andrew Canning\u00a0 S\u00f6ndag 20 december 2020 kl prel. 16 och 18.30 [&hellip;]<\/p>\n","protected":false},"author":115,"featured_media":0,"parent":0,"menu_order":3,"comment_status":"closed","ping_status":"closed","template":"","meta":{"_acf_changed":false,"footnotes":""},"class_list":["post-56","page","type-page","status-publish","hentry"],"acf":[],"yoast_head":"<!-- This site is optimized with the Yoast SEO plugin v27.1.1 - https:\/\/yoast.com\/product\/yoast-seo-wordpress\/ -->\n<title>Program - Uppsala Domkyrkok\u00f6r<\/title>\n<meta name=\"robots\" content=\"index, follow, max-snippet:-1, max-image-preview:large, max-video-preview:-1\" \/>\n<link rel=\"canonical\" href=\"https:\/\/blogg.svenskakyrkan.se\/uppsaladomkyrkokor\/program\/\" \/>\n<meta property=\"og:locale\" content=\"sv_SE\" \/>\n<meta property=\"og:type\" content=\"article\" \/>\n<meta property=\"og:title\" content=\"Program - Uppsala Domkyrkok\u00f6r\" \/>\n<meta property=\"og:description\" content=\"OBSERVERA: K\u00f6rverksamheten i Uppsala pastorat har begr\u00e4nsats med anledning av pandemin. Observera att endast 50 personer f\u00e5r n\u00e4rvara p\u00e5 konserter och gudstj\u00e4nster. Senast uppdaterad 2020-10-08 S\u00f6ndag 1 november 2020 kl 18.00 i Uppsala domkyrka Till de avlidnas minne Herbert Howells Requiem Pr\u00e4st:\u00a0Gudrun Ros\u00e9n, musiker: Andrew Canning\u00a0 S\u00f6ndag 20 december 2020 kl prel. 16 och 18.30 [&hellip;]\" \/>\n<meta property=\"og:url\" content=\"https:\/\/blogg.svenskakyrkan.se\/uppsaladomkyrkokor\/program\/\" \/>\n<meta property=\"og:site_name\" content=\"Uppsala Domkyrkok\u00f6r\" \/>\n<meta property=\"article:modified_time\" content=\"2020-10-17T17:37:30+00:00\" \/>\n<meta property=\"og:image\" content=\"http:\/\/blogg.svenskakyrkan.se\/uppsaladomkyrkokor\/files\/2012\/01\/P5035132-liten_beskuren.jpg\" \/>\n<meta name=\"twitter:card\" content=\"summary_large_image\" \/>\n<meta name=\"twitter:label1\" content=\"Ber\u00e4knad l\u00e4stid\" \/>\n\t<meta name=\"twitter:data1\" content=\"1 minut\" \/>\n<script type=\"application\/ld+json\" class=\"yoast-schema-graph\">{\"@context\":\"https:\/\/schema.org\",\"@graph\":[{\"@type\":\"WebPage\",\"@id\":\"https:\/\/blogg.svenskakyrkan.se\/uppsaladomkyrkokor\/program\/\",\"url\":\"https:\/\/blogg.svenskakyrkan.se\/uppsaladomkyrkokor\/program\/\",\"name\":\"Program - Uppsala Domkyrkok\u00f6r\",\"isPartOf\":{\"@id\":\"https:\/\/blogg.svenskakyrkan.se\/uppsaladomkyrkokor\/#website\"},\"primaryImageOfPage\":{\"@id\":\"https:\/\/blogg.svenskakyrkan.se\/uppsaladomkyrkokor\/program\/#primaryimage\"},\"image\":{\"@id\":\"https:\/\/blogg.svenskakyrkan.se\/uppsaladomkyrkokor\/program\/#primaryimage\"},\"thumbnailUrl\":\"http:\/\/blogg.svenskakyrkan.se\/uppsaladomkyrkokor\/files\/2012\/01\/P5035132-liten_beskuren.jpg\",\"datePublished\":\"2012-01-09T20:07:31+00:00\",\"dateModified\":\"2020-10-17T17:37:30+00:00\",\"breadcrumb\":{\"@id\":\"https:\/\/blogg.svenskakyrkan.se\/uppsaladomkyrkokor\/program\/#breadcrumb\"},\"inLanguage\":\"sv-SE\",\"potentialAction\":[{\"@type\":\"ReadAction\",\"target\":[\"https:\/\/blogg.svenskakyrkan.se\/uppsaladomkyrkokor\/program\/\"]}]},{\"@type\":\"ImageObject\",\"inLanguage\":\"sv-SE\",\"@id\":\"https:\/\/blogg.svenskakyrkan.se\/uppsaladomkyrkokor\/program\/#primaryimage\",\"url\":\"https:\/\/blogg.svenskakyrkan.se\/uppsaladomkyrkokor\/files\/2012\/01\/P5035132-liten_beskuren.jpg\",\"contentUrl\":\"https:\/\/blogg.svenskakyrkan.se\/uppsaladomkyrkokor\/files\/2012\/01\/P5035132-liten_beskuren.jpg\",\"width\":934,\"height\":451},{\"@type\":\"BreadcrumbList\",\"@id\":\"https:\/\/blogg.svenskakyrkan.se\/uppsaladomkyrkokor\/program\/#breadcrumb\",\"itemListElement\":[{\"@type\":\"ListItem\",\"position\":1,\"name\":\"Hem\",\"item\":\"https:\/\/blogg.svenskakyrkan.se\/uppsaladomkyrkokor\/\"},{\"@type\":\"ListItem\",\"position\":2,\"name\":\"Program\"}]},{\"@type\":\"WebSite\",\"@id\":\"https:\/\/blogg.svenskakyrkan.se\/uppsaladomkyrkokor\/#website\",\"url\":\"https:\/\/blogg.svenskakyrkan.se\/uppsaladomkyrkokor\/\",\"name\":\"Uppsala Domkyrkok\u00f6r\",\"description\":\"V\u00e4lkommen till Uppsala Domkyrkok\u00f6r!\",\"potentialAction\":[{\"@type\":\"SearchAction\",\"target\":{\"@type\":\"EntryPoint\",\"urlTemplate\":\"https:\/\/blogg.svenskakyrkan.se\/uppsaladomkyrkokor\/?s={search_term_string}\"},\"query-input\":{\"@type\":\"PropertyValueSpecification\",\"valueRequired\":true,\"valueName\":\"search_term_string\"}}],\"inLanguage\":\"sv-SE\"}]}<\/script>\n<!-- \/ Yoast SEO plugin. -->","yoast_head_json":{"title":"Program - Uppsala Domkyrkok\u00f6r","robots":{"index":"index","follow":"follow","max-snippet":"max-snippet:-1","max-image-preview":"max-image-preview:large","max-video-preview":"max-video-preview:-1"},"canonical":"https:\/\/blogg.svenskakyrkan.se\/uppsaladomkyrkokor\/program\/","og_locale":"sv_SE","og_type":"article","og_title":"Program - Uppsala Domkyrkok\u00f6r","og_description":"OBSERVERA: K\u00f6rverksamheten i Uppsala pastorat har begr\u00e4nsats med anledning av pandemin. Observera att endast 50 personer f\u00e5r n\u00e4rvara p\u00e5 konserter och gudstj\u00e4nster. Senast uppdaterad 2020-10-08 S\u00f6ndag 1 november 2020 kl 18.00 i Uppsala domkyrka Till de avlidnas minne Herbert Howells Requiem Pr\u00e4st:\u00a0Gudrun Ros\u00e9n, musiker: Andrew Canning\u00a0 S\u00f6ndag 20 december 2020 kl prel. 16 och 18.30 [&hellip;]","og_url":"https:\/\/blogg.svenskakyrkan.se\/uppsaladomkyrkokor\/program\/","og_site_name":"Uppsala Domkyrkok\u00f6r","article_modified_time":"2020-10-17T17:37:30+00:00","og_image":[{"url":"http:\/\/blogg.svenskakyrkan.se\/uppsaladomkyrkokor\/files\/2012\/01\/P5035132-liten_beskuren.jpg","type":"","width":"","height":""}],"twitter_card":"summary_large_image","twitter_misc":{"Ber\u00e4knad l\u00e4stid":"1 minut"},"schema":{"@context":"https:\/\/schema.org","@graph":[{"@type":"WebPage","@id":"https:\/\/blogg.svenskakyrkan.se\/uppsaladomkyrkokor\/program\/","url":"https:\/\/blogg.svenskakyrkan.se\/uppsaladomkyrkokor\/program\/","name":"Program - Uppsala Domkyrkok\u00f6r","isPartOf":{"@id":"https:\/\/blogg.svenskakyrkan.se\/uppsaladomkyrkokor\/#website"},"primaryImageOfPage":{"@id":"https:\/\/blogg.svenskakyrkan.se\/uppsaladomkyrkokor\/program\/#primaryimage"},"image":{"@id":"https:\/\/blogg.svenskakyrkan.se\/uppsaladomkyrkokor\/program\/#primaryimage"},"thumbnailUrl":"http:\/\/blogg.svenskakyrkan.se\/uppsaladomkyrkokor\/files\/2012\/01\/P5035132-liten_beskuren.jpg","datePublished":"2012-01-09T20:07:31+00:00","dateModified":"2020-10-17T17:37:30+00:00","breadcrumb":{"@id":"https:\/\/blogg.svenskakyrkan.se\/uppsaladomkyrkokor\/program\/#breadcrumb"},"inLanguage":"sv-SE","potentialAction":[{"@type":"ReadAction","target":["https:\/\/blogg.svenskakyrkan.se\/uppsaladomkyrkokor\/program\/"]}]},{"@type":"ImageObject","inLanguage":"sv-SE","@id":"https:\/\/blogg.svenskakyrkan.se\/uppsaladomkyrkokor\/program\/#primaryimage","url":"https:\/\/blogg.svenskakyrkan.se\/uppsaladomkyrkokor\/files\/2012\/01\/P5035132-liten_beskuren.jpg","contentUrl":"https:\/\/blogg.svenskakyrkan.se\/uppsaladomkyrkokor\/files\/2012\/01\/P5035132-liten_beskuren.jpg","width":934,"height":451},{"@type":"BreadcrumbList","@id":"https:\/\/blogg.svenskakyrkan.se\/uppsaladomkyrkokor\/program\/#breadcrumb","itemListElement":[{"@type":"ListItem","position":1,"name":"Hem","item":"https:\/\/blogg.svenskakyrkan.se\/uppsaladomkyrkokor\/"},{"@type":"ListItem","position":2,"name":"Program"}]},{"@type":"WebSite","@id":"https:\/\/blogg.svenskakyrkan.se\/uppsaladomkyrkokor\/#website","url":"https:\/\/blogg.svenskakyrkan.se\/uppsaladomkyrkokor\/","name":"Uppsala Domkyrkok\u00f6r","description":"V\u00e4lkommen till Uppsala Domkyrkok\u00f6r!","potentialAction":[{"@type":"SearchAction","target":{"@type":"EntryPoint","urlTemplate":"https:\/\/blogg.svenskakyrkan.se\/uppsaladomkyrkokor\/?s={search_term_string}"},"query-input":{"@type":"PropertyValueSpecification","valueRequired":true,"valueName":"search_term_string"}}],"inLanguage":"sv-SE"}]}},"_links":{"self":[{"href":"https:\/\/blogg.svenskakyrkan.se\/uppsaladomkyrkokor\/wp-json\/wp\/v2\/pages\/56","targetHints":{"allow":["GET"]}}],"collection":[{"href":"https:\/\/blogg.svenskakyrkan.se\/uppsaladomkyrkokor\/wp-json\/wp\/v2\/pages"}],"about":[{"href":"https:\/\/blogg.svenskakyrkan.se\/uppsaladomkyrkokor\/wp-json\/wp\/v2\/types\/page"}],"author":[{"embeddable":true,"href":"https:\/\/blogg.svenskakyrkan.se\/uppsaladomkyrkokor\/wp-json\/wp\/v2\/users\/115"}],"replies":[{"embeddable":true,"href":"https:\/\/blogg.svenskakyrkan.se\/uppsaladomkyrkokor\/wp-json\/wp\/v2\/comments?post=56"}],"version-history":[{"count":67,"href":"https:\/\/blogg.svenskakyrkan.se\/uppsaladomkyrkokor\/wp-json\/wp\/v2\/pages\/56\/revisions"}],"predecessor-version":[{"id":549,"href":"https:\/\/blogg.svenskakyrkan.se\/uppsaladomkyrkokor\/wp-json\/wp\/v2\/pages\/56\/revisions\/549"}],"wp:attachment":[{"href":"https:\/\/blogg.svenskakyrkan.se\/uppsaladomkyrkokor\/wp-json\/wp\/v2\/media?parent=56"}],"curies":[{"name":"wp","href":"https:\/\/api.w.org\/{rel}","templated":true}]}}

<p><a href="http://blogg.svenskakyrkan.se/uppsaladomkyrkokor/files/2012/01/P5035132-liten_beskuren.jpg"><img loading="lazy" decoding="async" class="aligncenter size-full wp-image-194" src="http://blogg.svenskakyrkan.se/uppsaladomkyrkokor/files/2012/01/P5035132-liten_beskuren.jpg" alt="???????????????????????????????" width="934" height="451" srcset="https://blogg.svenskakyrkan.se/uppsaladomkyrkokor/files/2012/01/P5035132-liten_beskuren.jpg 934w, https://blogg.svenskakyrkan.se/uppsaladomkyrkokor/files/2012/01/P5035132-liten_beskuren-300x145.jpg 300w, https://blogg.svenskakyrkan.se/uppsaladomkyrkokor/files/2012/01/P5035132-liten_beskuren-500x241.jpg 500w" sizes="auto, (max-width: 934px) 100vw, 934px" /></a></p>
<p><strong>OBSERVERA</strong>: Körverksamheten i Uppsala pastorat har begränsats med anledning av pandemin. Observera att endast 50 personer får närvara på konserter och gudstjänster.</p>
<p>Senast uppdaterad 2020-10-08</p>
<hr />
<p>Söndag 1 november 2020 kl 18.00 i Uppsala domkyrka</p>
<p><strong>Till de avlidnas minne</strong></p>
<p>Herbert Howells Requiem</p>
<p>Präst: Gudrun Rosén, musiker: Andrew Canning </p>
<hr />
<p><span style="font-size: 1.05rem">Söndag 20 december 2020 kl prel. 16 och 18.30 i Uppsala domkyrka</span></p>
<p><strong>Julkonsert</strong></p>
<p>Former oklara pga pandemin. Mer information kommer i god tid inför konserten.</p>
<hr />
<p>Fredag 25 december 2020 kl 7.00 i Uppsala domkyrka</p>
<p><strong>Julotta</strong></p>
<p><b>Präst:</b> Kristin Windolf, <b>Musiker:</b> Milke Falck</p>
<hr />
<p>Söndag 10 januari 2021 kl 11.00 i Uppsala domkyrka</p>
<p><strong>Högmässa</strong></p>
<p>Präst: Lars Åstrand, musiker: Andrew Canning</p>
<hr />
<p>Söndag 10 januari 2021 kl 18.00 i Uppsala domkyrka</p>
<p><strong>Vi sjunger julen ut</strong></p>
<p>Mer information kommer</p>
<hr />

<p></p>

<p>OBSERVERA: Körverksamheten i Uppsala pastorat har begränsats med anledning av pandemin. Observera att endast 50 personer får närvara på konserter och gudstjänster. Senast uppdaterad 2020-10-08 Söndag 1 november 2020 kl 18.00 i Uppsala domkyrka Till de avlidnas minne Herbert Howells Requiem Präst: Gudrun Rosén, musiker: Andrew Canning  Söndag 20 december 2020 kl prel. 16 och 18.30 [&hellip;]</p>

<!-- This site is optimized with the Yoast SEO plugin v27.1.1 - https://yoast.com/product/yoast-seo-wordpress/ -->
<title>Program - Uppsala Domkyrkokör</title>
<meta name="robots" content="index, follow, max-snippet:-1, max-image-preview:large, max-video-preview:-1" />
<link rel="canonical" href="https://blogg.svenskakyrkan.se/uppsaladomkyrkokor/program/" />
<meta property="og:locale" content="sv_SE" />
<meta property="og:type" content="article" />
<meta property="og:title" content="Program - Uppsala Domkyrkokör" />
<meta property="og:description" content="OBSERVERA: Körverksamheten i Uppsala pastorat har begränsats med anledning av pandemin. Observera att endast 50 personer får närvara på konserter och gudstjänster. Senast uppdaterad 2020-10-08 Söndag 1 november 2020 kl 18.00 i Uppsala domkyrka Till de avlidnas minne Herbert Howells Requiem Präst: Gudrun Rosén, musiker: Andrew Canning  Söndag 20 december 2020 kl prel. 16 och 18.30 [&hellip;]" />
<meta property="og:url" content="https://blogg.svenskakyrkan.se/uppsaladomkyrkokor/program/" />
<meta property="og:site_name" content="Uppsala Domkyrkokör" />
<meta property="article:modified_time" content="2020-10-17T17:37:30+00:00" />
<meta property="og:image" content="http://blogg.svenskakyrkan.se/uppsaladomkyrkokor/files/2012/01/P5035132-liten_beskuren.jpg" />
<meta name="twitter:card" content="summary_large_image" />
<meta name="twitter:label1" content="Beräknad lästid" />
	<meta name="twitter:data1" content="1 minut" />
<script type="application/ld+json" class="yoast-schema-graph">{"@context":"https://schema.org","@graph":[{"@type":"WebPage","@id":"https://blogg.svenskakyrkan.se/uppsaladomkyrkokor/program/","url":"https://blogg.svenskakyrkan.se/uppsaladomkyrkokor/program/","name":"Program - Uppsala Domkyrkokör","isPartOf":{"@id":"https://blogg.svenskakyrkan.se/uppsaladomkyrkokor/#website"},"primaryImageOfPage":{"@id":"https://blogg.svenskakyrkan.se/uppsaladomkyrkokor/program/#primaryimage"},"image":{"@id":"https://blogg.svenskakyrkan.se/uppsaladomkyrkokor/program/#primaryimage"},"thumbnailUrl":"http://blogg.svenskakyrkan.se/uppsaladomkyrkokor/files/2012/01/P5035132-liten_beskuren.jpg","datePublished":"2012-01-09T20:07:31+00:00","dateModified":"2020-10-17T17:37:30+00:00","breadcrumb":{"@id":"https://blogg.svenskakyrkan.se/uppsaladomkyrkokor/program/#breadcrumb"},"inLanguage":"sv-SE","potentialAction":[{"@type":"ReadAction","target":["https://blogg.svenskakyrkan.se/uppsaladomkyrkokor/program/"]}]},{"@type":"ImageObject","inLanguage":"sv-SE","@id":"https://blogg.svenskakyrkan.se/uppsaladomkyrkokor/program/#primaryimage","url":"https://blogg.svenskakyrkan.se/uppsaladomkyrkokor/files/2012/01/P5035132-liten_beskuren.jpg","contentUrl":"https://blogg.svenskakyrkan.se/uppsaladomkyrkokor/files/2012/01/P5035132-liten_beskuren.jpg","width":934,"height":451},{"@type":"BreadcrumbList","@id":"https://blogg.svenskakyrkan.se/uppsaladomkyrkokor/program/#breadcrumb","itemListElement":[{"@type":"ListItem","position":1,"name":"Hem","item":"https://blogg.svenskakyrkan.se/uppsaladomkyrkokor/"},{"@type":"ListItem","position":2,"name":"Program"}]},{"@type":"WebSite","@id":"https://blogg.svenskakyrkan.se/uppsaladomkyrkokor/#website","url":"https://blogg.svenskakyrkan.se/uppsaladomkyrkokor/","name":"Uppsala Domkyrkokör","description":"Välkommen till Uppsala Domkyrkokör!","potentialAction":[{"@type":"SearchAction","target":{"@type":"EntryPoint","urlTemplate":"https://blogg.svenskakyrkan.se/uppsaladomkyrkokor/?s={search_term_string}"},"query-input":{"@type":"PropertyValueSpecification","valueRequired":true,"valueName":"search_term_string"}}],"inLanguage":"sv-SE"}]}</script>
<!-- / Yoast SEO plugin. -->

Program - Uppsala Domkyrkokör

OBSERVERA: Körverksamheten i Uppsala pastorat har begränsats med anledning av pandemin. Observera att endast 50 personer får närvara på konserter och gudstjänster. Senast uppdaterad 2020-10-08 Söndag 1 november 2020 kl 18.00 i Uppsala domkyrka Till de avlidnas minne Herbert Howells Requiem Präst: Gudrun Rosén, musiker: Andrew Canning  Söndag 20 december 2020 kl prel. 16 och 18.30 [&hellip;]

Uppsala Domkyrkokör

Välkommen till Uppsala Domkyrkokör!
