{"version":"1.0","provider_name":"Vandra V\u00e4gen","provider_url":"https:\/\/blogg.svenskakyrkan.se\/vandravagen","author_name":"Tomas Jarvid","author_url":"https:\/\/blogg.svenskakyrkan.se\/vandravagen\/author\/vandravagen\/","title":"Ortodox jul! - Vandra V\u00e4gen","type":"rich","width":600,"height":338,"html":"<blockquote class=\"wp-embedded-content\" data-secret=\"crI3Ac4zBm\"><a href=\"https:\/\/blogg.svenskakyrkan.se\/vandravagen\/2012\/12\/26\/ortodox-jul\/\">Ortodox jul!<\/a><\/blockquote><iframe sandbox=\"allow-scripts\" security=\"restricted\" src=\"https:\/\/blogg.svenskakyrkan.se\/vandravagen\/2012\/12\/26\/ortodox-jul\/embed\/#?secret=crI3Ac4zBm\" width=\"600\" height=\"338\" title=\"\u201dOrtodox jul!\u201d &ndash; Vandra V\u00e4gen\" data-secret=\"crI3Ac4zBm\" frameborder=\"0\" marginwidth=\"0\" marginheight=\"0\" scrolling=\"no\" class=\"wp-embedded-content\"><\/iframe><script type=\"text\/javascript\">\n\/* <![CDATA[ *\/\n\/*! This file is auto-generated *\/\n!function(d,l){\"use strict\";l.querySelector&&d.addEventListener&&\"undefined\"!=typeof URL&&(d.wp=d.wp||{},d.wp.receiveEmbedMessage||(d.wp.receiveEmbedMessage=function(e){var t=e.data;if((t||t.secret||t.message||t.value)&&!\/[^a-zA-Z0-9]\/.test(t.secret)){for(var s,r,n,a=l.querySelectorAll('iframe[data-secret=\"'+t.secret+'\"]'),o=l.querySelectorAll('blockquote[data-secret=\"'+t.secret+'\"]'),c=new RegExp(\"^https?:$\",\"i\"),i=0;i<o.length;i++)o[i].style.display=\"none\";for(i=0;i<a.length;i++)s=a[i],e.source===s.contentWindow&&(s.removeAttribute(\"style\"),\"height\"===t.message?(1e3<(r=parseInt(t.value,10))?r=1e3:~~r<200&&(r=200),s.height=r):\"link\"===t.message&&(r=new URL(s.getAttribute(\"src\")),n=new URL(t.value),c.test(n.protocol))&&n.host===r.host&&l.activeElement===s&&(d.top.location.href=t.value))}},d.addEventListener(\"message\",d.wp.receiveEmbedMessage,!1),l.addEventListener(\"DOMContentLoaded\",function(){for(var e,t,s=l.querySelectorAll(\"iframe.wp-embedded-content\"),r=0;r<s.length;r++)(t=(e=s[r]).getAttribute(\"data-secret\"))||(t=Math.random().toString(36).substring(2,12),e.src+=\"#?secret=\"+t,e.setAttribute(\"data-secret\",t)),e.contentWindow.postMessage({message:\"ready\",secret:t},\"*\")},!1)))}(window,document);\n\/\/# sourceURL=https:\/\/blogg.svenskakyrkan.se\/vandravagen\/wp-includes\/js\/wp-embed.min.js\n\/* ]]> *\/\n<\/script>\n","description":"Julfirandet forts\u00e4tter. Hoppas du tyckte om hymnen p\u00e5 juldagen. H\u00e4r \u00e4r en annan, en fantastisk traditionell ortodox julhymn. N\u00e5got att lyssna p\u00e5 n\u00e4r det stillnar omkring till aftonen. Bildspelet \u00e4r s\u00e5d\u00e4r ibland men musiken \u00e4r mycket gripande tycker jag. Vad tycker du? \u00c4r det f\u00f6r ovant f\u00f6r att man ska kunna ta till sig musiken [&hellip;]"}

Vandra Vägen

Ortodox jul! - Vandra Vägen

<blockquote class="wp-embedded-content" data-secret="crI3Ac4zBm"><a href="https://blogg.svenskakyrkan.se/vandravagen/2012/12/26/ortodox-jul/">Ortodox jul!</a></blockquote><iframe sandbox="allow-scripts" security="restricted" src="https://blogg.svenskakyrkan.se/vandravagen/2012/12/26/ortodox-jul/embed/#?secret=crI3Ac4zBm" width="600" height="338" title="”Ortodox jul!” &ndash; Vandra Vägen" data-secret="crI3Ac4zBm" frameborder="0" marginwidth="0" marginheight="0" scrolling="no" class="wp-embedded-content"></iframe><script type="text/javascript">
/* <![CDATA[ */
/*! This file is auto-generated */
!function(d,l){"use strict";l.querySelector&&d.addEventListener&&"undefined"!=typeof URL&&(d.wp=d.wp||{},d.wp.receiveEmbedMessage||(d.wp.receiveEmbedMessage=function(e){var t=e.data;if((t||t.secret||t.message||t.value)&&!/[^a-zA-Z0-9]/.test(t.secret)){for(var s,r,n,a=l.querySelectorAll('iframe[data-secret="'+t.secret+'"]'),o=l.querySelectorAll('blockquote[data-secret="'+t.secret+'"]'),c=new RegExp("^https?:$","i"),i=0;i<o.length;i++)o[i].style.display="none";for(i=0;i<a.length;i++)s=a[i],e.source===s.contentWindow&&(s.removeAttribute("style"),"height"===t.message?(1e3<(r=parseInt(t.value,10))?r=1e3:~~r<200&&(r=200),s.height=r):"link"===t.message&&(r=new URL(s.getAttribute("src")),n=new URL(t.value),c.test(n.protocol))&&n.host===r.host&&l.activeElement===s&&(d.top.location.href=t.value))}},d.addEventListener("message",d.wp.receiveEmbedMessage,!1),l.addEventListener("DOMContentLoaded",function(){for(var e,t,s=l.querySelectorAll("iframe.wp-embedded-content"),r=0;r<s.length;r++)(t=(e=s[r]).getAttribute("data-secret"))||(t=Math.random().toString(36).substring(2,12),e.src+="#?secret="+t,e.setAttribute("data-secret",t)),e.contentWindow.postMessage({message:"ready",secret:t},"*")},!1)))}(window,document);
//# sourceURL=https://blogg.svenskakyrkan.se/vandravagen/wp-includes/js/wp-embed.min.js
/* ]]> */
</script>

Julfirandet fortsätter. Hoppas du tyckte om hymnen på juldagen. Här är en annan, en fantastisk traditionell ortodox julhymn. Något att lyssna på när det stillnar omkring till aftonen. Bildspelet är sådär ibland men musiken är mycket gripande tycker jag. Vad tycker du? Är det för ovant för att man ska kunna ta till sig musiken [&hellip;]
