{"version":"1.0","provider_name":"Vandra V\u00e4gen","provider_url":"https:\/\/blogg.svenskakyrkan.se\/vandravagen","author_name":"Tomas Jarvid","author_url":"https:\/\/blogg.svenskakyrkan.se\/vandravagen\/author\/vandravagen\/","title":"Andlig klarsyn, vad \u00e4r det? - Vandra V\u00e4gen","type":"rich","width":600,"height":338,"html":"<blockquote class=\"wp-embedded-content\" data-secret=\"a2rbM08dY5\"><a href=\"https:\/\/blogg.svenskakyrkan.se\/vandravagen\/2013\/07\/21\/andlig-klarsyn-vad-ar-det\/\">Andlig klarsyn, vad \u00e4r det?<\/a><\/blockquote><iframe sandbox=\"allow-scripts\" security=\"restricted\" src=\"https:\/\/blogg.svenskakyrkan.se\/vandravagen\/2013\/07\/21\/andlig-klarsyn-vad-ar-det\/embed\/#?secret=a2rbM08dY5\" width=\"600\" height=\"338\" title=\"\u201dAndlig klarsyn, vad \u00e4r det?\u201d &ndash; Vandra V\u00e4gen\" data-secret=\"a2rbM08dY5\" frameborder=\"0\" marginwidth=\"0\" marginheight=\"0\" scrolling=\"no\" class=\"wp-embedded-content\"><\/iframe><script type=\"text\/javascript\">\n\/* <![CDATA[ *\/\n\/*! This file is auto-generated *\/\n!function(d,l){\"use strict\";l.querySelector&&d.addEventListener&&\"undefined\"!=typeof URL&&(d.wp=d.wp||{},d.wp.receiveEmbedMessage||(d.wp.receiveEmbedMessage=function(e){var t=e.data;if((t||t.secret||t.message||t.value)&&!\/[^a-zA-Z0-9]\/.test(t.secret)){for(var s,r,n,a=l.querySelectorAll('iframe[data-secret=\"'+t.secret+'\"]'),o=l.querySelectorAll('blockquote[data-secret=\"'+t.secret+'\"]'),c=new RegExp(\"^https?:$\",\"i\"),i=0;i<o.length;i++)o[i].style.display=\"none\";for(i=0;i<a.length;i++)s=a[i],e.source===s.contentWindow&&(s.removeAttribute(\"style\"),\"height\"===t.message?(1e3<(r=parseInt(t.value,10))?r=1e3:~~r<200&&(r=200),s.height=r):\"link\"===t.message&&(r=new URL(s.getAttribute(\"src\")),n=new URL(t.value),c.test(n.protocol))&&n.host===r.host&&l.activeElement===s&&(d.top.location.href=t.value))}},d.addEventListener(\"message\",d.wp.receiveEmbedMessage,!1),l.addEventListener(\"DOMContentLoaded\",function(){for(var e,t,s=l.querySelectorAll(\"iframe.wp-embedded-content\"),r=0;r<s.length;r++)(t=(e=s[r]).getAttribute(\"data-secret\"))||(t=Math.random().toString(36).substring(2,12),e.src+=\"#?secret=\"+t,e.setAttribute(\"data-secret\",t)),e.contentWindow.postMessage({message:\"ready\",secret:t},\"*\")},!1)))}(window,document);\n\/\/# sourceURL=https:\/\/blogg.svenskakyrkan.se\/vandravagen\/wp-includes\/js\/wp-embed.min.js\n\/* ]]> *\/\n<\/script>\n","description":"Kyrko\u00e5rets teman \u00e4r ofta v\u00e4ldigt vackra men kanske en aning sv\u00e5rtolkade. Idag, \u00e5ttonde s\u00f6ndagen efter trefaldighet, \u00e4r temat &#8221;andlig klarsyn&#8221; och det l\u00e5ter ju bra, men vad \u00e4r det? Texterna handlar om att bygga hus. Evangeliet inneh\u00e5ller Jesu k\u00e4nda liknelse om mannen som byggde sitt hus p\u00e5 sand och mannen som byggde sitt hus p\u00e5 [&hellip;]"}

Vandra Vägen

Andlig klarsyn, vad är det? - Vandra Vägen

<blockquote class="wp-embedded-content" data-secret="a2rbM08dY5"><a href="https://blogg.svenskakyrkan.se/vandravagen/2013/07/21/andlig-klarsyn-vad-ar-det/">Andlig klarsyn, vad är det?</a></blockquote><iframe sandbox="allow-scripts" security="restricted" src="https://blogg.svenskakyrkan.se/vandravagen/2013/07/21/andlig-klarsyn-vad-ar-det/embed/#?secret=a2rbM08dY5" width="600" height="338" title="”Andlig klarsyn, vad är det?” &ndash; Vandra Vägen" data-secret="a2rbM08dY5" frameborder="0" marginwidth="0" marginheight="0" scrolling="no" class="wp-embedded-content"></iframe><script type="text/javascript">
/* <![CDATA[ */
/*! This file is auto-generated */
!function(d,l){"use strict";l.querySelector&&d.addEventListener&&"undefined"!=typeof URL&&(d.wp=d.wp||{},d.wp.receiveEmbedMessage||(d.wp.receiveEmbedMessage=function(e){var t=e.data;if((t||t.secret||t.message||t.value)&&!/[^a-zA-Z0-9]/.test(t.secret)){for(var s,r,n,a=l.querySelectorAll('iframe[data-secret="'+t.secret+'"]'),o=l.querySelectorAll('blockquote[data-secret="'+t.secret+'"]'),c=new RegExp("^https?:$","i"),i=0;i<o.length;i++)o[i].style.display="none";for(i=0;i<a.length;i++)s=a[i],e.source===s.contentWindow&&(s.removeAttribute("style"),"height"===t.message?(1e3<(r=parseInt(t.value,10))?r=1e3:~~r<200&&(r=200),s.height=r):"link"===t.message&&(r=new URL(s.getAttribute("src")),n=new URL(t.value),c.test(n.protocol))&&n.host===r.host&&l.activeElement===s&&(d.top.location.href=t.value))}},d.addEventListener("message",d.wp.receiveEmbedMessage,!1),l.addEventListener("DOMContentLoaded",function(){for(var e,t,s=l.querySelectorAll("iframe.wp-embedded-content"),r=0;r<s.length;r++)(t=(e=s[r]).getAttribute("data-secret"))||(t=Math.random().toString(36).substring(2,12),e.src+="#?secret="+t,e.setAttribute("data-secret",t)),e.contentWindow.postMessage({message:"ready",secret:t},"*")},!1)))}(window,document);
//# sourceURL=https://blogg.svenskakyrkan.se/vandravagen/wp-includes/js/wp-embed.min.js
/* ]]> */
</script>

Kyrkoårets teman är ofta väldigt vackra men kanske en aning svårtolkade. Idag, åttonde söndagen efter trefaldighet, är temat &#8221;andlig klarsyn&#8221; och det låter ju bra, men vad är det? Texterna handlar om att bygga hus. Evangeliet innehåller Jesu kända liknelse om mannen som byggde sitt hus på sand och mannen som byggde sitt hus på [&hellip;]
