{"version":"1.0","provider_name":"Vandra V\u00e4gen","provider_url":"https:\/\/blogg.svenskakyrkan.se\/vandravagen","author_name":"Tomas Jarvid","author_url":"https:\/\/blogg.svenskakyrkan.se\/vandravagen\/author\/vandravagen\/","title":"&quot;Jesus \u00e4r p\u00e5 min sida&quot;, ett minibibelstudium - Vandra V\u00e4gen","type":"rich","width":600,"height":338,"html":"<blockquote class=\"wp-embedded-content\" data-secret=\"dlfmpRciX5\"><a href=\"https:\/\/blogg.svenskakyrkan.se\/vandravagen\/2013\/09\/19\/jesus-ar-pa-min-sida-ett-minibibelstudium\/\">&quot;Jesus \u00e4r p\u00e5 min sida&quot;, ett minibibelstudium<\/a><\/blockquote><iframe sandbox=\"allow-scripts\" security=\"restricted\" src=\"https:\/\/blogg.svenskakyrkan.se\/vandravagen\/2013\/09\/19\/jesus-ar-pa-min-sida-ett-minibibelstudium\/embed\/#?secret=dlfmpRciX5\" width=\"600\" height=\"338\" title=\"\u201d&quot;Jesus \u00e4r p\u00e5 min sida&quot;, ett minibibelstudium\u201d &ndash; Vandra V\u00e4gen\" data-secret=\"dlfmpRciX5\" frameborder=\"0\" marginwidth=\"0\" marginheight=\"0\" scrolling=\"no\" class=\"wp-embedded-content\"><\/iframe><script type=\"text\/javascript\">\n\/* <![CDATA[ *\/\n\/*! This file is auto-generated *\/\n!function(d,l){\"use strict\";l.querySelector&&d.addEventListener&&\"undefined\"!=typeof URL&&(d.wp=d.wp||{},d.wp.receiveEmbedMessage||(d.wp.receiveEmbedMessage=function(e){var t=e.data;if((t||t.secret||t.message||t.value)&&!\/[^a-zA-Z0-9]\/.test(t.secret)){for(var s,r,n,a=l.querySelectorAll('iframe[data-secret=\"'+t.secret+'\"]'),o=l.querySelectorAll('blockquote[data-secret=\"'+t.secret+'\"]'),c=new RegExp(\"^https?:$\",\"i\"),i=0;i<o.length;i++)o[i].style.display=\"none\";for(i=0;i<a.length;i++)s=a[i],e.source===s.contentWindow&&(s.removeAttribute(\"style\"),\"height\"===t.message?(1e3<(r=parseInt(t.value,10))?r=1e3:~~r<200&&(r=200),s.height=r):\"link\"===t.message&&(r=new URL(s.getAttribute(\"src\")),n=new URL(t.value),c.test(n.protocol))&&n.host===r.host&&l.activeElement===s&&(d.top.location.href=t.value))}},d.addEventListener(\"message\",d.wp.receiveEmbedMessage,!1),l.addEventListener(\"DOMContentLoaded\",function(){for(var e,t,s=l.querySelectorAll(\"iframe.wp-embedded-content\"),r=0;r<s.length;r++)(t=(e=s[r]).getAttribute(\"data-secret\"))||(t=Math.random().toString(36).substring(2,12),e.src+=\"#?secret=\"+t,e.setAttribute(\"data-secret\",t)),e.contentWindow.postMessage({message:\"ready\",secret:t},\"*\")},!1)))}(window,document);\n\/\/# sourceURL=https:\/\/blogg.svenskakyrkan.se\/vandravagen\/wp-includes\/js\/wp-embed.min.js\n\/* ]]> *\/\n<\/script>\n","description":"Theodor Rosevelt ridande p\u00e5 simmande \u00e4lg. \u00c4lskar mest \u00e4ventyret? Nu, den 17e s\u00f6ndagen efter trefaldighet ing\u00e5r de h\u00e4r korta verserna fr\u00e5n lukasevangeliet i evangeliel\u00e4sningen: Luk 12:13 N\u00e5gon i hopen sade till honom: &#8221;M\u00e4stare, s\u00e4g \u00e5t min bror att dela arvet med mig.&#8221; 14Han svarade: &#8221;Vem har satt mig till att d\u00f6ma eller skifta mellan er?&#8221; [&hellip;]","thumbnail_url":"http:\/\/3.bp.blogspot.com\/-7sU2CY-j9sg\/UjqMFH7574I\/AAAAAAAAFYw\/BW3OYpw-xFA\/s640\/IMG_3986.JPG"}

Vandra Vägen

&quot;Jesus är på min sida&quot;, ett minibibelstudium - Vandra Vägen

<blockquote class="wp-embedded-content" data-secret="dlfmpRciX5"><a href="https://blogg.svenskakyrkan.se/vandravagen/2013/09/19/jesus-ar-pa-min-sida-ett-minibibelstudium/">&quot;Jesus är på min sida&quot;, ett minibibelstudium</a></blockquote><iframe sandbox="allow-scripts" security="restricted" src="https://blogg.svenskakyrkan.se/vandravagen/2013/09/19/jesus-ar-pa-min-sida-ett-minibibelstudium/embed/#?secret=dlfmpRciX5" width="600" height="338" title="”&quot;Jesus är på min sida&quot;, ett minibibelstudium” &ndash; Vandra Vägen" data-secret="dlfmpRciX5" frameborder="0" marginwidth="0" marginheight="0" scrolling="no" class="wp-embedded-content"></iframe><script type="text/javascript">
/* <![CDATA[ */
/*! This file is auto-generated */
!function(d,l){"use strict";l.querySelector&&d.addEventListener&&"undefined"!=typeof URL&&(d.wp=d.wp||{},d.wp.receiveEmbedMessage||(d.wp.receiveEmbedMessage=function(e){var t=e.data;if((t||t.secret||t.message||t.value)&&!/[^a-zA-Z0-9]/.test(t.secret)){for(var s,r,n,a=l.querySelectorAll('iframe[data-secret="'+t.secret+'"]'),o=l.querySelectorAll('blockquote[data-secret="'+t.secret+'"]'),c=new RegExp("^https?:$","i"),i=0;i<o.length;i++)o[i].style.display="none";for(i=0;i<a.length;i++)s=a[i],e.source===s.contentWindow&&(s.removeAttribute("style"),"height"===t.message?(1e3<(r=parseInt(t.value,10))?r=1e3:~~r<200&&(r=200),s.height=r):"link"===t.message&&(r=new URL(s.getAttribute("src")),n=new URL(t.value),c.test(n.protocol))&&n.host===r.host&&l.activeElement===s&&(d.top.location.href=t.value))}},d.addEventListener("message",d.wp.receiveEmbedMessage,!1),l.addEventListener("DOMContentLoaded",function(){for(var e,t,s=l.querySelectorAll("iframe.wp-embedded-content"),r=0;r<s.length;r++)(t=(e=s[r]).getAttribute("data-secret"))||(t=Math.random().toString(36).substring(2,12),e.src+="#?secret="+t,e.setAttribute("data-secret",t)),e.contentWindow.postMessage({message:"ready",secret:t},"*")},!1)))}(window,document);
//# sourceURL=https://blogg.svenskakyrkan.se/vandravagen/wp-includes/js/wp-embed.min.js
/* ]]> */
</script>

Theodor Rosevelt ridande på simmande älg. Älskar mest äventyret? Nu, den 17e söndagen efter trefaldighet ingår de här korta verserna från lukasevangeliet i evangelieläsningen: Luk 12:13 Någon i hopen sade till honom: &#8221;Mästare, säg åt min bror att dela arvet med mig.&#8221; 14Han svarade: &#8221;Vem har satt mig till att döma eller skifta mellan er?&#8221; [&hellip;]
