{"version":"1.0","provider_name":"Vandra V\u00e4gen","provider_url":"https:\/\/blogg.svenskakyrkan.se\/vandravagen","author_name":"Tomas Jarvid","author_url":"https:\/\/blogg.svenskakyrkan.se\/vandravagen\/author\/vandravagen\/","title":"Grejen med kristi himmelsf\u00e4rdsdag - Vandra V\u00e4gen","type":"rich","width":600,"height":338,"html":"<blockquote class=\"wp-embedded-content\" data-secret=\"UnmP210yKP\"><a href=\"https:\/\/blogg.svenskakyrkan.se\/vandravagen\/2015\/05\/14\/grejen-med-kristi-himmelsfardsdag\/\">Grejen med kristi himmelsf\u00e4rdsdag<\/a><\/blockquote><iframe sandbox=\"allow-scripts\" security=\"restricted\" src=\"https:\/\/blogg.svenskakyrkan.se\/vandravagen\/2015\/05\/14\/grejen-med-kristi-himmelsfardsdag\/embed\/#?secret=UnmP210yKP\" width=\"600\" height=\"338\" title=\"\u201dGrejen med kristi himmelsf\u00e4rdsdag\u201d &ndash; Vandra V\u00e4gen\" data-secret=\"UnmP210yKP\" frameborder=\"0\" marginwidth=\"0\" marginheight=\"0\" scrolling=\"no\" class=\"wp-embedded-content\"><\/iframe><script type=\"text\/javascript\">\n\/* <![CDATA[ *\/\n\/*! This file is auto-generated *\/\n!function(d,l){\"use strict\";l.querySelector&&d.addEventListener&&\"undefined\"!=typeof URL&&(d.wp=d.wp||{},d.wp.receiveEmbedMessage||(d.wp.receiveEmbedMessage=function(e){var t=e.data;if((t||t.secret||t.message||t.value)&&!\/[^a-zA-Z0-9]\/.test(t.secret)){for(var s,r,n,a=l.querySelectorAll('iframe[data-secret=\"'+t.secret+'\"]'),o=l.querySelectorAll('blockquote[data-secret=\"'+t.secret+'\"]'),c=new RegExp(\"^https?:$\",\"i\"),i=0;i<o.length;i++)o[i].style.display=\"none\";for(i=0;i<a.length;i++)s=a[i],e.source===s.contentWindow&&(s.removeAttribute(\"style\"),\"height\"===t.message?(1e3<(r=parseInt(t.value,10))?r=1e3:~~r<200&&(r=200),s.height=r):\"link\"===t.message&&(r=new URL(s.getAttribute(\"src\")),n=new URL(t.value),c.test(n.protocol))&&n.host===r.host&&l.activeElement===s&&(d.top.location.href=t.value))}},d.addEventListener(\"message\",d.wp.receiveEmbedMessage,!1),l.addEventListener(\"DOMContentLoaded\",function(){for(var e,t,s=l.querySelectorAll(\"iframe.wp-embedded-content\"),r=0;r<s.length;r++)(t=(e=s[r]).getAttribute(\"data-secret\"))||(t=Math.random().toString(36).substring(2,12),e.src+=\"#?secret=\"+t,e.setAttribute(\"data-secret\",t)),e.contentWindow.postMessage({message:\"ready\",secret:t},\"*\")},!1)))}(window,document);\n\/\/# sourceURL=https:\/\/blogg.svenskakyrkan.se\/vandravagen\/wp-includes\/js\/wp-embed.min.js\n\/* ]]> *\/\n<\/script>\n","description":"Idag \u00e4r det kristi himmelsf\u00e4rdsdag. En dag som har ganska diffus inneb\u00f6rd f\u00f6r de flesta. Det \u00e4r v\u00e4l d\u00e4rf\u00f6r den kallas f\u00f6r kristi flygare och annat konstigt. Vad \u00e4r po\u00e4ngen med att Jesus far upp till himlen? Det ska jag tala om i m\u00e4ssan i Sk\u00e4lvum 10 och p\u00e5 pilgrimsvandringen som man g\u00e4rna f\u00e5r h\u00e4nga [&hellip;]","thumbnail_url":"http:\/\/blogg.svenskakyrkan.se\/vandravagen\/files\/2015\/05\/IMG_6044.jpg"}

Vandra Vägen

Grejen med kristi himmelsfärdsdag - Vandra Vägen

<blockquote class="wp-embedded-content" data-secret="UnmP210yKP"><a href="https://blogg.svenskakyrkan.se/vandravagen/2015/05/14/grejen-med-kristi-himmelsfardsdag/">Grejen med kristi himmelsfärdsdag</a></blockquote><iframe sandbox="allow-scripts" security="restricted" src="https://blogg.svenskakyrkan.se/vandravagen/2015/05/14/grejen-med-kristi-himmelsfardsdag/embed/#?secret=UnmP210yKP" width="600" height="338" title="”Grejen med kristi himmelsfärdsdag” &ndash; Vandra Vägen" data-secret="UnmP210yKP" frameborder="0" marginwidth="0" marginheight="0" scrolling="no" class="wp-embedded-content"></iframe><script type="text/javascript">
/* <![CDATA[ */
/*! This file is auto-generated */
!function(d,l){"use strict";l.querySelector&&d.addEventListener&&"undefined"!=typeof URL&&(d.wp=d.wp||{},d.wp.receiveEmbedMessage||(d.wp.receiveEmbedMessage=function(e){var t=e.data;if((t||t.secret||t.message||t.value)&&!/[^a-zA-Z0-9]/.test(t.secret)){for(var s,r,n,a=l.querySelectorAll('iframe[data-secret="'+t.secret+'"]'),o=l.querySelectorAll('blockquote[data-secret="'+t.secret+'"]'),c=new RegExp("^https?:$","i"),i=0;i<o.length;i++)o[i].style.display="none";for(i=0;i<a.length;i++)s=a[i],e.source===s.contentWindow&&(s.removeAttribute("style"),"height"===t.message?(1e3<(r=parseInt(t.value,10))?r=1e3:~~r<200&&(r=200),s.height=r):"link"===t.message&&(r=new URL(s.getAttribute("src")),n=new URL(t.value),c.test(n.protocol))&&n.host===r.host&&l.activeElement===s&&(d.top.location.href=t.value))}},d.addEventListener("message",d.wp.receiveEmbedMessage,!1),l.addEventListener("DOMContentLoaded",function(){for(var e,t,s=l.querySelectorAll("iframe.wp-embedded-content"),r=0;r<s.length;r++)(t=(e=s[r]).getAttribute("data-secret"))||(t=Math.random().toString(36).substring(2,12),e.src+="#?secret="+t,e.setAttribute("data-secret",t)),e.contentWindow.postMessage({message:"ready",secret:t},"*")},!1)))}(window,document);
//# sourceURL=https://blogg.svenskakyrkan.se/vandravagen/wp-includes/js/wp-embed.min.js
/* ]]> */
</script>

Idag är det kristi himmelsfärdsdag. En dag som har ganska diffus innebörd för de flesta. Det är väl därför den kallas för kristi flygare och annat konstigt. Vad är poängen med att Jesus far upp till himlen? Det ska jag tala om i mässan i Skälvum 10 och på pilgrimsvandringen som man gärna får hänga [&hellip;]
