{"version":"1.0","provider_name":"Vandra V\u00e4gen","provider_url":"https:\/\/blogg.svenskakyrkan.se\/vandravagen","author_name":"Tomas Jarvid","author_url":"https:\/\/blogg.svenskakyrkan.se\/vandravagen\/author\/vandravagen\/","title":"Den \u00e4ldsta bevarade urkristna predikan - Vandra V\u00e4gen","type":"rich","width":600,"height":338,"html":"<blockquote class=\"wp-embedded-content\" data-secret=\"4UOuMkZI8q\"><a href=\"https:\/\/blogg.svenskakyrkan.se\/vandravagen\/2023\/01\/20\/den-aldsta-bevarade-urkristna-predikan\/\">Den \u00e4ldsta bevarade urkristna predikan<\/a><\/blockquote><iframe sandbox=\"allow-scripts\" security=\"restricted\" src=\"https:\/\/blogg.svenskakyrkan.se\/vandravagen\/2023\/01\/20\/den-aldsta-bevarade-urkristna-predikan\/embed\/#?secret=4UOuMkZI8q\" width=\"600\" height=\"338\" title=\"\u201dDen \u00e4ldsta bevarade urkristna predikan\u201d &ndash; Vandra V\u00e4gen\" data-secret=\"4UOuMkZI8q\" frameborder=\"0\" marginwidth=\"0\" marginheight=\"0\" scrolling=\"no\" class=\"wp-embedded-content\"><\/iframe><script type=\"text\/javascript\">\n\/* <![CDATA[ *\/\n\/*! This file is auto-generated *\/\n!function(d,l){\"use strict\";l.querySelector&&d.addEventListener&&\"undefined\"!=typeof URL&&(d.wp=d.wp||{},d.wp.receiveEmbedMessage||(d.wp.receiveEmbedMessage=function(e){var t=e.data;if((t||t.secret||t.message||t.value)&&!\/[^a-zA-Z0-9]\/.test(t.secret)){for(var s,r,n,a=l.querySelectorAll('iframe[data-secret=\"'+t.secret+'\"]'),o=l.querySelectorAll('blockquote[data-secret=\"'+t.secret+'\"]'),c=new RegExp(\"^https?:$\",\"i\"),i=0;i<o.length;i++)o[i].style.display=\"none\";for(i=0;i<a.length;i++)s=a[i],e.source===s.contentWindow&&(s.removeAttribute(\"style\"),\"height\"===t.message?(1e3<(r=parseInt(t.value,10))?r=1e3:~~r<200&&(r=200),s.height=r):\"link\"===t.message&&(r=new URL(s.getAttribute(\"src\")),n=new URL(t.value),c.test(n.protocol))&&n.host===r.host&&l.activeElement===s&&(d.top.location.href=t.value))}},d.addEventListener(\"message\",d.wp.receiveEmbedMessage,!1),l.addEventListener(\"DOMContentLoaded\",function(){for(var e,t,s=l.querySelectorAll(\"iframe.wp-embedded-content\"),r=0;r<s.length;r++)(t=(e=s[r]).getAttribute(\"data-secret\"))||(t=Math.random().toString(36).substring(2,12),e.src+=\"#?secret=\"+t,e.setAttribute(\"data-secret\",t)),e.contentWindow.postMessage({message:\"ready\",secret:t},\"*\")},!1)))}(window,document);\n\/\/# sourceURL=https:\/\/blogg.svenskakyrkan.se\/vandravagen\/wp-includes\/js\/wp-embed.min.js\n\/* ]]> *\/\n<\/script>\n","thumbnail_url":"https:\/\/blogg.svenskakyrkan.se\/vandravagen\/files\/2023\/01\/IMG_1972-scaled.jpg","thumbnail_width":2560,"thumbnail_height":1920,"description":"Andra Clemensbrevet F\u00f6rra g\u00e5ngen i den h\u00e4r om\u00e5ttligt popul\u00e4ra serien om de apostoliska f\u00e4dernas skrifter tittade vi p\u00e5 en ny sorts text, skildringen av ett martyrium. Idag har vi ett brev som egentligen inte \u00e4r ett brev utan den \u00e4ldsta bevarade kristna predikan (homilia). F\u00f6rfattare \u00e4r Clemens av Rom, en ansedd ledare i fornkyrkan. Den [&hellip;]"}

Vandra Vägen

Den äldsta bevarade urkristna predikan - Vandra Vägen

<blockquote class="wp-embedded-content" data-secret="4UOuMkZI8q"><a href="https://blogg.svenskakyrkan.se/vandravagen/2023/01/20/den-aldsta-bevarade-urkristna-predikan/">Den äldsta bevarade urkristna predikan</a></blockquote><iframe sandbox="allow-scripts" security="restricted" src="https://blogg.svenskakyrkan.se/vandravagen/2023/01/20/den-aldsta-bevarade-urkristna-predikan/embed/#?secret=4UOuMkZI8q" width="600" height="338" title="”Den äldsta bevarade urkristna predikan” &ndash; Vandra Vägen" data-secret="4UOuMkZI8q" frameborder="0" marginwidth="0" marginheight="0" scrolling="no" class="wp-embedded-content"></iframe><script type="text/javascript">
/* <![CDATA[ */
/*! This file is auto-generated */
!function(d,l){"use strict";l.querySelector&&d.addEventListener&&"undefined"!=typeof URL&&(d.wp=d.wp||{},d.wp.receiveEmbedMessage||(d.wp.receiveEmbedMessage=function(e){var t=e.data;if((t||t.secret||t.message||t.value)&&!/[^a-zA-Z0-9]/.test(t.secret)){for(var s,r,n,a=l.querySelectorAll('iframe[data-secret="'+t.secret+'"]'),o=l.querySelectorAll('blockquote[data-secret="'+t.secret+'"]'),c=new RegExp("^https?:$","i"),i=0;i<o.length;i++)o[i].style.display="none";for(i=0;i<a.length;i++)s=a[i],e.source===s.contentWindow&&(s.removeAttribute("style"),"height"===t.message?(1e3<(r=parseInt(t.value,10))?r=1e3:~~r<200&&(r=200),s.height=r):"link"===t.message&&(r=new URL(s.getAttribute("src")),n=new URL(t.value),c.test(n.protocol))&&n.host===r.host&&l.activeElement===s&&(d.top.location.href=t.value))}},d.addEventListener("message",d.wp.receiveEmbedMessage,!1),l.addEventListener("DOMContentLoaded",function(){for(var e,t,s=l.querySelectorAll("iframe.wp-embedded-content"),r=0;r<s.length;r++)(t=(e=s[r]).getAttribute("data-secret"))||(t=Math.random().toString(36).substring(2,12),e.src+="#?secret="+t,e.setAttribute("data-secret",t)),e.contentWindow.postMessage({message:"ready",secret:t},"*")},!1)))}(window,document);
//# sourceURL=https://blogg.svenskakyrkan.se/vandravagen/wp-includes/js/wp-embed.min.js
/* ]]> */
</script>

Andra Clemensbrevet Förra gången i den här omåttligt populära serien om de apostoliska fädernas skrifter tittade vi på en ny sorts text, skildringen av ett martyrium. Idag har vi ett brev som egentligen inte är ett brev utan den äldsta bevarade kristna predikan (homilia). Författare är Clemens av Rom, en ansedd ledare i fornkyrkan. Den [&hellip;]
